000
CXUS53 KDDC 311200
CF6P28
PRELIMINARY LOCAL CLIMATOLOGICAL DATA (WS FORM: F-6)

                                          STATION:   MEDICINE LODGE KS
                                          MONTH:     MAY
                                          YEAR:      2016
                                          LATITUDE:   37 17 N
                                          LONGITUDE:  98 35 W

  TEMPERATURE IN F:       :PCPN:    SNOW:  WIND      :SUNSHINE: SKY     :PK WND
================================================================================
1   2   3   4   5  6A  6B    7    8   9   10  11  12  13   14  15   16   17  18
                                     12Z  AVG MX 2MIN
DY MAX MIN AVG DEP HDD CDD  WTR  SNW DPTH SPD SPD DIR MIN PSBL S-S WX    SPD DR
================================================================================

 1  53  41  47 -15  18   0 0.00  0.0    0 11.4 23 340   M    M   0        30 330
 2  66  45  56  -6   9   0 0.00  0.0    0  7.9 15 340   M    M   0        20  10
 3  75  37  56  -6   9   0 0.00  0.0    0  3.7 13 170   M    M   0        17 220
 4  78  44  61  -2   4   0 0.00  0.0    0  7.8 22  10   M    M   0        30  30
 5  82  42  62  -1   3   0 0.00  0.0    0  4.5 10 180   M    M   0        15  80
 6  85  47  66   3   0   1 0.00  0.0    0  9.0 22 180   M    M   0        29 180
 7  81  55  68   4   0   3 0.00  0.0    0 10.7 23 180   M    M   0        30 180
 8  78  56  67   3   0   2 0.07  0.0    0 10.3 22 140   M    M   0        33 140
 9  80  52  66   1   0   1 0.19  0.0    0  9.1 23  80   M    M   0        29  90
10  87  46  67   2   0   2 0.00  0.0    0  5.7 16 170   M    M   0        21 120
11  77  56  67   2   0   2 0.00  0.0    0 12.7 29  10   M    M   0        35  10
12  78  49  64  -2   1   0 0.00  0.0    0  5.3 13  30   M    M   0        18  40
13  90  51  71   5   0   6 0.00  0.0    0 13.8 35  10   M    M   0        45 360
14  61  43  52 -14  13   0 0.00  0.0    0  9.8 21  10   M    M   0        26  30
15  65  50  58  -9   7   0 0.13  0.0    0  6.0 18 180   M    M   0        24 180
16  63  51  57 -10   8   0 0.91  0.0    0  7.5 24  30   M    M   0        32  40
17  61  47  54 -13  11   0 0.08  0.0    0 12.4 35  70   M    M   0        46  80
18  69  42  56 -12   9   0 0.00  0.0    0  5.3 15  90   M    M   0        21  80
19  58  47  53 -15  12   0 0.20    M    0  5.3 14 220   M    M   0        18 270
20  66  54  60  -8   5   0 0.02  0.0    0  6.2 12 140   M    M   0        18 130
21  77  60  69   0   0   4 0.00  0.0    0 11.3 20 140   M    M   0        26 150
22  83  65  74   5   0   9 0.00    M    M 12.7 29 160   M    M   0        42 160
23  79  65  72   2   0   7 0.00  0.0    0 11.4 29 180   M    M   0        41 180
24  86  66  76   6   0  11 0.01  0.0    0 12.0 23 170   M    M   0        34 130
25  94  64  79   9   0  14 0.00  0.0    0 11.2 20  90   M    M   0        26 130
26  89  62  76   6   0  11 0.23  0.0    0 12.9 33 240   M    M   0        44 250
27  82  60  71   0   0   6 0.00  0.0    0  9.8 20 220   M    M   0        26 210
28  85  55  70  -1   0   5 0.00  0.0    0  7.0 18 270   M    M   0        23 280
29  84  57  71  -1   0   6 0.00  0.0    0  4.4 15 220   M    M   0        18 230
30  85  56  71  -1   0   6 0.00  0.0    0  7.6 15 140   M    M   0        23 140
================================================================================
SM 2297 1565       109  96  1.84     0.0 264.7          M        0
================================================================================
AV 76.6 52.2                               8.8 FASTST   M    M   0    MAX(MPH)
                                 MISC ---->  # 35  10               # 46   80
================================================================================
NOTES:
# LAST OF SEVERAL OCCURRENCES

COLUMN 17 PEAK WIND IN M.P.H.

PRELIMINARY LOCAL CLIMATOLOGICAL DATA (WS FORM: F-6) , PAGE 2

                                          STATION:  MEDICINE LODGE KS
                                          MONTH:    MAY
                                          YEAR:     2016
                                          LATITUDE:   37 17 N
                                          LONGITUDE:  98 35 W

[TEMPERATURE DATA]      [PRECIPITATION DATA]       SYMBOLS USED IN COLUMN 16

AVERAGE MONTHLY: 64.4   TOTAL FOR MONTH:   1.84    1 = FOG OR MIST
DPTR FM NORMAL:  -2.5   DPTR FM NORMAL:   -1.32    2 = FOG REDUCING VISIBILITY
HIGHEST:    94 ON 25    GRTST 24HR  0.94 ON 16-17      TO 1/4 MILE OR LESS
LOWEST:     37 ON  3                               3 = THUNDER
                        SNOW, ICE PELLETS, HAIL    4 = ICE PELLETS
                        TOTAL MONTH:   0.0 INCH    5 = HAIL
                        GRTST 24HR     0.0         6 = FREEZING RAIN OR DRIZZLE
                        GRTST DEPTH:   0           7 = DUSTSTORM OR SANDSTORM:
                                                       VSBY 1/2 MILE OR LESS
                                                   8 = SMOKE OR HAZE
[NO. OF DAYS WITH]      [WEATHER - DAYS WITH]      9 = BLOWING SNOW
                                                   X = TORNADO
MAX 32 OR BELOW:   0    0.01 INCH OR MORE:   9
MAX 90 OR ABOVE:   2    0.10 INCH OR MORE:   5
MIN 32 OR BELOW:   0    0.50 INCH OR MORE:   1
MIN  0 OR BELOW:   0    1.00 INCH OR MORE:   0

[HDD (BASE 65) ]
TOTAL THIS MO.   109    CLEAR  (SCALE 0-3)  30
DPTR FM NORMAL    37    PTCLDY (SCALE 4-7)   0
TOTAL FM JUL 1  3601    CLOUDY (SCALE 8-10)  0
DPTR FM NORMAL  -856

[CDD (BASE 65) ]
TOTAL THIS MO.    96
DPTR FM NORMAL   -29    [PRESSURE DATA]
TOTAL FM JAN 1   132    HIGHEST SLP M ON M
DPTR FM NORMAL   -17    LOWEST  SLP 29.44 ON  9

[REMARKS]
