000
CXUS53 KDDC 011538
CF6P28
PRELIMINARY LOCAL CLIMATOLOGICAL DATA (WS FORM: F-6)
STATION: MEDICINE LODGE KS
MONTH: APRIL
YEAR: 2023
LATITUDE: 37 17 N
LONGITUDE: 98 35 W
TEMPERATURE IN F: :PCPN: SNOW: WIND :SUNSHINE: SKY :PK WND
================================================================================
1 2 3 4 5 6A 6B 7 8 9 10 11 12 13 14 15 16 17 18
12Z AVG MX 2MIN
DY MAX MIN AVG DEP HDD CDD WTR SNW DPTH SPD SPD DIR MIN PSBL S-S WX SPD DR
================================================================================
1 67 34 51 -2 14 0 0.00 0.0 0 10.3 22 330 M M 0 33 320
2 86 43 65 12 0 0 0.00 0.0 0 11.4 23 170 M M 0 31 180
3 85 47 66 12 0 1 0.00 0.0 0 7.5 15 120 M M 0 22 130
4 90 39 65 11 0 0 0.00 0.0 0 17.5 32 230 M M 0 49 210
5 57 29 43 -11 22 0 0.00 0.0 0 13.0 26 330 M M 0 38 340
6 62 28 45 -9 20 0 0.00 0.0 0 4.6 13 120 M M 0 19 110
7 68 28 48 -7 17 0 0.00 0.0 0 6.7 17 170 M M 0 25 160
8 73 32 53 -2 12 0 0.00 0.0 0 8.1 18 170 M M 0 29 130
9 75 41 58 3 7 0 0.00 0.0 0 7.6 18 170 M M 0 25 190
10 85 41 63 8 2 0 0.00 0.0 0 6.6 22 330 M M 0 31 340
11 80 51 66 10 0 1 0.00 0.0 0 10.9 24 180 M M 0 36 170
12 84 50 67 11 0 2 0.00 0.0 0 13.8 26 180 M M 0 40 180
13 84 48 66 10 0 1 0.00 0.0 0 12.5 24 170 M M 0 38 170
14 88 56 72 16 0 7 0.00 0.0 0 14.2 26 340 M M 0 38 350
15 56 34 45 -12 20 0 0.00 0.0 0 17.3 32 10 M M 0 44 360
16 69 32 51 -6 14 0 0.00 0.0 0 10.4 25 330 M M 0 39 320
17 84 31 58 1 7 0 0.00 0.0 0 10.4 28 190 M M 0 40 200
18 86 48 67 9 0 2 0.00 0.0 0 16.3 31 170 M M 0 48 170
19 91 61 76 18 0 11 0.00 0.0 0 15.0 31 180 M M 0 54 170
20 71 44 58 0 7 0 0.00 0.0 0 15.0 41 340 M M 0 64 340
21 68 43 56 -2 9 0 0.00 0.0 0 7.9 20 20 M M 0 26 290
22 54 30 42 -17 23 0 0.00 0.0 0 11.3 25 10 M M 0 37 10
23 64 28 46 -13 19 0 0.00 0.0 0 4.9 13 170 M M 0 18 170
24 62 37 50 -9 15 0 0.06 0.0 0 9.5 26 180 M M 0 39 180
25 49 46 48 -12 17 0 0.44 0.0 0 10.4 17 130 M M 0 30 110
26 52 48 50 -10 15 0 0.65 0.0 0 11.1 21 70 M M 0 30 70
27 62 47 55 -5 10 0 0.03 0.0 0 4.6 10 50 M M 0 18 10
28 56 40 48 -12 17 0 0.20 0.0 0 11.1 26 350 M M 0 39 340
29 81 35 58 -3 7 0 0.00 0.0 0 8.7 23 10 M M 0 32 360
30 70 42 56 -5 9 0 0.00 0.0 0 10.1 24 10 M M 0 37 350
================================================================================
SM 2159 1213 283 25 1.38 0.0 318.7 M 0
================================================================================
AV 72.0 40.4 10.6 FASTST M M 0 MAX(MPH)
MISC ----> 41 340 64 340
================================================================================
NOTES:
# LAST OF SEVERAL OCCURRENCES
COLUMN 17 PEAK WIND IN M.P.H.
PRELIMINARY LOCAL CLIMATOLOGICAL DATA (WS FORM: F-6) , PAGE 2
STATION: MEDICINE LODGE KS
MONTH: APRIL
YEAR: 2023
LATITUDE: 37 17 N
LONGITUDE: 98 35 W
[TEMPERATURE DATA] [PRECIPITATION DATA] SYMBOLS USED IN COLUMN 16
AVERAGE MONTHLY: 56.2 TOTAL FOR MONTH: 1.38 1 = FOG OR MIST
DPTR FM NORMAL: -0.7 DPTR FM NORMAL: -1.05 2 = FOG REDUCING VISIBILITY
HIGHEST: 91 ON 19 GRTST 24HR 0.68 ON 26-27 TO 1/4 MILE OR LESS
LOWEST: 28 ON 23, 7 3 = THUNDER
SNOW, ICE PELLETS, HAIL 4 = ICE PELLETS
TOTAL MONTH: 0.0 INCH 5 = HAIL
GRTST 24HR 0.0 6 = FREEZING RAIN OR DRIZZLE
GRTST DEPTH: 0 7 = DUSTSTORM OR SANDSTORM:
VSBY 1/2 MILE OR LESS
8 = SMOKE OR HAZE
[NO. OF DAYS WITH] [WEATHER - DAYS WITH] 9 = BLOWING SNOW
X = TORNADO
MAX 32 OR BELOW: 0 0.01 INCH OR MORE: 5
MAX 90 OR ABOVE: 2 0.10 INCH OR MORE: 3
MIN 32 OR BELOW: 8 0.50 INCH OR MORE: 1
MIN 0 OR BELOW: 0 1.00 INCH OR MORE: 0
[HDD (BASE 65) ]
TOTAL THIS MO. 283
DPTR FM NORMAL 12
TOTAL FM JUL 1 4159
DPTR FM NORMAL -144
[CDD (BASE 65) ]
TOTAL THIS MO. 25
DPTR FM NORMAL -3 [PRESSURE DATA]
TOTAL FM JAN 1 25 HIGHEST SLP 30.44 ON 6
DPTR FM NORMAL -7 LOWEST SLP 29.23 ON 4
[REMARKS]
#FINAL-04-23#