000
CXUS53 KDDC 011551
CF6P28
PRELIMINARY LOCAL CLIMATOLOGICAL DATA (WS FORM: F-6)
STATION: MEDICINE LODGE KS
MONTH: JANUARY
YEAR: 2023
LATITUDE: 37 17 N
LONGITUDE: 98 35 W
TEMPERATURE IN F: :PCPN: SNOW: WIND :SUNSHINE: SKY :PK WND
================================================================================
1 2 3 4 5 6A 6B 7 8 9 10 11 12 13 14 15 16 17 18
12Z AVG MX 2MIN
DY MAX MIN AVG DEP HDD CDD WTR SNW DPTH SPD SPD DIR MIN PSBL S-S WX SPD DR
================================================================================
1 56 27 42 9 23 0 0.00 0.0 0 5.1 14 340 M M 0 18 330
2 46 38 42 9 23 0 0.16 0.0 0 6.3 16 40 M M 0 21 30
3 44 30 37 4 28 0 0.00 0.0 0 11.8 24 320 M M 0 36 310
4 51 22 37 4 28 0 0.00 0.0 0 8.1 21 290 M M 0 30 270
5 52 25 39 6 26 0 0.00 0.0 0 5.8 15 300 M M 0 20 310
6 54 26 40 7 25 0 0.00 0.0 0 7.3 13 90 M M 0 20 150
7 50 25 38 4 27 0 0.00 0.0 0 8.7 17 340 M M 0 26 350
8 57 19 38 4 27 0 0.00 0.0 0 4.1 13 180 M M 0 17 170
9 62 29 46 12 19 0 0.00 0.0 0 5.9 14 340 M M 0 19 350
10 60 24 42 8 23 0 0.00 0.0 0 3.9 10 350 M M 0 13 200
11 51 29 40 6 25 0 0.00 0.0 0 9.0 33 350 M M 0 49 360
12 50 25 38 4 27 0 0.00 0.0 0 12.9 36 350 M M 0 49 350
13 48 19 34 0 31 0 0.00 0.0 0 4.8 9 120 M M 0 16 120
14 60 26 43 9 22 0 0.00 0.0 0 12.1 25 170 M M 0 38 170
15 66 39 53 19 12 0 0.00 0.0 0 12.4 25 180 M M 0 37 180
16 64 32 48 14 17 0 0.00 0.0 0 7.4 26 240 M M 0 37 250
17 58 28 43 9 22 0 0.00 0.0 0 5.9 14 90 M M 0 21 100
18 55 30 43 9 22 0 0.18 0.0 0 12.9 28 300 M M 0 38 290
19 51 27 39 5 26 0 0.00 0.0 0 11.7 25 330 M M 0 40 330
20 50 20 35 1 30 0 0.00 0.0 0 3.8 10 120 M M 0 14 120
21 42 32 37 3 28 0 0.31 0.0 0 9.7 18 360 M M 0 26 340
22 43 22 33 -1 32 0 0.00 0.0 0 7.5 15 340 M M 0 21 330
23 49 17 33 -1 32 0 0.00 0.0 0 2.6 12 250 M M 0 15 230
24 34 27 31 -4 34 0 0.23 T 0 3.4 15 330 M M 0 21 320
25 40 26 33 -2 32 0 0.05 0.5 1 10.5 23 340 M M 0 33 330
26 46 22 34 -1 31 0 0.00 0.0 0 6.0 18 350 M M 0 24 310
27 56 28 42 7 23 0 0.00 0.0 0 7.4 17 250 M M 0 27 250
28 55 20 38 3 27 0 0.00 0.0 0 12.5 32 10 M M 0 42 10
29 20 12 16 -19 49 0 0.00 0.0 0 17.2 30 10 M M 0 43 10
30 20 11 16 -19 49 0 0.00 0.0 0 12.6 20 360 M M 0 26 350
31 29 7 18 -17 47 0 0.00 0.0 0 3.0 13 10 M M 0 18 10
================================================================================
SM 1519 764 867 0 0.93 0.5 252.3 M 0
================================================================================
AV 49.0 24.6 8.1 FASTST M M 0 MAX(MPH)
MISC ----> 36 350 # 49 350
================================================================================
NOTES:
# LAST OF SEVERAL OCCURRENCES
COLUMN 17 PEAK WIND IN M.P.H.
PRELIMINARY LOCAL CLIMATOLOGICAL DATA (WS FORM: F-6) , PAGE 2
STATION: MEDICINE LODGE KS
MONTH: JANUARY
YEAR: 2023
LATITUDE: 37 17 N
LONGITUDE: 98 35 W
[TEMPERATURE DATA] [PRECIPITATION DATA] SYMBOLS USED IN COLUMN 16
AVERAGE MONTHLY: 36.8 TOTAL FOR MONTH: 0.93 1 = FOG OR MIST
DPTR FM NORMAL: 2.7 DPTR FM NORMAL: 0.13 2 = FOG REDUCING VISIBILITY
HIGHEST: 66 ON 15 GRTST 24HR 0.31 ON 21-21 TO 1/4 MILE OR LESS
LOWEST: 7 ON 31 3 = THUNDER
SNOW, ICE PELLETS, HAIL 4 = ICE PELLETS
TOTAL MONTH: 0.5 INCH 5 = HAIL
GRTST 24HR 0.5 ON 25-25 6 = FREEZING RAIN OR DRIZZLE
GRTST DEPTH: 1 ON 25 7 = DUSTSTORM OR SANDSTORM:
VSBY 1/2 MILE OR LESS
8 = SMOKE OR HAZE
[NO. OF DAYS WITH] [WEATHER - DAYS WITH] 9 = BLOWING SNOW
X = TORNADO
MAX 32 OR BELOW: 3 0.01 INCH OR MORE: 5
MAX 90 OR ABOVE: 0 0.10 INCH OR MORE: 4
MIN 32 OR BELOW: 29 0.50 INCH OR MORE: 0
MIN 0 OR BELOW: 0 1.00 INCH OR MORE: 0
[HDD (BASE 65) ]
TOTAL THIS MO. 867
DPTR FM NORMAL -91
TOTAL FM JUL 1 2650
DPTR FM NORMAL -81
[CDD (BASE 65) ]
TOTAL THIS MO. 0
DPTR FM NORMAL 0 [PRESSURE DATA]
TOTAL FM JAN 1 0 HIGHEST SLP 30.53 ON 30
DPTR FM NORMAL 0 LOWEST SLP 29.50 ON 18
[REMARKS]
#FINAL-01-23#