000
CXUS53 KDDC 011444
CF6P28
PRELIMINARY LOCAL CLIMATOLOGICAL DATA (WS FORM: F-6)
STATION: MEDICINE LODGE KS
MONTH: OCTOBER
YEAR: 2022
LATITUDE: 37 17 N
LONGITUDE: 98 35 W
TEMPERATURE IN F: :PCPN: SNOW: WIND :SUNSHINE: SKY :PK WND
================================================================================
1 2 3 4 5 6A 6B 7 8 9 10 11 12 13 14 15 16 17 18
12Z AVG MX 2MIN
DY MAX MIN AVG DEP HDD CDD WTR SNW DPTH SPD SPD DIR MIN PSBL S-S WX SPD DR
================================================================================
1 86 56 71 6 0 6 0.00 0.0 0 6.5 15 170 M M 0 25 120
2 85 47 66 1 0 1 0.00 0.0 0 5.5 12 140 M M 0 18 110
3 85 45 65 1 0 0 0.00 0.0 0 6.8 18 190 M M 0 26 210
4 86 44 65 1 0 0 0.00 0.0 0 5.7 18 170 M M 0 26 200
5 85 55 70 7 0 5 0.00 0.0 0 3.6 14 20 M M 0 19 10
6 87 46 67 4 0 2 0.00 0.0 0 6.2 18 40 M M 0 29 60
7 66 43 55 -7 10 0 0.00 0.0 0 12.8 22 20 M M 0 31 20
8 67 45 56 -6 9 0 0.00 0.0 0 3.3 10 290 M M 0 18 220
9 79 43 61 -1 4 0 0.00 0.0 0 3.0 14 220 M M 0 20 210
10 82 46 64 3 1 0 0.01 0.0 0 6.9 20 170 M M 0 28 180
11 85 59 72 11 0 7 0.00 0.0 0 14.2 29 190 M M 0 40 190
12 80 49 65 5 0 0 0.00 0.0 0 9.7 28 10 M M 0 38 10
13 75 40 58 -2 7 0 0.00 0.0 0 8.0 29 330 M M 0 44 340
14 89 37 63 4 2 0 0.00 0.0 0 7.6 21 250 M M 0 31 250
15 83 43 63 4 2 0 0.00 0.0 0 6.3 15 50 M M 0 25 30
16 70 47 59 1 6 0 0.00 0.0 0 8.5 18 10 M M 0 26 20
17 62 31 47 -11 18 0 0.00 0.0 0 8.5 20 20 M M 0 28 360
18 56 32 44 -14 21 0 0.00 0.0 0 7.1 16 10 M M 0 22 30
19 72 24 48 -9 17 0 0.00 0.0 0 6.4 14 200 M M 0 20 170
20 83 34 59 2 6 0 0.00 0.0 0 4.5 15 10 M M 0 22 330
21 92 42 67 11 0 2 0.00 0.0 0 7.6 22 190 M M 0 31 190
22 89 46 68 12 0 3 0.00 0.0 0 8.4 16 190 M M 0 27 230
23 86 65 76 21 0 11 0.00 0.0 0 18.9 36 180 M M 0 54 200
24 76 48 62 7 3 0 0.15 0.0 0 12.0 22 10 M M 0 33 10
25 71 42 57 3 8 0 0.00 0.0 0 9.4 21 310 M M 0 34 300
26 68 32 50 -4 15 0 0.00 0.0 0 7.3 20 170 M M 0 30 140
27 64 47 56 2 9 0 0.00 0.0 0 12.0 23 170 M M 0 39 170
28 67 43 55 2 10 0 0.00 0.0 0 6.9 20 10 M M 0 25 10
29 73 36 55 2 10 0 0.00 0.0 0 5.8 14 70 M M 0 20 60
30 68 41 55 3 10 0 0.00 0.0 0 4.6 12 20 M M 0 17 30
31 75 30 53 1 12 0 0.00 0.0 0 5.7 13 180 M M 0 18 180
================================================================================
SM 2392 1338 180 37 0.16 0.0 239.7 M 0
================================================================================
AV 77.2 43.2 7.7 FASTST M M 0 MAX(MPH)
MISC ----> 36 180 54 200
================================================================================
NOTES:
# LAST OF SEVERAL OCCURRENCES
COLUMN 17 PEAK WIND IN M.P.H.
PRELIMINARY LOCAL CLIMATOLOGICAL DATA (WS FORM: F-6) , PAGE 2
STATION: MEDICINE LODGE KS
MONTH: OCTOBER
YEAR: 2022
LATITUDE: 37 17 N
LONGITUDE: 98 35 W
[TEMPERATURE DATA] [PRECIPITATION DATA] SYMBOLS USED IN COLUMN 16
AVERAGE MONTHLY: 60.2 TOTAL FOR MONTH: 0.16 1 = FOG OR MIST
DPTR FM NORMAL: 1.7 DPTR FM NORMAL: -2.28 2 = FOG REDUCING VISIBILITY
HIGHEST: 92 ON 21 GRTST 24HR 0.15 ON 24-24 TO 1/4 MILE OR LESS
LOWEST: 24 ON 19 3 = THUNDER
SNOW, ICE PELLETS, HAIL 4 = ICE PELLETS
TOTAL MONTH: 0.0 INCH 5 = HAIL
GRTST 24HR 0.0 6 = FREEZING RAIN OR DRIZZLE
GRTST DEPTH: 0 7 = DUSTSTORM OR SANDSTORM:
VSBY 1/2 MILE OR LESS
8 = SMOKE OR HAZE
[NO. OF DAYS WITH] [WEATHER - DAYS WITH] 9 = BLOWING SNOW
X = TORNADO
MAX 32 OR BELOW: 0 0.01 INCH OR MORE: 2
MAX 90 OR ABOVE: 1 0.10 INCH OR MORE: 1
MIN 32 OR BELOW: 5 0.50 INCH OR MORE: 0
MIN 0 OR BELOW: 0 1.00 INCH OR MORE: 0
[HDD (BASE 65) ]
TOTAL THIS MO. 180
DPTR FM NORMAL -63
TOTAL FM JUL 1 189
DPTR FM NORMAL -85
[CDD (BASE 65) ]
TOTAL THIS MO. 37
DPTR FM NORMAL -5 [PRESSURE DATA]
TOTAL FM JAN 1 2201 HIGHEST SLP 30.51 ON 8
DPTR FM NORMAL 381 LOWEST SLP 29.39 ON 23
[REMARKS]
#FINAL-10-22#