000
CXUS53 KDDC 021523
CF6P28
PRELIMINARY LOCAL CLIMATOLOGICAL DATA (WS FORM: F-6)

                                          STATION:   MEDICINE LODGE KS
                                          MONTH:     SEPTEMBER
                                          YEAR:      2014
                                          LATITUDE:   37 17 N
                                          LONGITUDE:  98 35 W

  TEMPERATURE IN F:       :PCPN:    SNOW:  WIND      :SUNSHINE: SKY     :PK WND
================================================================================
1   2   3   4   5  6A  6B    7    8   9   10  11  12  13   14  15   16   17  18
                                     12Z  AVG MX 2MIN
DY MAX MIN AVG DEP HDD CDD  WTR  SNW DPTH SPD SPD DIR MIN PSBL S-S WX    SPD DR
================================================================================

 1  93  67  80   3   0  15 0.00  0.0    0 13.1 23  20   M    M   0        32  60
 2  84  66  75  -1   0  10 0.36  0.0    0  7.5 21  90   M    M   0        27  70
 3  98  70  84   8   0  19 0.00  0.0    0 13.8 26 180   M    M   0        35 180
 4  97  73  85   9   0  20 0.00  0.0    0 14.2 29 190   M    M   0        39 200
 5  82  58  70  -5   0   5 0.14  0.0    0 12.9 24  10   M    M   0        32  10
 6  79  58  69  -6   0   4 0.04  0.0    0  8.3 16  50   M    M   0        19  50
 7  80  51  66  -9   0   1 0.00  0.0    0  4.4 12 170   M    M   0        16 160
 8  92  59  76   2   0  11 0.00  0.0    0 11.1 23 200   M    M   0        32 220
 9  99  71  85  11   0  20 0.00  0.0    0 15.3 32 190   M    M   0        42 180
10  84  61  73  -1   0   8 0.00  0.0    0 13.7 29  10   M    M   0        37  10
11  75  57  66  -7   0   1 0.00  0.0    0 12.1 20  50   M    M   0        24  50
12  59  50  55 -18  10   0 0.00  0.0    0 15.4 26  20   M    M   0        33  10
13  66  46  56 -16   9   0 0.00  0.0    0  6.5 16 180   M    M   0        21 130
14  85  50  68  -4   0   3 0.00  0.0    0 12.5 25 180   M    M   0        33 180
15  83  65  74   2   0   9 0.00  0.0    0 11.2 22  20   M    M   0        26  20
16  81  62  72   1   0   7 0.00  0.0    0  6.8 14 190   M    M   0        18 130
17  97  64  81  10   0  16 0.00  0.0    0  6.0 13 190   M    M   0        17 210
18  88  62  75   5   0  10 0.00  0.0    0  9.2 23 180   M    M   0        29 170
19  90  63  77   7   0  12 0.00  0.0    0  8.0 18 180   M    M   0        24 180
20  92  63  78   9   0  13 0.00  0.0    0  7.2 18 190   M    M   0        23 190
21  86  60  73   4   0   8 0.00  0.0    0 10.6 22  50   M    M   0        33  50
22  80  50  65  -4   0   0 0.00  0.0    0  6.3 13 130   M    M   0        17 120
23  86  60  73   5   0   8 0.30  0.0    0 10.5 25 180   M    M   0        33 180
24  84  59  72   4   0   7 0.00  0.0    0  8.2 17 130   M    M   0        24 130
25  86  58  72   5   0   7 0.00  0.0    0  6.1 14 180   M    M   0        19 130
26  85  53  69   2   0   4 0.00  0.0    0  6.9 17 180   M    M   0        25 130
27  85  60  73   7   0   8 0.00  0.0    0  9.2 20 180   M    M   0        25 170
28  85  61  73   7   0   8 0.00  0.0    0  7.2 15 170   M    M   0        20 180
29  86  58  72   6   0   7 0.00  0.0    0  7.0 16 170   M    M   0        22 180
30  88  65  77  12   0  12 0.01  0.0    0 12.6 24 190   M    M   0        34 170
================================================================================
SM 2555 1800        19 253 0.85  0.0     293.8          M        0
================================================================================
AV 85.2 60.0                               9.8 FASTST   M    M   0      MAX(MPH)
                                 MISC ---->    32 190                     42 180
================================================================================
NOTES:
# LAST OF SEVERAL OCCURRENCES

COLUMN 17 PEAK WIND IN M.P.H.

PRELIMINARY LOCAL CLIMATOLOGICAL DATA (WS FORM: F-6) , PAGE 2

                                          STATION:  MEDICINE LODGE KS
                                          MONTH:    SEPTEMBER
                                          YEAR:     2014
                                          LATITUDE:   37 17 N
                                          LONGITUDE:  98 35 W

[TEMPERATURE DATA]      [PRECIPITATION DATA]       SYMBOLS USED IN COLUMN 16

AVERAGE MONTHLY: 72.6   TOTAL FOR MONTH:   0.85    1 = FOG OR MIST
DPTR FM NORMAL:   1.4   DPTR FM NORMAL:   -1.25    2 = FOG REDUCING VISIBILITY
HIGHEST:    99 ON  9    GRTST 24HR  0.36 ON  2- 2      TO 1/4 MILE OR LESS
LOWEST:     46 ON 13                               3 = THUNDER
                        SNOW, ICE PELLETS, HAIL    4 = ICE PELLETS
                        TOTAL MONTH:   0.0 INCH    5 = HAIL
                        GRTST 24HR     0.0         6 = FREEZING RAIN OR DRIZZLE
                        GRTST DEPTH:   0           7 = DUSTSTORM OR SANDSTORM:
                                                       VSBY 1/2 MILE OR LESS
                                                   8 = SMOKE OR HAZE
[NO. OF DAYS WITH]      [WEATHER - DAYS WITH]      9 = BLOWING SNOW
                                                   X = TORNADO
MAX 32 OR BELOW:   0    0.01 INCH OR MORE:   5
MAX 90 OR ABOVE:   8    0.10 INCH OR MORE:   3
MIN 32 OR BELOW:   0    0.50 INCH OR MORE:   0
MIN  0 OR BELOW:   0    1.00 INCH OR MORE:   0

[HDD (BASE 65) ]
TOTAL THIS MO.    19
DPTR FM NORMAL   -15
TOTAL FM JUL 1    24
DPTR FM NORMAL   -10

[CDD (BASE 65) ]
TOTAL THIS MO.   253
DPTR FM NORMAL    33    [PRESSURE DATA]
TOTAL FM JAN 1  1737    HIGHEST SLP 30.44 ON 12
DPTR FM NORMAL     6    LOWEST  SLP 29.53 ON 10

[REMARKS]
#FINAL-09-14#
