330
CXUS53 KDDC 021359
CF6P28
PRELIMINARY LOCAL CLIMATOLOGICAL DATA (WS FORM: F-6)

                                          STATION:   MEDICINE LODGE KS
                                          MONTH:     JUNE
                                          YEAR:      2016
                                          LATITUDE:   37 17 N
                                          LONGITUDE:  98 35 W

  TEMPERATURE IN F:       :PCPN:    SNOW:  WIND      :SUNSHINE: SKY     :PK WND
================================================================================
1   2   3   4   5  6A  6B    7    8   9   10  11  12  13   14  15   16   17  18
                                     12Z  AVG MX 2MIN
DY MAX MIN AVG DEP HDD CDD  WTR  SNW DPTH SPD SPD DIR MIN PSBL S-S WX    SPD DR
================================================================================

 1  80  60  70  -2   0   5 0.00  0.0    0  7.8 18  50   M    M   0        23  40
 2  85  60  73   0   0   8 0.00  0.0    0  7.1 17  70   M    M   0        23  70
 3  86  57  72  -1   0   7 0.00  0.0    0  5.0 13 180   M    M   0        16 190
 4  87  59  73   0   0   8 0.00  0.0    0 10.1 26 350   M    M   0        33 360
 5  88  53  71  -3   0   6 0.00  0.0    0  5.3 15  40   M    M   0        20  10
 6  92  53  73  -1   0   8 0.00  0.0    0  3.6 10 170   M    M   0        15 170
 7  91  62  77   3   0  12 0.00  0.0    0  8.6 21  80   M    M   0        27  80
 8  96  65  81   6   0  16 0.00  0.0    0 12.3 25 180   M    M   0        33 190
 9  95  69  82   7   0  17 0.00  0.0    0 12.6 26 190   M    M   0        33 190
10  96  71  84   9   0  19 0.00  0.0    0 11.5 24 190   M    M   0        30 190
11  96  70  83   7   0  18 0.00  0.0    0 10.0 18 170   M    M   0        25 200
12  94  68  81   5   0  16 0.00  0.0    0  9.0 20 200   M    M   0        25 190
13  89  70  80   4   0  15 0.03  0.0    0  6.5 26 290   M    M   0        35 310
14  94  68  81   5   0  16 0.03  0.0    0  8.5 29 170   M    M   0        36 170
15 104  67  86   9   0  21 0.00  0.0    0  9.8 30  50   M    M   0        38  40
16 102  71  87  10   0  22 0.00  0.0    0 10.1 20 190   M    M   0        26 190
17 103  76  90  13   0  25 0.00  0.0    0  9.2 21 170   M    M   0        30 140
18  91  65  78   0   0  13 1.59  0.0    0 10.3 36  30   M    M   0        45  30
19  94  69  82   4   0  17 0.00  0.0    0  7.1 17 180   M    M   0        22 180
20  97  73  85   7   0  20 0.00  0.0    0  6.7 13 180   M    M   0        17 170
21  96  71  84   6   0  19 0.00  0.0    0  9.9 23 220   M    M   0        30 210
22  99  68  84   6   0  19 0.00  0.0    0 11.0 24 220   M    M   0        32 230
23  88  71  80   1   0  15 0.00  0.0    0  7.8 24 360   M    M   0        32 360
24  95  71  83   4   0  18 0.09  0.0    0 10.9 23 180   M    M   0        33 180
25  97  71  84   5   0  19 0.02  0.0    0 12.0 24 210   M    M   0        32 220
26  92  71  82   2   0  17 0.00  0.0    0  5.9 29  20   M    M   0        38  20
27  93  68  81   1   0  16 0.00  0.0    0  5.8 14  60   M    M   0        18  50
28  92  66  79  -1   0  14 0.14  0.0    0  6.4 47  40   M    M   0        66  40
29  93  66  80   0   0  15 0.00  0.0    0  3.6 13 180   M    M   0        16 180
30  96  69  83   3   0  18 0.00  0.0    0  5.0 13  70   M    M   0        18 130
================================================================================
SM 2801 1998         0 459 1.90  0.0     249.4          M        0
================================================================================
AV 93.4 66.6                               8.3 FASTST   M    M   0      MAX(MPH)
                                 MISC ---->    47  40                     66  40
================================================================================
NOTES:
# LAST OF SEVERAL OCCURRENCES

COLUMN 17 PEAK WIND IN M.P.H.

PRELIMINARY LOCAL CLIMATOLOGICAL DATA (WS FORM: F-6) , PAGE 2

                                          STATION:  MEDICINE LODGE KS
                                          MONTH:    JUNE
                                          YEAR:     2016
                                          LATITUDE:   37 17 N
                                          LONGITUDE:  98 35 W

[TEMPERATURE DATA]      [PRECIPITATION DATA]       SYMBOLS USED IN COLUMN 16

AVERAGE MONTHLY: 80.0   TOTAL FOR MONTH:   1.90    1 = FOG OR MIST
DPTR FM NORMAL:   3.4   DPTR FM NORMAL:   -2.21    2 = FOG REDUCING VISIBILITY
HIGHEST:   104 ON 15    GRTST 24HR  1.59 ON 18-18      TO 1/4 MILE OR LESS
LOWEST:     53 ON  6, 5                            3 = THUNDER
                        SNOW, ICE PELLETS, HAIL    4 = ICE PELLETS
                        TOTAL MONTH:   0.0 INCH    5 = HAIL
                        GRTST 24HR     0.0         6 = FREEZING RAIN OR DRIZZLE
                        GRTST DEPTH:   0           7 = DUSTSTORM OR SANDSTORM:
                                                       VSBY 1/2 MILE OR LESS
                                                   8 = SMOKE OR HAZE
[NO. OF DAYS WITH]      [WEATHER - DAYS WITH]      9 = BLOWING SNOW
                                                   X = TORNADO
MAX 32 OR BELOW:   0    0.01 INCH OR MORE:   6
MAX 90 OR ABOVE:  23    0.10 INCH OR MORE:   2
MIN 32 OR BELOW:   0    0.50 INCH OR MORE:   1
MIN  0 OR BELOW:   0    1.00 INCH OR MORE:   1

[HDD (BASE 65) ]
TOTAL THIS MO.     0
DPTR FM NORMAL    -3
TOTAL FM JUL 1  3601
DPTR FM NORMAL  -857

[CDD (BASE 65) ]
TOTAL THIS MO.   459
DPTR FM NORMAL   106    [PRESSURE DATA]
TOTAL FM JAN 1   596    HIGHEST SLP 30.16 ON 28
DPTR FM NORMAL    87    LOWEST  SLP 29.56 ON 14

[REMARKS]
#FINAL-06-16#
