000
CXUS53 KDDC 011436
CF6P28
PRELIMINARY LOCAL CLIMATOLOGICAL DATA (WS FORM: F-6)

                                          STATION:   MEDICINE LODGE KS
                                          MONTH:     JANUARY
                                          YEAR:      2013
                                          LATITUDE:   37 17 N
                                          LONGITUDE:  98 35 W

  TEMPERATURE IN F:       :PCPN:    SNOW:  WIND      :SUNSHINE: SKY     :PK WND
================================================================================
1   2   3   4   5  6A  6B    7    8   9   10  11  12  13   14  15   16   17  18
                                     12Z  AVG MX 2MIN
DY MAX MIN AVG DEP HDD CDD  WTR  SNW DPTH SPD SPD DIR MIN PSBL S-S WX    SPD DR
================================================================================

 1  28  14  21 -12  44   0 0.02    T    1  8.4 18  10   M    M   0        23  10
 2  38   8  23 -10  42   0 0.00  0.0    T  5.6 21 340   M    M   0        25 350
 3  36  16  26  -7  39   0 0.00  0.0    T  5.9 14 360   M    M   0        17 350
 4  47  11  29  -4  36   0 0.00  0.0    0  5.3 15 260   M    M   0        18 270
 5  46  28  37   4  28   0 0.00  0.0    0  8.9 17 320   M    M   0        22 320
 6  51  20  36   3  29   0 0.00  0.0    0  5.8 12 170   M    M   0        15 220
 7  54  27  41   8  24   0 0.00  0.0    0 11.0 23 220   M    M   0        31 220
 8  59  29  44  11  21   0 0.00  0.0    0  7.3 16 210   M    M   0        20 190
 9  53  28  41   8  24   0 0.01  0.0    0  8.1 16  80   M    M   0        23  80
10  47  41  44  11  21   0 0.53  0.0    0  7.2 16  70   M    M   0        20  60
11  59  37  48  15  17   0 0.00  0.0    0 12.0 25 320   M    M   0        33 260
12  38  20  29  -4  36   0 0.00  0.0    0 16.7 25 360   M    M   0        32 360
13  30  12  21 -12  44   0 0.00  0.0    0  8.3 20  10   M    M   0        24 360
14  34  12  23 -10  42   0 0.00  0.0    0  4.0 13  40   M    M   0        16  30
15  37  13  25  -8  40   0 0.00  0.0    0  2.7  8 300   M    M   0        11 330
16  55  13  34   1  31   0 0.00  0.0    0  3.8 18 330   M    M   0        22 320
17  58  26  42   9  23   0 0.00  0.0    0  5.7 10 180   M    M   0        13 270
18  63  30  47  14  18   0 0.00  0.0    0 11.1 24 220   M    M   0        34 210
19  65  24  45  11  20   0 0.00  0.0    0  5.6 16  20   M    M   0        20 360
20  56  26  41   7  24   0 0.00  0.0    0  8.0 24  20   M    M   0        32  30
21  39  14  27  -7  38   0 0.00  0.0    0  5.7 15  20   M    M   0        20  10
22  47  19  33  -1  32   0 0.00  0.0    0  5.5 13 130   M    M   0        17 120
23  58  19  39   5  26   0 0.00  0.0    0  5.7 23  50   M    M   0        31  40
24   M  25   M   M   M   M 0.00  0.0    0  8.2 18  50   M    M   0        24  30
25  52  37  45  11  20   0 0.00  0.0    0  2.5  7  10   M    M   0         M  M
26  49  28  39   5  26   0 0.00  0.0    0  8.2 21 170   M    M   0        27 170
27  74  42  58  24   7   0 0.00  0.0    0 12.7 25 200   M    M   0        34 190
28  73  33  53  19  12   0 0.00  0.0    0 10.6 29 190   M    M   0        37 200
29  57  33  45  10  20   0 0.00  0.0    0 12.8 23 350   M    M   0        31 350
30  37  18  28  -7  37   0 0.00  0.0    0 12.7 25 350   M    M   0        33 350
31  42  17  30  -5  35   0 0.00  0.0    0  8.4 24  20   M    M   0        31  20
================================================================================
SM 1482  720       856   0 0.56    T     244.4          M        0
================================================================================
AV 49.4 23.2                               7.9 FASTST   M    M   0      MAX(MPH)
                                 MISC ---->    29 190                     37 200
================================================================================
NOTES:
# LAST OF SEVERAL OCCURRENCES

COLUMN 17 PEAK WIND IN M.P.H.

PRELIMINARY LOCAL CLIMATOLOGICAL DATA (WS FORM: F-6) , PAGE 2

                                          STATION:  MEDICINE LODGE KS
                                          MONTH:    JANUARY
                                          YEAR:     2013
                                          LATITUDE:   37 17 N
                                          LONGITUDE:  98 35 W

[TEMPERATURE DATA]      [PRECIPITATION DATA]       SYMBOLS USED IN COLUMN 16

AVERAGE MONTHLY: 36.3   TOTAL FOR MONTH:   0.56    1 = FOG OR MIST
DPTR FM NORMAL:   2.9   DPTR FM NORMAL:   -0.15    2 = FOG REDUCING VISIBILITY
HIGHEST:    74 ON 27    GRTST 24HR  0.54 ON  9-10      TO 1/4 MILE OR LESS
LOWEST:      8 ON  2                               3 = THUNDER
                        SNOW, ICE PELLETS, HAIL    4 = ICE PELLETS
                        TOTAL MONTH:    T          5 = HAIL
                        GRTST 24HR    T  ON  1- 1  6 = FREEZING RAIN OR DRIZZLE
                        GRTST DEPTH:   1 ON  1     7 = DUSTSTORM OR SANDSTORM:
                                                       VSBY 1/2 MILE OR LESS
                                                   8 = SMOKE OR HAZE
[NO. OF DAYS WITH]      [WEATHER - DAYS WITH]      9 = BLOWING SNOW
                                                   X = TORNADO
MAX 32 OR BELOW:   2    0.01 INCH OR MORE:   3
MAX 90 OR ABOVE:   0    0.10 INCH OR MORE:   1
MIN 32 OR BELOW:  25    0.50 INCH OR MORE:   1
MIN  0 OR BELOW:   0    1.00 INCH OR MORE:   0

[HDD (BASE 65) ]
TOTAL THIS MO.   856
DPTR FM NORMAL  -122
TOTAL FM JUL 1  2438
DPTR FM NORMAL  -339

[CDD (BASE 65) ]
TOTAL THIS MO.     0
DPTR FM NORMAL     0    [PRESSURE DATA]
TOTAL FM JAN 1     0    HIGHEST SLP 30.55 ON  3
DPTR FM NORMAL     0    LOWEST  SLP 29.51 ON 11

[REMARKS]
#FINAL-01-13#
