000
CXUS53 KDDC 011349
CF6P28
PRELIMINARY LOCAL CLIMATOLOGICAL DATA (WS FORM: F-6)
STATION: MEDICINE LODGE KS
MONTH: JULY
YEAR: 2022
LATITUDE: 37 17 N
LONGITUDE: 98 35 W
TEMPERATURE IN F: :PCPN: SNOW: WIND :SUNSHINE: SKY :PK WND
================================================================================
1 2 3 4 5 6A 6B 7 8 9 10 11 12 13 14 15 16 17 18
12Z AVG MX 2MIN
DY MAX MIN AVG DEP HDD CDD WTR SNW DPTH SPD SPD DIR MIN PSBL S-S WX SPD DR
================================================================================
1 99 71 85 4 0 20 0.00 0.0 0 8.2 18 130 M M 0 27 110
2 94 72 83 2 0 18 0.10 0.0 0 6.5 17 80 M M 0 22 80
3 96 73 85 4 0 20 0.00 0.0 0 8.9 22 180 M M 0 30 180
4 98 69 84 3 0 19 0.00 0.0 0 10.4 25 190 M M 0 39 200
5 101 78 90 8 0 25 0.01 0.0 0 11.0 22 180 M M 0 33 160
6 106 76 91 9 0 26 0.02 0.0 0 9.1 24 350 M M 0 34 350
7 98 73 86 4 0 21 0.02 0.0 0 4.1 14 300 M M 0 21 300
8 96 69 83 1 0 18 0.00 0.0 0 9.1 24 10 M M 0 31 10
9 98 67 83 1 0 18 0.00 0.0 0 5.3 14 70 M M 0 20 50
10 100 67 84 2 0 19 0.00 0.0 0 6.8 13 170 M M 0 20 170
11 107 64 86 4 0 21 0.00 0.0 0 8.5 25 30 M M 0 38 30
12 91 72 82 0 0 17 0.00 0.0 0 6.8 18 50 M M 0 25 50
13 96 64 80 -2 0 15 0.15 0.0 0 6.3 14 140 M M 0 21 170
14 104 71 88 6 0 23 0.00 0.0 0 9.4 18 190 M M 0 26 170
15 106 70 88 6 0 23 0.00 0.0 0 8.4 22 180 M M 0 31 180
16 107 70 89 7 0 24 0.00 0.0 0 10.3 21 170 M M 0 35 190
17 100 76 88 6 0 23 0.03 0.0 0 7.9 20 280 M M 0 28 280
18 97 66 82 0 0 17 0.00 0.0 0 4.6 12 140 M M 0 17 150
19 112 67 90 8 0 25 0.00 0.0 0 7.0 17 180 M M 0 24 190
20 100 77 89 7 0 24 0.05 0.0 0 8.7 23 50 M M 0 31 60
21 98 73 86 4 0 21 0.00 0.0 0 6.8 14 190 M M 0 20 180
22 103 72 88 6 0 23 0.00 0.0 0 10.2 21 200 M M 0 33 160
23 106 71 89 7 0 24 0.00 0.0 0 11.8 24 180 M M 0 36 180
24 106 77 92 10 0 27 0.00 0.0 0 6.8 17 70 M M 0 23 70
25 104 72 88 6 0 23 0.07 0.0 0 6.9 16 100 M M 0 24 100
26 108 70 89 7 0 24 0.00 0.0 0 7.7 23 20 M M 0 31 30
27 93 77 85 3 0 20 0.00 0.0 0 7.8 22 50 M M 0 31 20
28 91 69 80 -2 0 15 0.09 0.0 0 8.7 33 30 M M 0 45 30
29 76 67 72 -10 0 7 0.15 0.0 0 5.8 17 90 M M 0 26 70
30 77 65 71 -11 0 6 0.19 0.0 0 3.9 10 200 M M 0 15 160
31 93 69 81 -1 0 16 0.00 0.0 0 7.6 16 200 M M 0 24 170
================================================================================
SM 3061 2194 0 622 0.88 0.0 241.3 M 0
================================================================================
AV 98.7 70.8 7.8 FASTST M M 0 MAX(MPH)
MISC ----> 33 30 45 30
================================================================================
NOTES:
# LAST OF SEVERAL OCCURRENCES
COLUMN 17 PEAK WIND IN M.P.H.
PRELIMINARY LOCAL CLIMATOLOGICAL DATA (WS FORM: F-6) , PAGE 2
STATION: MEDICINE LODGE KS
MONTH: JULY
YEAR: 2022
LATITUDE: 37 17 N
LONGITUDE: 98 35 W
[TEMPERATURE DATA] [PRECIPITATION DATA] SYMBOLS USED IN COLUMN 16
AVERAGE MONTHLY: 84.8 TOTAL FOR MONTH: 0.88 1 = FOG OR MIST
DPTR FM NORMAL: 2.8 DPTR FM NORMAL: -2.25 2 = FOG REDUCING VISIBILITY
HIGHEST: 112 ON 19 GRTST 24HR 0.26 ON 29-30 TO 1/4 MILE OR LESS
LOWEST: 64 ON 13,11 3 = THUNDER
SNOW, ICE PELLETS, HAIL 4 = ICE PELLETS
TOTAL MONTH: 0.0 INCH 5 = HAIL
GRTST 24HR 0.0 6 = FREEZING RAIN OR DRIZZLE
GRTST DEPTH: 0 7 = DUSTSTORM OR SANDSTORM:
VSBY 1/2 MILE OR LESS
8 = SMOKE OR HAZE
[NO. OF DAYS WITH] [WEATHER - DAYS WITH] 9 = BLOWING SNOW
X = TORNADO
MAX 32 OR BELOW: 0 0.01 INCH OR MORE: 11
MAX 90 OR ABOVE: 29 0.10 INCH OR MORE: 4
MIN 32 OR BELOW: 0 0.50 INCH OR MORE: 0
MIN 0 OR BELOW: 0 1.00 INCH OR MORE: 0
[HDD (BASE 65) ]
TOTAL THIS MO. 0
DPTR FM NORMAL 0
TOTAL FM JUL 1 0
DPTR FM NORMAL 0
[CDD (BASE 65) ]
TOTAL THIS MO. 622
DPTR FM NORMAL 96 [PRESSURE DATA]
TOTAL FM JAN 1 1322 HIGHEST SLP 30.15 ON 29
DPTR FM NORMAL 243 LOWEST SLP 29.61 ON 19
[REMARKS]
#FINAL-07-22#