000
CXUS53 KDDC 021423
CF6P28
PRELIMINARY LOCAL CLIMATOLOGICAL DATA (WS FORM: F-6)

                                          STATION:   MEDICINE LODGE KS
                                          MONTH:     MARCH
                                          YEAR:      2012
                                          LATITUDE:   37 17 N
                                          LONGITUDE:  98 35 W

  TEMPERATURE IN F:       :PCPN:    SNOW:  WIND      :SUNSHINE: SKY     :PK WND
================================================================================
1   2   3   4   5  6A  6B    7    8   9   10  11  12  13   14  15   16   17  18
                                     12Z  AVG MX 2MIN
DY MAX MIN AVG DEP HDD CDD  WTR  SNW DPTH SPD SPD DIR MIN PSBL S-S WX    SPD DR
================================================================================

 1  76  35  56  14   9   0 0.00  0.0    0 10.0 25  20   M    M   0        35  10
 2  56  33  45   3  20   0 0.00  0.0    0 12.4 25 350   M    M   0        34 340
 3  56  25  41  -2  24   0 0.00  0.0    0 10.2 30 300   M    M   0        37 320
 4  71  28  50   7  15   0 0.00  0.0    0  9.6 24 340   M    M   0        32 330
 5  73  33  53  10  12   0 0.00  0.0    0 12.3 30 200   M    M   0        37 190
 6  73  52  63  19   2   0 0.00  0.0    0 18.8 33 180   M    M   0        45 180
 7  75  43  59  15   6   0 0.06  0.0    0 18.6 33 190   M    M   0        42 200
 8  51  33  42  -2  23   0 0.24  0.0    0 14.7 32  10   M    M   0        42  20
 9  59  28  44  -1  21   0 0.00  0.0    0  4.8 12 160   M    M   0        16 130
10  59  30  45   0  20   0 0.00  0.0    0  6.9 22 180   M    M   0        29 190
11  50  44  47   2  18   0 0.10  0.0    0  7.9 18 180   M    M   0        23 180
12  77  40  59  13   6   0 0.00  0.0    0  5.3 14 170   M    M   0        16 170
13  82  43  63  17   2   0 0.00  0.0    0  9.5 25 170   M    M   0        31 180
14  82  58  70  24   0   5 0.00  0.0    0 12.3 22 180   M    M   0        28 180
15  79  58  69  23   0   4 0.00  0.0    0 10.9 21 170   M    M   0        26 170
16  78  55  67  20   0   2 0.00  0.0    0 11.1 29 170   M    M   0        36 180
17  78  62  70  23   0   5 0.00  0.0    0 14.4 31 170   M    M   0        38 170
18  72  60  66  19   0   1 0.00  0.0    0 12.8 23 160   M    M   0        34 170
19  68  52  60  12   5   0 0.70  0.0    0 11.2 31 260   M    M   0        40 260
20  56  50  53   5  12   0 0.12  0.0    0  7.7 14 180   M    M   0        18 170
21  57  45  51   3  14   0 0.17  0.0    0  5.9 15  20   M    M   0        18 210
22  55  42  49   0  16   0 0.16  0.0    0  8.1 18  10   M    M   0        23 350
23  69  42  56   7   9   0 0.00  0.0    0  6.5 15 360   M    M   0        20 350
24  74  41  58   9   7   0 0.00  0.0    0  5.7 14 180   M    M   0        17 180
25  78  45  62  13   3   0 0.00  0.0    0  8.7 21 170   M    M   0        27 170
26  79  51  65  15   0   0 0.00  0.0    0 11.4 25 180   M    M   0        32 170
27  80  58  69  19   0   4 0.00  0.0    0  7.7 20 170   M    M   0        26 170
28  80  58  69  19   0   4 0.00  0.0    0  7.9 14 180   M    M   0        18 180
29  85  60  73  22   0   8 0.00  0.0    0 10.4 25 180   M    M   0        30 170
30  79  55  67  16   0   2 0.00  0.0    0  4.0 10  10   M    M   0        12 150
31  82  49  66  15   0   1 0.00  0.0    0  5.9 16 180   M    M   0        20 190
================================================================================
SM 2189 1408       244  36 1.55  0.0     303.6          M        0
================================================================================
AV 70.6 45.4                               9.8 FASTST   M    M   0    MAX(MPH)
                                 MISC ---->  # 33 180                     45 180
================================================================================
NOTES:
# LAST OF SEVERAL OCCURRENCES

COLUMN 17 PEAK WIND IN M.P.H.

PRELIMINARY LOCAL CLIMATOLOGICAL DATA (WS FORM: F-6) , PAGE 2

                                          STATION:  MEDICINE LODGE KS
                                          MONTH:    MARCH
                                          YEAR:     2012
                                          LATITUDE:   37 17 N
                                          LONGITUDE:  98 35 W

[TEMPERATURE DATA]      [PRECIPITATION DATA]       SYMBOLS USED IN COLUMN 16

AVERAGE MONTHLY: 58.0   TOTAL FOR MONTH:   1.55    1 = FOG OR MIST
DPTR FM NORMAL:  11.3   DPTR FM NORMAL:   -0.71    2 = FOG REDUCING VISIBILITY
HIGHEST:    85 ON 29    GRTST 24HR  0.70 ON 19-19      TO 1/4 MILE OR LESS
LOWEST:     25 ON  3                               3 = THUNDER
                        SNOW, ICE PELLETS, HAIL    4 = ICE PELLETS
                        TOTAL MONTH:   0.0 INCH    5 = HAIL
                        GRTST 24HR     0.0         6 = FREEZING RAIN OR DRIZZLE
                        GRTST DEPTH:   0           7 = DUSTSTORM OR SANDSTORM:
                                                       VSBY 1/2 MILE OR LESS
                                                   8 = SMOKE OR HAZE
[NO. OF DAYS WITH]      [WEATHER - DAYS WITH]      9 = BLOWING SNOW
                                                   X = TORNADO
MAX 32 OR BELOW:   0    0.01 INCH OR MORE:   7
MAX 90 OR ABOVE:   0    0.10 INCH OR MORE:   6
MIN 32 OR BELOW:   4    0.50 INCH OR MORE:   1
MIN  0 OR BELOW:   0    1.00 INCH OR MORE:   0

[HDD (BASE 65) ]
TOTAL THIS MO.   244
DPTR FM NORMAL  -324
TOTAL FM JUL 1  3464
DPTR FM NORMAL  -633

[CDD (BASE 65) ]
TOTAL THIS MO.    36
DPTR FM NORMAL    34    [PRESSURE DATA]
TOTAL FM JAN 1    36    HIGHEST SLP 30.61 ON  9
DPTR FM NORMAL    34    LOWEST  SLP 29.56 ON 19

[REMARKS]
#FINAL-03-12#
