000
CXUS53 KDDC 311200
CF6P28
PRELIMINARY LOCAL CLIMATOLOGICAL DATA (WS FORM: F-6)

                                          STATION:   MEDICINE LODGE KS
                                          MONTH:     DECEMBER
                                          YEAR:      2011
                                          LATITUDE:   37 17 N
                                          LONGITUDE:  98 35 W

  TEMPERATURE IN F:       :PCPN:    SNOW:  WIND      :SUNSHINE: SKY     :PK WND
================================================================================
1   2   3   4   5  6A  6B    7    8   9   10  11  12  13   14  15   16   17  18
                                     12Z  AVG MX 2MIN
DY MAX MIN AVG DEP HDD CDD  WTR  SNW DPTH SPD SPD DIR MIN PSBL S-S WX    SPD DR
================================================================================

 1  45  30  38   0  27   0 0.00  0.0    0 16.1 30 360   M    M   0        39  10
 2  33  26  30  -8  35   0 0.03  0.0    0  7.5 16  20   M    M   0        23  20
 3  44  32  38   0  27   0 0.67  0.0    0 10.0 26 280   M    M   0        35 280
 4  42  24  33  -4  32   0 0.00  0.0    0  4.7 18 340   M    M   0        24 340
 5  30  20  25 -12  40   0 0.00  0.0    0 17.9 29  10   M    M   0        37 360
 6  30  15  23 -14  42   0 0.01  0.5    T  6.2 22  10   M    M   0        29  10
 7  50  14  32  -4  33   0 0.00  0.0    0  3.5 12 280   M    M   0        15 290
 8  47  24  36   0  29   0 0.00  0.0    0  4.9 14 360   M    M   0        17 360
 9  34  22  28  -8  37   0 0.00  0.0    0  6.5 18  10   M    M   0        24  20
10  36  18  27  -9  38   0 0.00  0.0    0  4.4 13 220   M    M   0        16 220
11  44  31  38   3  27   0 0.00  0.0    0 11.4 24 170   M    M   0        33 190
12  46  38  42   7  23   0 0.00  0.0    0  8.4 15 180   M    M   0        21 180
13  43  39  41   6  24   0 0.19  0.0    0  7.1 14 170   M    M   0        22 150
14  61  42  52  18  13   0 0.55  0.0    0  6.3 20 230   M    M   0        26 230
15  48  29  39   5  26   0 0.00    M    M  7.6 18 340   M    M   0        26 340
16  46  22  34   0  31   0 0.00  0.0    0  3.2 10 190   M    M   0        13 180
17  57  25  41   7  24   0 0.00  0.0    0  4.3 12 220   M    M   0        15 200
18  59  28  44  10  21   0 0.00  0.0    0  9.5 22 200   M    M   0        28 200
19  49  36  43   9  22   0 1.66  0.0    0 15.2 36  40   M    M   0        46  50
20  36  28  32  -2  33   0 0.00  0.0    0 14.8 30  20   M    M   0        37  10
21  44  24  34   1  31   0 0.00  0.0    0  4.5 14 180   M    M   0        18 190
22  39  25  32  -1  33   0 0.00  0.0    0 17.4 32  20   M    M   0        40  20
23  40  17  29  -4  36   0 0.00  0.0    0  6.6 13 330   M    M   0        17 330
24  49  19  34   1  31   0 0.00  0.0    0  4.6  9 280   M    M   0        12 280
25  51  22  37   4  28   0 0.00  0.0    0  6.3 15  30   M    M   0        17  30
26  48  30  39   6  26   0 0.04  0.0    0  4.2 17 320   M    M   0        22 320
27  51  29  40   7  25   0 0.00  0.0    0  6.9 18 350   M    M   0        23 340
28  56  25  41   8  24   0 0.00  0.0    0  4.5 12 300   M    M   0        16 300
29  65  28  47  14  18   0 0.00  0.0    0  5.1 26 340   M    M   0        36 330
30  61  31  46  13  19   0 0.00    M    M  8.4 28 340   M    M   0        36 330
================================================================================
SM 1384  793       855   0  3.15     0.5 238.0          M        0
================================================================================
AV 46.1 26.4                               7.9 FASTST   M    M   0    MAX(MPH)
                                 MISC ---->  # 36  40               # 46   50
================================================================================
NOTES:
# LAST OF SEVERAL OCCURRENCES

COLUMN 17 PEAK WIND IN M.P.H.

PRELIMINARY LOCAL CLIMATOLOGICAL DATA (WS FORM: F-6) , PAGE 2

                                          STATION:  MEDICINE LODGE KS
                                          MONTH:    DECEMBER
                                          YEAR:     2011
                                          LATITUDE:   37 17 N
                                          LONGITUDE:  98 35 W

[TEMPERATURE DATA]      [PRECIPITATION DATA]       SYMBOLS USED IN COLUMN 16

AVERAGE MONTHLY: 36.3   TOTAL FOR MONTH:   3.15    1 = FOG OR MIST
DPTR FM NORMAL:   1.5   DPTR FM NORMAL:    2.25    2 = FOG REDUCING VISIBILITY
HIGHEST:    65 ON 29    GRTST 24HR  1.66 ON 19-19      TO 1/4 MILE OR LESS
LOWEST:     14 ON  7                               3 = THUNDER
                        SNOW, ICE PELLETS, HAIL    4 = ICE PELLETS
                        TOTAL MONTH:   0.5 INCH    5 = HAIL
                        GRTST 24HR   0.5 ON  6- 6  6 = FREEZING RAIN OR DRIZZLE
                        GRTST DEPTH:   T           7 = DUSTSTORM OR SANDSTORM:
                                                       VSBY 1/2 MILE OR LESS
                                                   8 = SMOKE OR HAZE
[NO. OF DAYS WITH]      [WEATHER - DAYS WITH]      9 = BLOWING SNOW
                                                   X = TORNADO
MAX 32 OR BELOW:   2    0.01 INCH OR MORE:   7
MAX 90 OR ABOVE:   0    0.10 INCH OR MORE:   4
MIN 32 OR BELOW:  26    0.50 INCH OR MORE:   3
MIN  0 OR BELOW:   0    1.00 INCH OR MORE:   1

[HDD (BASE 65) ]
TOTAL THIS MO.   855    CLEAR  (SCALE 0-3)  30
DPTR FM NORMAL   -54    PTCLDY (SCALE 4-7)   0
TOTAL FM JUL 1  1657    CLOUDY (SCALE 8-10)  0
DPTR FM NORMAL  -110

[CDD (BASE 65) ]
TOTAL THIS MO.     0
DPTR FM NORMAL     0    [PRESSURE DATA]
TOTAL FM JAN 1  2458    HIGHEST SLP M ON M
DPTR FM NORMAL   688    LOWEST  SLP 29.67 ON 29

[REMARKS]
