000
CXUS53 KDDC 021526
CF6P28
PRELIMINARY LOCAL CLIMATOLOGICAL DATA (WS FORM: F-6)

                                          STATION:   MEDICINE LODGE KS
                                          MONTH:     DECEMBER
                                          YEAR:      2017
                                          LATITUDE:   37 17 N
                                          LONGITUDE:  98 35 W

  TEMPERATURE IN F:       :PCPN:    SNOW:  WIND      :SUNSHINE: SKY     :PK WND
================================================================================
1   2   3   4   5  6A  6B    7    8   9   10  11  12  13   14  15   16   17  18
                                     12Z  AVG MX 2MIN
DY MAX MIN AVG DEP HDD CDD  WTR  SNW DPTH SPD SPD DIR MIN PSBL S-S WX    SPD DR
================================================================================

 1  63  31  47   9  18   0 0.00  0.0    0  9.1 21 190   M    M   0        32 180
 2  66  33  50  12  15   0 0.00  0.0    0  4.5 10 350   M    M   0        13  90
 3  67  33  50  12  15   0 0.00  0.0    0 10.0 24 190   M    M   0        36 190
 4  64  34  49  12  16   0 0.00  0.0    0 17.1 32 310   M    M   0        51 320
 5  50  26  38   1  27   0 0.00  0.0    0  7.5 21 360   M    M   0        30 360
 6  50  25  38   1  27   0 0.00  0.0    0 10.3 25  10   M    M   0        34  10
 7  34  12  23 -13  42   0 0.00  0.0    0  7.4 22  10   M    M   0        33  10
 8  51  11  31  -5  34   0 0.00  0.0    0  5.9 23 360   M    M   0        34 360
 9  57  24  41   5  24   0 0.00  0.0    0  7.0 18 320   M    M   0        26 350
10  69  24  47  11  18   0 0.00  0.0    0  7.4 20 350   M    M   0        27 340
11  67  28  48  13  17   0 0.00  0.0    0 12.2 23 350   M    M   0        34 350
12  56  25  41   6  24   0 0.00  0.0    0  5.9 14 350   M    M   0        21 350
13  66  26  46  11  19   0 0.00  0.0    0 10.2 26 350   M    M   0        39 340
14  52  30  41   7  24   0 0.00  0.0    0  8.4 18 310   M    M   0        26 300
15  55  21  38   4  27   0 0.00  0.0    0  7.3 17 220   M    M   0        23 220
16  62  29  46  12  19   0 0.00  0.0    0 10.0 24 190   M    M   0        36 180
17  51  29  40   6  25   0 0.00  0.0    0  5.8 18 180   M    M   0        25 180
18  61  20  41   7  24   0 0.00  0.0    0  6.8 16 200   M    M   0        23 190
19  57  31  44  10  21   0 0.00  0.0    0  4.6 14 360   M    M   0        19 350
20  49  39  44  10  21   0 0.00  0.0    0  6.7 16 150   M    M   0        25 140
21  55  24  40   7  25   0 0.00  0.0    0 15.0 29 350   M    M   0        42 360
22  37  24  31  -2  34   0 0.00  0.0    0 10.1 22 350   M    M   0        31 340
23  36  15  26  -7  39   0 0.00  0.0    0  6.3 14  20   M    M   0        19  20
24  34  17  26  -7  39   0 0.00  0.0    0 10.4 24 350   M    M   0        37 360
25  36  19  28  -5  37   0 0.00  0.0    0  8.2 21 160   M    M   0        35 150
26  20   9  15 -18  50   0 0.00  0.0    0 14.0 21  10   M    M   0        29  20
27  24  12  18 -15  47   0 0.00  0.0    0  8.3 14 170   M    M   0        22 140
28  39  21  30  -3  35   0 0.00  0.0    0  7.2 16 190   M    M   0        22 190
29  42  17  30  -3  35   0 0.00  0.0    0 11.1 28  10   M    M   0        38  10
30  21  10  16 -17  49   0 0.00  0.0    0 14.1 26  10   M    M   0        36  10
31  17   2  10 -23  55   0 0.00  0.0    0 14.5 24  10   M    M   0        32 360
================================================================================
SM 1508  701       902   0 0.00  0.0     283.3          M        0
================================================================================
AV 48.6 22.6                               9.1 FASTST   M    M   0      MAX(MPH)
                                 MISC ---->    32 310                     51 320
================================================================================
NOTES:
# LAST OF SEVERAL OCCURRENCES

COLUMN 17 PEAK WIND IN M.P.H.

PRELIMINARY LOCAL CLIMATOLOGICAL DATA (WS FORM: F-6) , PAGE 2

                                          STATION:  MEDICINE LODGE KS
                                          MONTH:    DECEMBER
                                          YEAR:     2017
                                          LATITUDE:   37 17 N
                                          LONGITUDE:  98 35 W

[TEMPERATURE DATA]      [PRECIPITATION DATA]       SYMBOLS USED IN COLUMN 16

AVERAGE MONTHLY: 35.6   TOTAL FOR MONTH:   0.00    1 = FOG OR MIST
DPTR FM NORMAL:   0.9   DPTR FM NORMAL:   -0.92    2 = FOG REDUCING VISIBILITY
HIGHEST:    69 ON 10    GRTST 24HR  0.00 ON 31-31      TO 1/4 MILE OR LESS
LOWEST:      2 ON 31                               3 = THUNDER
                        SNOW, ICE PELLETS, HAIL    4 = ICE PELLETS
                        TOTAL MONTH:   0.0 INCH    5 = HAIL
                        GRTST 24HR     0.0         6 = FREEZING RAIN OR DRIZZLE
                        GRTST DEPTH:   0           7 = DUSTSTORM OR SANDSTORM:
                                                       VSBY 1/2 MILE OR LESS
                                                   8 = SMOKE OR HAZE
[NO. OF DAYS WITH]      [WEATHER - DAYS WITH]      9 = BLOWING SNOW
                                                   X = TORNADO
MAX 32 OR BELOW:   4    0.01 INCH OR MORE:   0
MAX 90 OR ABOVE:   0    0.10 INCH OR MORE:   0
MIN 32 OR BELOW:  27    0.50 INCH OR MORE:   0
MIN  0 OR BELOW:   0    1.00 INCH OR MORE:   0

[HDD (BASE 65) ]
TOTAL THIS MO.   902
DPTR FM NORMAL   -39
TOTAL FM JUL 1  1662
DPTR FM NORMAL  -137

[CDD (BASE 65) ]
TOTAL THIS MO.     0
DPTR FM NORMAL     0    [PRESSURE DATA]
TOTAL FM JAN 1  1656    HIGHEST SLP 30.89 ON 31
DPTR FM NORMAL  -114    LOWEST  SLP 29.57 ON  4

[REMARKS]
#FINAL-12-17#
