000
CXUS53 KDDC 041752
CF6P28
PRELIMINARY LOCAL CLIMATOLOGICAL DATA (WS FORM: F-6)

                                          STATION:   MEDICINE LODGE KS
                                          MONTH:     DECEMBER
                                          YEAR:      2016
                                          LATITUDE:   37 17 N
                                          LONGITUDE:  98 35 W

  TEMPERATURE IN F:       :PCPN:    SNOW:  WIND      :SUNSHINE: SKY     :PK WND
================================================================================
1   2   3   4   5  6A  6B    7    8   9   10  11  12  13   14  15   16   17  18
                                     12Z  AVG MX 2MIN
DY MAX MIN AVG DEP HDD CDD  WTR  SNW DPTH SPD SPD DIR MIN PSBL S-S WX    SPD DR
================================================================================

 1  53  17  35  -3  30   0 0.00  0.0    0  5.5 13 130   M    M   0        15 130
 2  53  24  39   1  26   0 0.00  0.0    0  6.8 14  40   M    M   0        18  50
 3  42  38  40   2  25   0 0.14  0.0    0  3.6  9 160   M    M   0        12 150
 4  56  30  43   6  22   0 0.13  0.0    0  4.6 13 320   M    M   0        16 310
 5  54  27  41   4  24   0 0.00  0.0    0  9.9 25 180   M    M   0        33 190
 6  40  26  33  -4  32   0 0.00  0.0    0  9.7 29  10   M    M   0        37  10
 7  36  19  28  -8  37   0 0.00  0.0    0 10.9 23  20   M    M   0        28  10
 8  30  10  20 -16  45   0 0.00  0.0    0  7.4 20 360   M    M   0        24 350
 9  29   9  19 -17  46   0 0.00  0.0    0  7.3 17 180   M    M   0        23 160
10  46  17  32  -4  33   0 0.00  0.0    0 11.7 23 180   M    M   0        31 170
11  42  26  34  -1  31   0 0.00  0.0    0 10.4 28 360   M    M   0        36  10
12  34  16  25 -10  40   0 0.00  0.0    0  3.5 12 160   M    M   0        15 180
13  32  15  24 -11  41   0 0.00  0.0    0  9.4 23 360   M    M   0        29 360
14  36  12  24 -10  41   0 0.00  0.0    0  7.1 23  20   M    M   0        30  20
15  31  11  21 -13  44   0 0.00  0.0    0  9.0 17 140   M    M   0        25 150
16  59  28  44  10  21   0 0.00  0.0    0 11.6 21 350   M    M   0        29 340
17  33   2  18 -16  47   0 0.07  1.4    0 19.9 30 360   M    M   0        38 360
18  15 -11   2 -32  63   0 0.00  0.0    1  4.8 14 340   M    M   0        18 330
19  34  -6  14 -20  51   0 0.00  0.0    T  7.0 16 170   M    M   0        21 170
20  50  10  30  -4  35   0 0.00  0.0    T  4.2 15  30   M    M   0        18  30
21  50  19  35   2  30   0 0.00  0.0    0  6.1 31  20   M    M   0        39  20
22  39  24  32  -1  33   0 0.02  0.0    0  4.4 13  10   M    M   0        16  10
23  60  27  44  11  21   0 0.01  0.0    0  8.8 22 200   M    M   0        29 200
24  57  21  39   6  26   0 0.01  0.0    0  7.8 17 140   M    M   0        27 130
25  63  42  53  20  12   0 0.32  0.0    0 14.3 33 240   M    M   0        44 240
26  49  23  36   3  29   0 0.00  0.0    0  7.5 20 250   M    M   0        27 240
27  48  19  34   1  31   0 0.00  0.0    0  6.5 16 170   M    M   0        22 160
28  61  23  42   9  23   0 0.00  0.0    0  7.9 25  10   M    M   0        32  10
29  51  22  37   4  28   0 0.00  0.0    0  7.5 22 330   M    M   0        27 340
30  61  19  40   7  25   0 0.00  0.0    0 11.8 24 200   M    M   0        33 190
31  47  24  36   3  29   0 0.00  0.0    0 10.2 26  20   M    M   0        33  30
================================================================================
SM 1391  583      1021   0 0.70  1.4     257.1          M        0
================================================================================
AV 44.9 18.8                               8.3 FASTST   M    M   0      MAX(MPH)
                                 MISC ---->    33 240                     44 240
================================================================================
NOTES:
# LAST OF SEVERAL OCCURRENCES

COLUMN 17 PEAK WIND IN M.P.H.

PRELIMINARY LOCAL CLIMATOLOGICAL DATA (WS FORM: F-6) , PAGE 2

                                          STATION:  MEDICINE LODGE KS
                                          MONTH:    DECEMBER
                                          YEAR:     2016
                                          LATITUDE:   37 17 N
                                          LONGITUDE:  98 35 W

[TEMPERATURE DATA]      [PRECIPITATION DATA]       SYMBOLS USED IN COLUMN 16

AVERAGE MONTHLY: 31.9   TOTAL FOR MONTH:   0.70    1 = FOG OR MIST
DPTR FM NORMAL:  -2.8   DPTR FM NORMAL:   -0.22    2 = FOG REDUCING VISIBILITY
HIGHEST:    63 ON 25    GRTST 24HR  0.33 ON 24-25      TO 1/4 MILE OR LESS
LOWEST:    -11 ON 18                               3 = THUNDER
                        SNOW, ICE PELLETS, HAIL    4 = ICE PELLETS
                        TOTAL MONTH:   1.4 INCHES  5 = HAIL
                        GRTST 24HR   1.4 ON 17     6 = FREEZING RAIN OR DRIZZLE
                        GRTST DEPTH:   1 ON 18     7 = DUSTSTORM OR SANDSTORM:
                                                       VSBY 1/2 MILE OR LESS
                                                   8 = SMOKE OR HAZE
[NO. OF DAYS WITH]      [WEATHER - DAYS WITH]      9 = BLOWING SNOW
                                                   X = TORNADO
MAX 32 OR BELOW:   5    0.01 INCH OR MORE:   7
MAX 90 OR ABOVE:   0    0.10 INCH OR MORE:   3
MIN 32 OR BELOW:  29    0.50 INCH OR MORE:   0
MIN  0 OR BELOW:   2    1.00 INCH OR MORE:   0

[HDD (BASE 65) ]
TOTAL THIS MO.  1021
DPTR FM NORMAL    80
TOTAL FM JUL 1  1557
DPTR FM NORMAL  -242

[CDD (BASE 65) ]
TOTAL THIS MO.     0
DPTR FM NORMAL     0    [PRESSURE DATA]
TOTAL FM JAN 1  1937    HIGHEST SLP 30.79 ON 18
DPTR FM NORMAL   167    LOWEST  SLP 29.32 ON 16

[REMARKS]
#FINAL-12-16#
