000
CXUS53 KDDC 011411
CF6P28
PRELIMINARY LOCAL CLIMATOLOGICAL DATA (WS FORM: F-6)

                                          STATION:   MEDICINE LODGE KS
                                          MONTH:     APRIL
                                          YEAR:      2014
                                          LATITUDE:   37 17 N
                                          LONGITUDE:  98 35 W

  TEMPERATURE IN F:       :PCPN:    SNOW:  WIND      :SUNSHINE: SKY     :PK WND
================================================================================
1   2   3   4   5  6A  6B    7    8   9   10  11  12  13   14  15   16   17  18
                                     12Z  AVG MX 2MIN
DY MAX MIN AVG DEP HDD CDD  WTR  SNW DPTH SPD SPD DIR MIN PSBL S-S WX    SPD DR
================================================================================

 1  56  29  43  -9  22   0 0.00  0.0    0  8.2 16  10   M    M   0        21 130
 2  75  47  61   9   4   0 0.00  0.0    0  9.1 23  50   M    M   0        28  40
 3  55  35  45  -7  20   0 0.00  0.0    0 13.9 28 340   M    M   0        37 340
 4  60  29  45  -7  20   0 0.00  0.0    0  9.4 21 350   M    M   0        28 340
 5  66  34  50  -3  15   0 0.00  0.0    0  9.6 24 200   M    M   0        33 190
 6  58  43  51  -2  14   0 0.04  0.0    0  5.1 20 180   M    M   0        24 180
 7  65  32  49  -4  16   0 0.04  0.0    0  8.7 31 330   M    M   0        42 340
 8  68  39  54   0  11   0 0.00  0.0    0 11.5 24 360   M    M   0        32 340
 9  87  32  60   6   5   0 0.00  0.0    0 10.3 26 190   M    M   0        32 190
10  76  43  60   6   5   0 0.00  0.0    0 12.5 33  30   M    M   0        42  30
11  81  46  64  10   1   0 0.00  0.0    0  7.2 16 130   M    M   0        22 150
12  94  57  76  21   0  11 0.00  0.0    0 15.5 35 180   M    M   0        45 180
13  81  36  59   4   6   0 0.01  0.0    0 18.5 35 350   M    M   0        45 350
14  52  30  41 -15  24   0 0.07  1.5    2 16.8 31 360   M    M   0        42 350
15  69  25  47  -9  18   0 0.00  0.0    0  8.9 23 190   M    M   0        30 190
16  75  46  61   5   4   0 0.00  0.0    0 13.1 26 190   M    M   0        37 220
17  54  37  46 -10  19   0 0.05  0.0    0  8.8 21  20   M    M   0        28  50
18  72  30  51  -6  14   0 0.00  0.0    0  8.7 24 190   M    M   0        33 190
19  82  50  66   9   0   1 0.00  0.0    0 14.6 31 190   M    M   0        39 180
20  74  58  66   8   0   1 0.34  0.0    0 10.1 18 170   M    M   0        29 170
21  81  52  67   9   0   2 0.00  0.0    0  9.8 26  20   M    M   0        34  20
22  78  47  63   5   2   0 0.00  0.0    0  8.0 18 170   M    M   0        26 150
23  84  55  70  11   0   5 0.00  0.0    0 16.5 29 190   M    M   0        41 170
24  73  45  59   0   6   0 0.08  0.0    0 13.0 33 340   M    M   0        46 330
25  84  41  63   4   2   0 0.00  0.0    0 12.5 30 190   M    M   0        42 180
26  87  56  72  12   0   7 0.00  0.0    0 16.5 31 180   M    M   0        43 170
27  80  53  67   7   0   2 0.00  0.0    0 19.1 40 220   M    M   0        52 230
28  72  48  60   0   5   0 0.00  0.0    0 20.6 40 290   M    M   0        53 290
29  56  41  49 -12  16   0 0.00  0.0    0 22.0 36 340   M    M   0        46 320
30  60  39  50 -11  15   0 0.00  0.0    0 15.0 28 350   M    M   0        36 360
================================================================================
SM 2155 1255       264  29 0.63  1.5     373.5          M        0
================================================================================
AV 71.8 41.8                              12.5 FASTST   M    M   0      MAX(MPH)
                                 MISC ---->  # 40 220                     53 290
================================================================================
NOTES:
# LAST OF SEVERAL OCCURRENCES

COLUMN 17 PEAK WIND IN M.P.H.

PRELIMINARY LOCAL CLIMATOLOGICAL DATA (WS FORM: F-6) , PAGE 2

                                          STATION:  MEDICINE LODGE KS
                                          MONTH:    APRIL
                                          YEAR:     2014
                                          LATITUDE:   37 17 N
                                          LONGITUDE:  98 35 W

[TEMPERATURE DATA]      [PRECIPITATION DATA]       SYMBOLS USED IN COLUMN 16

AVERAGE MONTHLY: 56.8   TOTAL FOR MONTH:   0.63    1 = FOG OR MIST
DPTR FM NORMAL:   0.7   DPTR FM NORMAL:   -1.80    2 = FOG REDUCING VISIBILITY
HIGHEST:    94 ON 12    GRTST 24HR  0.34 ON 20-20      TO 1/4 MILE OR LESS
LOWEST:     25 ON 15                               3 = THUNDER
                        SNOW, ICE PELLETS, HAIL    4 = ICE PELLETS
                        TOTAL MONTH:   1.5 INCHES  5 = HAIL
                        GRTST 24HR   1.5 ON 14-14  6 = FREEZING RAIN OR DRIZZLE
                        GRTST DEPTH:   2 ON 14     7 = DUSTSTORM OR SANDSTORM:
                                                       VSBY 1/2 MILE OR LESS
                                                   8 = SMOKE OR HAZE
[NO. OF DAYS WITH]      [WEATHER - DAYS WITH]      9 = BLOWING SNOW
                                                   X = TORNADO
MAX 32 OR BELOW:   0    0.01 INCH OR MORE:   7
MAX 90 OR ABOVE:   1    0.10 INCH OR MORE:   1
MIN 32 OR BELOW:   7    0.50 INCH OR MORE:   0
MIN  0 OR BELOW:   0    1.00 INCH OR MORE:   0

[HDD (BASE 65) ]
TOTAL THIS MO.   264
DPTR FM NORMAL   -24
TOTAL FM JUL 1  4939
DPTR FM NORMAL   554

[CDD (BASE 65) ]
TOTAL THIS MO.    29
DPTR FM NORMAL     7    [PRESSURE DATA]
TOTAL FM JAN 1    29    HIGHEST SLP 30.32 ON 17
DPTR FM NORMAL     5    LOWEST  SLP 29.13 ON 27

[REMARKS]
#FINAL-04-14#
