000
CXUS43 KDDC 021632
CF6P28
PRELIMINARY LOCAL CLIMATOLOGICAL DATA (WS FORM: F-6)

                                          STATION:   MEDICINE LODGE KS
                                          MONTH:     OCTOBER
                                          YEAR:      2010
                                          LATITUDE:   37 17 N
                                          LONGITUDE:  98 35 W

  TEMPERATURE IN F:       :PCPN:    SNOW:  WIND      :SUNSHINE: SKY     :PK WND
================================================================================
1   2   3   4   5  6A  6B    7    8   9   10  11  12  13   14  15   16   17  18
                                     12Z  AVG MX 2MIN
DY MAX MIN AVG DEP HDD CDD  WTR  SNW DPTH SPD SPD DIR MIN PSBL S-S WX    SPD DR
================================================================================

 1  77  46  62  -2   3   0 0.00  0.0    0  1.8 10 190   M    M   0        13 180
 2  69  49  59  -5   6   0 0.00  0.0    0 11.1 22  20   M    M   0        30  60
 3  66  39  53 -11  12   0 0.00  0.0    0  5.7 13 180   M    M   0        16 140
 4  72  43  58  -5   7   0 0.00  0.0    0  8.9 20 170   M    M   0        24 180
 5  79  47  63   0   2   0 0.00  0.0    0  9.7 21 170   M    M   0        28 190
 6  86  50  68   6   0   3 0.00  0.0    0  6.2 13 170   M    M   0        16 170
 7  88  52  70   8   0   5 0.00  0.0    0  4.3 14 180   M    M   0        20 180
 8  89  53  71   9   0   6 0.00  0.0    0  7.3 18 180   M    M   0        28 170
 9  84  50  67   6   0   2 0.00  0.0    0  5.9 20  10   M    M   0        24 340
10  62  46  54  -7  11   0 0.37  0.0    0  4.1 17  30   M    M   0        22  40
11  69  47  58  -2   7   0 0.00  0.0    0  5.8 16  10   M    M   0        21 310
12  77  52  65   5   0   0 0.00  0.0    0 11.0 23 360   M    M   0        31 360
13  70  42  56  -3   9   0 0.00  0.0    0  7.9 21  20   M    M   0        24  30
14  82  39  61   2   4   0 0.00  0.0    0  4.8 17 230   M    M   0        21 220
15  83  45  64   5   1   0 0.00  0.0    0  5.6 14 170   M    M   0        18 160
16  88  52  70  12   0   5 0.00  0.0    0  6.5 16 190   M    M   0        20 180
17  83  46  65   7   0   0 0.00  0.0    0  4.5 12 160   M    M   0        18 140
18  76  50  63   6   2   0 0.00  0.0    0  9.3 21  50   M    M   0        28  30
19  71  44  58   1   7   0 0.00  0.0    0  2.9  9 360   M    M   0        13  40
20  82  41  62   6   3   0 0.00  0.0    0  3.1  8 130   M    M   0        10 240
21  82  50  66  10   0   1 0.15  0.0    0  4.4 21 280   M    M   0        26 270
22  70  55  63   8   2   0 0.04  0.0    0  8.0 24 190   M    M   0        31 190
23  71  55  63   8   2   0 0.00  0.0    0 12.5 26 180   M    M   0        35 180
24  79  47  63   9   2   0 0.00  0.0    0  4.4 14 180   M    M   0        18 180
25  78  51  65  11   0   0 0.02  0.0    0 11.8 33 320   M    M   0        45 310
26  69  37  53   0  12   0 0.00  0.0    0  8.0 24 230   M    M   0        31 230
27  69  34  52  -1  13   0 0.00  0.0    0  8.7 23 350   M    M   0        30 340
28  67  32  50  -2  15   0 0.00  0.0    0  4.4 14 350   M    M   0        18 350
29  72  36  54   2  11   0 0.00  0.0    0 11.6 26 200   M    M   0        37 190
30  75  43  59   8   6   0 0.00  0.0    0  5.3 12 130   M    M   0        15  20
31  69  45  57   6   8   0 0.00  0.0    0  8.8 18  20   M    M   0        23  30
================================================================================
SM 2354 1418       145  22 0.58  0.0     214.3          M        0
================================================================================
AV 75.9 45.7                               6.9 FASTST   M    M   0      MAX(MPH)
                                 MISC ---->    33 320                     45 310
================================================================================
NOTES:
# LAST OF SEVERAL OCCURRENCES

COLUMN 17 PEAK WIND IN M.P.H.

PRELIMINARY LOCAL CLIMATOLOGICAL DATA (WS FORM: F-6) , PAGE 2

                                          STATION:  MEDICINE LODGE KS
                                          MONTH:    OCTOBER
                                          YEAR:     2010
                                          LATITUDE:   37 17 N
                                          LONGITUDE:  98 35 W

[TEMPERATURE DATA]      [PRECIPITATION DATA]       SYMBOLS USED IN COLUMN 16

AVERAGE MONTHLY: 60.8   TOTAL FOR MONTH:   0.58    1 = FOG OR MIST
DPTR FM NORMAL:   2.9   DPTR FM NORMAL:   -1.76    2 = FOG REDUCING VISIBILITY
HIGHEST:    89 ON  8    GRTST 24HR  0.37 ON  9-10      TO 1/4 MILE OR LESS
LOWEST:     32 ON 28                               3 = THUNDER
                        SNOW, ICE PELLETS, HAIL    4 = ICE PELLETS
                        TOTAL MONTH:   0.0 INCH    5 = HAIL
                        GRTST 24HR     0.0         6 = FREEZING RAIN OR DRIZZLE
                        GRTST DEPTH:   0           7 = DUSTSTORM OR SANDSTORM:
                                                       VSBY 1/2 MILE OR LESS
                                                   8 = SMOKE OR HAZE
[NO. OF DAYS WITH]      [WEATHER - DAYS WITH]      9 = BLOWING SNOW
                                                   X = TORNADO
MAX 32 OR BELOW:   0    0.01 INCH OR MORE:   4
MAX 90 OR ABOVE:   0    0.10 INCH OR MORE:   2
MIN 32 OR BELOW:   1    0.50 INCH OR MORE:   0
MIN  0 OR BELOW:   0    1.00 INCH OR MORE:   0

[HDD (BASE 65) ]
TOTAL THIS MO.   145
DPTR FM NORMAL   -92
TOTAL FM JUL 1   152
DPTR FM NORMAL  -124

[CDD (BASE 65) ]
TOTAL THIS MO.    22
DPTR FM NORMAL     6    [PRESSURE DATA]
TOTAL FM JAN 1  2118    HIGHEST SLP 30.56 ON 28
DPTR FM NORMAL   541    LOWEST  SLP 29.02 ON 25

[REMARKS]
#FINAL-10-10#
