000
CXUS43 KDDC 011606
CF6P28
PRELIMINARY LOCAL CLIMATOLOGICAL DATA (WS FORM: F-6)

                                          STATION:   MEDICINE LODGE KS
                                          MONTH:     JUNE
                                          YEAR:      2010
                                          LATITUDE:   37 17 N
                                          LONGITUDE:  98 35 W

  TEMPERATURE IN F:       :PCPN:    SNOW:  WIND      :SUNSHINE: SKY     :PK WND
================================================================================
1   2   3   4   5  6A  6B    7    8   9   10  11  12  13   14  15   16   17  18
                                     12Z  AVG MX 2MIN
DY MAX MIN AVG DEP HDD CDD  WTR  SNW DPTH SPD SPD DIR MIN PSBL S-S WX    SPD DR
================================================================================

 1  96  68  82  11   0  17 0.00  0.0    0 11.0 25 190   M    M   0        36 200
 2  87  67  77   5   0  12 0.00  0.0    0 10.8 21  20   M    M   0        26  30
 3  91  59  75   3   0  10 0.00  0.0    0  5.1 12 140   M    M   0        17 170
 4  99  68  84  12   0  19 0.00  0.0    0  8.7 18 200   M    M   0        24 200
 5 100  69  85  12   0  20 0.00  0.0    0 10.3 22  30   M    M   0        31  30
 6  90  70  80   7   0  15 0.00  0.0    0  9.0 22  50   M    M   0        28  50
 7  80  61  71  -2   0   6 0.99  0.0    0 10.1 36 360   M    M   0        45 360
 8  96  73  85  11   0  20 0.00  0.0    0 11.6 25 200   M    M   0        35 180
 9  91  71  81   7   0  16 0.00  0.0    0 10.5 21 140   M    M   0        33 130
10  93  73  83   9   0  18 0.00  0.0    0 13.5 24 170   M    M   0        32 160
11  94  74  84   9   0  19 0.00  0.0    0 11.6 26 180   M    M   0        36 180
12  95  73  84   9   0  19 0.08  0.0    0 10.2 23 140   M    M   0        33 150
13  87  64  76   1   0  11 3.24  0.0    0  9.2 35 240   M    M   0        52 240
14  80  65  73  -2   0   8 0.08  0.0    0  4.9 20  30   M    M   0        26  20
15  88  66  77   1   0  12 0.05  0.0    0  3.4 13 190   M    M   0        15 190
16  92  71  82   6   0  17 0.00  0.0    0 10.5 23 180   M    M   0        32 180
17  94  73  84   8   0  19 0.00  0.0    0 13.4 25 190   M    M   0        36 200
18  97  73  85   8   0  20 0.00  0.0    0 10.9 22 190   M    M   0        30 200
19  98  74  86   9   0  21 0.00  0.0    0 11.1 24 170   M    M   0        35 180
20  98  74  86   9   0  21 0.00  0.0    0 11.5 23 170   M    M   0        36 160
21  97  74  86   9   0  21 0.00  0.0    0 10.6 23 180   M    M   0        31 180
22  99  74  87  10   0  22 0.00  0.0    0 12.8 23 170   M    M   0        30 170
23  96  76  86   8   0  21 0.00  0.0    0 10.5 22  10   M    M   0        26  40
24  89  72  81   3   0  16 0.00  0.0    0  6.8 18  40   M    M   0        24  50
25  98  74  86   8   0  21 0.00  0.0    0  8.5 17 160   M    M   0        24 160
26 102  74  88  10   0  23 0.00  0.0    0 11.4 22 180   M    M   0        28 180
27  95  74  85   7   0  20 0.00  0.0    0  8.3 15  30   M    M   0        21  30
28  93  65  79   0   0  14 0.00  0.0    0  4.6 17  40   M    M   0        23  30
29  95  62  79   0   0  14 0.00  0.0    0  3.8 10  80   M    M   0        16 110
30  91  69  80   1   0  15 0.00  0.0    0  6.0 13  80   M    M   0        17  80
================================================================================
SM 2801 2100         0 507 4.44  0.0     280.6          M        0
================================================================================
AV 93.4 70.0                               9.4 FASTST   M    M   0    MAX(MPH)
                                 MISC ---->    36 360                     52 240
================================================================================
NOTES:
# LAST OF SEVERAL OCCURRENCES

COLUMN 17 PEAK WIND IN M.P.H.

PRELIMINARY LOCAL CLIMATOLOGICAL DATA (WS FORM: F-6) , PAGE 2

                                          STATION:  MEDICINE LODGE KS
                                          MONTH:    JUNE
                                          YEAR:     2010
                                          LATITUDE:   37 17 N
                                          LONGITUDE:  98 35 W

[TEMPERATURE DATA]      [PRECIPITATION DATA]       SYMBOLS USED IN COLUMN 16

AVERAGE MONTHLY: 81.7   TOTAL FOR MONTH:   4.44    1 = FOG OR MIST
DPTR FM NORMAL:   6.1   DPTR FM NORMAL:    0.36    2 = FOG REDUCING VISIBILITY
HIGHEST:   102 ON 26    GRTST 24HR  3.26 ON 12-13      TO 1/4 MILE OR LESS
LOWEST:     59 ON  3                               3 = THUNDER
                        SNOW, ICE PELLETS, HAIL    4 = ICE PELLETS
                        TOTAL MONTH:   0.0 INCH    5 = HAIL
                        GRTST 24HR     0.0         6 = FREEZING RAIN OR DRIZZLE
                        GRTST DEPTH:   0           7 = DUSTSTORM OR SANDSTORM:
                                                       VSBY 1/2 MILE OR LESS
                                                   8 = SMOKE OR HAZE
[NO. OF DAYS WITH]      [WEATHER - DAYS WITH]      9 = BLOWING SNOW
                                                   X = TORNADO
MAX 32 OR BELOW:   0    0.01 INCH OR MORE:   5
MAX 90 OR ABOVE:  24    0.10 INCH OR MORE:   2
MIN 32 OR BELOW:   0    0.50 INCH OR MORE:   2
MIN  0 OR BELOW:   0    1.00 INCH OR MORE:   1

[HDD (BASE 65) ]
TOTAL THIS MO.     0
DPTR FM NORMAL    -6
TOTAL FM JUL 1  4711
DPTR FM NORMAL  -107

[CDD (BASE 65) ]
TOTAL THIS MO.   507
DPTR FM NORMAL   184    [PRESSURE DATA]
TOTAL FM JAN 1   677    HIGHEST SLP 30.16 ON 30
DPTR FM NORMAL   235    LOWEST  SLP 29.54 ON 11

[REMARKS]
#FINAL-06-10#
