000
CXUS43 KDDC 011644
CF6P28
PRELIMINARY LOCAL CLIMATOLOGICAL DATA (WS FORM: F-6)

                                          STATION:   MEDICINE LODGE KS
                                          MONTH:     MAY
                                          YEAR:      2010
                                          LATITUDE:   37 17 N
                                          LONGITUDE:  98 35 W

  TEMPERATURE IN F:       :PCPN:    SNOW:  WIND      :SUNSHINE: SKY     :PK WND
================================================================================
1   2   3   4   5  6A  6B    7    8   9   10  11  12  13   14  15   16   17  18
                                     12Z  AVG MX 2MIN
DY MAX MIN AVG DEP HDD CDD  WTR  SNW DPTH SPD SPD DIR MIN PSBL S-S WX    SPD DR
================================================================================

 1  69  51  60   0   5   0 0.00  0.0    0  7.3 20  20   M    M   0        23  20
 2  75  44  60  -1   5   0 0.03  0.0    0  5.5 23  10   M    M   0        33 220
 3  76  45  61   0   4   0 0.00  0.0    0  5.8 18  20   M    M   0        24  20
 4  87  49  68   7   0   3 0.00  0.0    0 12.0 28 180   M    M   0        36 190
 5  77  52  65   3   0   0 0.00  0.0    0 11.4 29  20   M    M   0        38  10
 6  90  54  72  10   0   7 0.00  0.0    0 11.6 21 180   M    M   0        29 180
 7  72  40  56  -6   9   0 0.00  0.0    0 17.6 38 360   M    M   0        51 360
 8  66  35  51 -12  14   0 0.00  0.0    0  4.4 14  50   M    M   0        18  60
 9  65  52  59  -4   6   0 0.00  0.0    0 12.3 26 180   M    M   0        37 150
10  80  50  65   2   0   0 0.19  0.0    0 11.7 28 140   M    M   0        41 130
11  76  44  60  -4   5   0 0.00  0.0    0 10.0 18  80   M    M   0        24  80
12  88  49  69   5   0   4 0.74  0.0    0 12.8 30  50   M    M   0        39  50
13  69  47  58  -7   7   0 0.00  0.0    0  9.7 26 340   M    M   0        37 340
14  67  45  56  -9   9   0 0.00  0.0    0  6.2 16  90   M    M   0        24  90
15  68  54  61  -4   4   0 0.00  0.0    0  5.8 14  40   M    M   0        17  50
16  74  58  66   0   0   1 0.48  0.0    0  3.1 13 280   M    M   0        16 280
17  70  55  63  -3   2   0 0.00  0.0    0  6.8 15 360   M    M   0        20 360
18  73  52  63  -3   2   0 0.12  0.0    0  6.1 15 130   M    M   0        20 130
19  64  59  62  -5   3   0 1.20  0.0    0  7.3 29 100   M    M   0        40  90
20  65  55  60  -7   5   0 0.11  0.0    0  8.5 18 350   M    M   0        26 360
21  80  48  64  -3   1   0 0.00  0.0    0  5.9 17 170   M    M   0        25 170
22  87  68  78  10   0  13 0.00  0.0    0 15.4 30 190   M    M   0        41 190
23  88  70  79  11   0  14 0.00  0.0    0 12.6 24 190   M    M   0        32 190
24  86  63  75   7   0  10 0.37  0.0    0 14.7 35 220   M    M   0        49 210
25  83  58  71   2   0   6 1.51  0.0    0  7.9 25 300   M    M   0        33 280
26  81  64  73   4   0   8 0.01  0.0    0  6.7 22  30   M    M   0        29  50
27  88  63  76   6   0  11 0.00  0.0    0  3.3 10 180   M    M   0        15 160
28  89  68  79   9   0  14 0.00  0.0    0  6.8 13 170   M    M   0        16 130
29  91  67  79   9   0  14 0.00  0.0    0  8.9 17 180   M    M   0        25 190
30  86  66  76   5   0  11 0.00  0.0    0  9.7 24  10   M    M   0        30 360
31  84  61  73   2   0   8 0.00  0.0    0  5.3 13 230   M    M   0        16  40
================================================================================
SM 2414 1686        81 124 4.76  0.0     273.1          M        0
================================================================================
AV 77.9 54.4                               8.8 FASTST   M    M   0    MAX(MPH)
                                 MISC ---->    38 360                     51 360
================================================================================
NOTES:
# LAST OF SEVERAL OCCURRENCES

COLUMN 17 PEAK WIND IN M.P.H.

PRELIMINARY LOCAL CLIMATOLOGICAL DATA (WS FORM: F-6) , PAGE 2

                                          STATION:  MEDICINE LODGE KS
                                          MONTH:    MAY
                                          YEAR:     2010
                                          LATITUDE:   37 17 N
                                          LONGITUDE:  98 35 W

[TEMPERATURE DATA]      [PRECIPITATION DATA]       SYMBOLS USED IN COLUMN 16

AVERAGE MONTHLY: 66.2   TOTAL FOR MONTH:   4.76    1 = FOG OR MIST
DPTR FM NORMAL:   0.4   DPTR FM NORMAL:    0.83    2 = FOG REDUCING VISIBILITY
HIGHEST:    91 ON 29    GRTST 24HR  1.88 ON 24-25      TO 1/4 MILE OR LESS
LOWEST:     35 ON  8                               3 = THUNDER
                        SNOW, ICE PELLETS, HAIL    4 = ICE PELLETS
                        TOTAL MONTH:   0.0 INCH    5 = HAIL
                        GRTST 24HR     0.0         6 = FREEZING RAIN OR DRIZZLE
                        GRTST DEPTH:   0           7 = DUSTSTORM OR SANDSTORM:
                                                       VSBY 1/2 MILE OR LESS
                                                   8 = SMOKE OR HAZE
[NO. OF DAYS WITH]      [WEATHER - DAYS WITH]      9 = BLOWING SNOW
                                                   X = TORNADO
MAX 32 OR BELOW:   0    0.01 INCH OR MORE:  10
MAX 90 OR ABOVE:   2    0.10 INCH OR MORE:   8
MIN 32 OR BELOW:   0    0.50 INCH OR MORE:   3
MIN  0 OR BELOW:   0    1.00 INCH OR MORE:   2

[HDD (BASE 65) ]
TOTAL THIS MO.    81
DPTR FM NORMAL    -6
TOTAL FM JUL 1  4711
DPTR FM NORMAL  -101

[CDD (BASE 65) ]
TOTAL THIS MO.   124
DPTR FM NORMAL    20    [PRESSURE DATA]
TOTAL FM JAN 1   170    HIGHEST SLP 30.43 ON  8
DPTR FM NORMAL    51    LOWEST  SLP 29.26 ON 10

[REMARKS]
#FINAL-05-10#
