000
CXUS53 KDDC 011406
CF6P28
PRELIMINARY LOCAL CLIMATOLOGICAL DATA (WS FORM: F-6)

                                          STATION:   MEDICINE LODGE KS
                                          MONTH:     AUGUST
                                          YEAR:      2016
                                          LATITUDE:   37 17 N
                                          LONGITUDE:  98 35 W

  TEMPERATURE IN F:       :PCPN:    SNOW:  WIND      :SUNSHINE: SKY     :PK WND
================================================================================
1   2   3   4   5  6A  6B    7    8   9   10  11  12  13   14  15   16   17  18
                                     12Z  AVG MX 2MIN
DY MAX MIN AVG DEP HDD CDD  WTR  SNW DPTH SPD SPD DIR MIN PSBL S-S WX    SPD DR
================================================================================

 1 101  73  87   5   0  22 0.00  0.0    0 10.2 22 190   M    M   0        29 200
 2  91  74  83   1   0  18 0.01  0.0    0  5.6 16 200   M    M   0        25 220
 3 102  71  87   5   0  22 0.00  0.0    0  7.2 18 180   M    M   0        26 170
 4  93  74  84   2   0  19 0.19  0.0    0 11.7 22 180   M    M   0        30 180
 5  91  72  82   0   0  17 0.02  0.0    0  8.6 20 360   M    M   0        24  10
 6  81  69  75  -7   0  10 1.55  0.0    0  7.5 21 310   M    M   0        28 320
 7  87  68  78  -4   0  13 0.79  0.0    0  9.5 20 180   M    M   0        26 170
 8  88  69  79  -3   0  14 0.03  0.0    0  6.2 14 170   M    M   0        20 180
 9  92  72  82   0   0  17 0.00  0.0    0  7.3 16 190   M    M   0        21 200
10  97  73  85   3   0  20 0.01  0.0    0  9.7 21 180   M    M   0        27 200
11 100  69  85   4   0  20 2.01  0.0    0  9.0 33 300   M    M   0        46 310
12  88  70  79  -2   0  14 0.02  0.0    0  8.6 25  10   M    M   0        33 360
13  89  64  77  -4   0  12 0.00  0.0    0  7.0 17  40   M    M   0        23  20
14  88  62  75  -6   0  10 0.00  0.0    0  5.0 12 340   M    M   0        14  60
15  88  69  79  -2   0  14 0.00  0.0    0  5.5 14 130   M    M   0        19 130
16  94  64  79  -2   0  14 0.00  0.0    0  6.8 16 190   M    M   0        20 170
17  93  66  80   0   0  15 0.00  0.0    0  7.0 17 190   M    M   0        22 190
18  91  67  79  -1   0  14 0.00  0.0    0  6.1 14 170   M    M   0        18 110
19  94  68  81   1   0  16 0.00  0.0    0 10.4 21 200   M    M   0        26 340
20  81  59  70 -10   0   5 0.00  0.0    0 10.3 24 360   M    M   0        32 350
21  85  51  68 -12   0   3 0.00  0.0    0  4.6 13 200   M    M   0        17 120
22  89  60  75  -4   0  10 0.00  0.0    0  9.3 20 180   M    M   0        25 170
23  94  71  83   4   0  18 0.00  0.0    0 13.4 28 190   M    M   0        38 190
24  87  68  78  -1   0  13 1.18  0.0    0  7.2 45 220   M    M   0        58 220
25  80  65  73  -6   0   8 0.15  0.0    0  7.6 20 360   M    M   0        25 350
26  82  65  74  -4   0   9 0.41  0.0    0  4.4 15 200   M    M   0        17 200
27  89  65  77  -1   0  12 0.00  0.0    0  6.6 14  20   M    M   0        18 180
28  88  67  78   0   0  13 0.79  0.0    0  6.6 24 330   M    M   0        31 290
29  86  67  77  -1   0  12 0.00  0.0    0  4.4 17  90   M    M   0        21  80
30  87  68  78   1   0  13 0.00  0.0    0  3.9 14 360   M    M   0        17 360
31  83  68  76  -1   0  11 0.00  0.0    0  6.4 14  70   M    M   0        21  50
================================================================================
SM 2779 2088         0 428 7.16  0.0     233.6          M        0
================================================================================
AV 89.6 67.4                               7.5 FASTST   M    M   0      MAX(MPH)
                                 MISC ---->    45 220                     58 220
================================================================================
NOTES:
# LAST OF SEVERAL OCCURRENCES

COLUMN 17 PEAK WIND IN M.P.H.

PRELIMINARY LOCAL CLIMATOLOGICAL DATA (WS FORM: F-6) , PAGE 2

                                          STATION:  MEDICINE LODGE KS
                                          MONTH:    AUGUST
                                          YEAR:     2016
                                          LATITUDE:   37 17 N
                                          LONGITUDE:  98 35 W

[TEMPERATURE DATA]      [PRECIPITATION DATA]       SYMBOLS USED IN COLUMN 16

AVERAGE MONTHLY: 78.5   TOTAL FOR MONTH:   7.16    1 = FOG OR MIST
DPTR FM NORMAL:  -1.8   DPTR FM NORMAL:    4.04    2 = FOG REDUCING VISIBILITY
HIGHEST:   102 ON  3    GRTST 24HR  2.03 ON 11-12      TO 1/4 MILE OR LESS
LOWEST:     51 ON 21                               3 = THUNDER
                        SNOW, ICE PELLETS, HAIL    4 = ICE PELLETS
                        TOTAL MONTH:   0.0 INCH    5 = HAIL
                        GRTST 24HR     0.0         6 = FREEZING RAIN OR DRIZZLE
                        GRTST DEPTH:   0           7 = DUSTSTORM OR SANDSTORM:
                                                       VSBY 1/2 MILE OR LESS
                                                   8 = SMOKE OR HAZE
[NO. OF DAYS WITH]      [WEATHER - DAYS WITH]      9 = BLOWING SNOW
                                                   X = TORNADO
MAX 32 OR BELOW:   0    0.01 INCH OR MORE:  13
MAX 90 OR ABOVE:  13    0.10 INCH OR MORE:   8
MIN 32 OR BELOW:   0    0.50 INCH OR MORE:   5
MIN  0 OR BELOW:   0    1.00 INCH OR MORE:   3

[HDD (BASE 65) ]
TOTAL THIS MO.     0
DPTR FM NORMAL     0
TOTAL FM JUL 1     0
DPTR FM NORMAL     0

[CDD (BASE 65) ]
TOTAL THIS MO.   428
DPTR FM NORMAL   -46    [PRESSURE DATA]
TOTAL FM JAN 1  1600    HIGHEST SLP 30.16 ON 29
DPTR FM NORMAL    89    LOWEST  SLP 29.65 ON 19

[REMARKS]
#FINAL-08-16#
