000
CXUS53 KDDC 021447
CF6P28
PRELIMINARY LOCAL CLIMATOLOGICAL DATA (WS FORM: F-6)

                                          STATION:   MEDICINE LODGE KS
                                          MONTH:     MARCH
                                          YEAR:      2016
                                          LATITUDE:   37 17 N
                                          LONGITUDE:  98 35 W

  TEMPERATURE IN F:       :PCPN:    SNOW:  WIND      :SUNSHINE: SKY     :PK WND
================================================================================
1   2   3   4   5  6A  6B    7    8   9   10  11  12  13   14  15   16   17  18
                                     12Z  AVG MX 2MIN
DY MAX MIN AVG DEP HDD CDD  WTR  SNW DPTH SPD SPD DIR MIN PSBL S-S WX    SPD DR
================================================================================

 1  58  33  46   4  19   0 0.00  0.0    0 10.4 30  10   M    M   0        40  10
 2  70  34  52  10  13   0 0.00  0.0    0 10.3 30 190   M    M   0        39 190
 3  65  36  51   8  14   0 0.00  0.0    0 12.4 28 360   M    M   0        36 360
 4  74  33  54  11  11   0 0.00  0.0    0 11.5 26 190   M    M   0        34 180
 5  70  31  51   8  14   0 0.00  0.0    0  7.2 20 180   M    M   0        25 180
 6  75  47  61  17   4   0 0.00  0.0    0 15.4 33 190   M    M   0        44 190
 7  79  60  70  26   0   5 0.00  0.0    0 17.1 30 170   M    M   0        40 160
 8  65  42  54  10  11   0 0.15  0.0    0  7.1 24  10   M    M   0        30 360
 9  66  37  52   7  13   0 0.00  0.0    0  4.9 12  40   M    M   0        15  40
10  72  36  54   9  11   0 0.00  0.0    0  6.9 16  50   M    M   0        20  60
11  70  33  52   7  13   0 0.00  0.0    0  5.5 16  90   M    M   0        21 120
12  64  51  58  12   7   0 0.03  0.0    0  8.5 17 170   M    M   0        22 170
13  66  45  56  10   9   0 0.04  0.0    0  4.0 12 140   M    M   0        16 130
14  80  39  60  14   5   0 0.00  0.0    0  7.8 22 180   M    M   0        27 170
15  68  35  52   6  13   0 0.00  0.0    0 15.6 36 340   M    M   0        49 350
16  65  31  48   1  17   0 0.00  0.0    0  6.1 18 300   M    M   0        24 320
17  66  33  50   3  15   0 0.00  0.0    0  7.4 29  40   M    M   0        42  40
18  48  28  38  -9  27   0 0.00  0.0    0 15.9 30  20   M    M   0        38  20
19  51  20  36 -12  29   0 0.00  0.0    0 10.4 25 350   M    M   0        33 350
20  52  20  36 -12  29   0 0.00  0.0    0  6.9 17 360   M    M   0        24 360
21  74  30  52   4  13   0 0.00  0.0    0 14.1 29 190   M    M   0        37 190
22  83  49  66  17   0   1 0.00  0.0    0 16.6 33 190   M    M   0        42 190
23  78  37  58   9   7   0 0.00  0.0    0 20.9 37 240   M    M   0        51 190
24  57  30  44  -5  21   0 0.00  0.0    0 16.3 37 330   M    M   0        47 340
25  67  25  46  -3  19   0 0.00  0.0    0 10.6 26 190   M    M   0        41 200
26  61  37  49  -1  16   0 0.01  0.0    0 13.8 29 360   M    M   0        39 360
27  59  27  43  -7  22   0 0.44  1.0    1  7.6 22 360   M    M   0        26 350
28  68  31  50   0  15   0 0.00  0.0    0 10.6 26 170   M    M   0        32 190
29  68  44  56   5   9   0 0.00  0.0    0 13.4 24 160   M    M   0        38 160
30  82  55  69  18   0   4 0.00  0.0    0 13.0 23 170   M    M   0        32 140
31  65  35  50  -1  15   0 0.00  0.0    0 13.4 25 340   M    M   0        31 350
================================================================================
SM 2086 1124       411  10 0.67  1.0     341.6          M        0
================================================================================
AV 67.3 36.3                              11.0 FASTST   M    M   0      MAX(MPH)
                                 MISC ---->  # 37 240                     51 190
================================================================================
NOTES:
# LAST OF SEVERAL OCCURRENCES

COLUMN 17 PEAK WIND IN M.P.H.

PRELIMINARY LOCAL CLIMATOLOGICAL DATA (WS FORM: F-6) , PAGE 2

                                          STATION:  MEDICINE LODGE KS
                                          MONTH:    MARCH
                                          YEAR:     2016
                                          LATITUDE:   37 17 N
                                          LONGITUDE:  98 35 W

[TEMPERATURE DATA]      [PRECIPITATION DATA]       SYMBOLS USED IN COLUMN 16

AVERAGE MONTHLY: 51.8   TOTAL FOR MONTH:   0.67    1 = FOG OR MIST
DPTR FM NORMAL:   5.1   DPTR FM NORMAL:   -1.59    2 = FOG REDUCING VISIBILITY
HIGHEST:    83 ON 22    GRTST 24HR  0.45 ON 26-27      TO 1/4 MILE OR LESS
LOWEST:     20 ON 20,19                            3 = THUNDER
                        SNOW, ICE PELLETS, HAIL    4 = ICE PELLETS
                        TOTAL MONTH:   1.0 INCH    5 = HAIL
                        GRTST 24HR   1.0 ON 27-27  6 = FREEZING RAIN OR DRIZZLE
                        GRTST DEPTH:   1 ON 27     7 = DUSTSTORM OR SANDSTORM:
                                                       VSBY 1/2 MILE OR LESS
                                                   8 = SMOKE OR HAZE
[NO. OF DAYS WITH]      [WEATHER - DAYS WITH]      9 = BLOWING SNOW
                                                   X = TORNADO
MAX 32 OR BELOW:   0    0.01 INCH OR MORE:   5
MAX 90 OR ABOVE:   0    0.10 INCH OR MORE:   2
MIN 32 OR BELOW:  10    0.50 INCH OR MORE:   0
MIN  0 OR BELOW:   0    1.00 INCH OR MORE:   0

[HDD (BASE 65) ]
TOTAL THIS MO.   411
DPTR FM NORMAL  -157
TOTAL FM JUL 1  3300
DPTR FM NORMAL  -797

[CDD (BASE 65) ]
TOTAL THIS MO.    10
DPTR FM NORMAL     8    [PRESSURE DATA]
TOTAL FM JAN 1    10    HIGHEST SLP 30.53 ON 20
DPTR FM NORMAL     8    LOWEST  SLP 29.32 ON 23

[REMARKS]
#FINAL-03-16#
