000
CXUS53 KDDC 012145
CF6P28
PRELIMINARY LOCAL CLIMATOLOGICAL DATA (WS FORM: F-6)

                                          STATION:   MEDICINE LODGE KS
                                          MONTH:     APRIL
                                          YEAR:      2017
                                          LATITUDE:   37 17 N
                                          LONGITUDE:  98 35 W

  TEMPERATURE IN F:       :PCPN:    SNOW:  WIND      :SUNSHINE: SKY     :PK WND
================================================================================
1   2   3   4   5  6A  6B    7    8   9   10  11  12  13   14  15   16   17  18
                                     12Z  AVG MX 2MIN
DY MAX MIN AVG DEP HDD CDD  WTR  SNW DPTH SPD SPD DIR MIN PSBL S-S WX    SPD DR
================================================================================

 1  52  44  48  -4  17   0 0.01  0.0    0 12.2 23  50   M    M   0        31  50
 2  55  45  50  -2  15   0 0.03  0.0    0  7.2 14 360   M    M   0        18 360
 3  72  43  58   6   7   0 0.00  0.0    0  9.2 21  10   M    M   0        29  10
 4  52  42  47  -5  18   0 0.95  0.0    0 14.9 29  10   M    M   0        37 360
 5  63  40  52  -1  13   0 0.00  0.0    0 15.3 32 340   M    M   0        41 350
 6  65  30  48  -5  17   0 0.00  0.0    0  5.8 13  50   M    M   0        16  40
 7  74  40  57   4   8   0 0.00  0.0    0 11.4 28 170   M    M   0        34 170
 8  84  52  68  14   0   3 0.00  0.0    0 11.6 21 160   M    M   0        28 170
 9  87  56  72  18   0   7 0.00  0.0    0 10.8 29  10   M    M   0        39 360
10  70  47  59   5   6   0 0.00  0.0    0 13.3 26 330   M    M   0        34 340
11  71  35  53  -1  12   0 0.00  0.0    0  5.2 15  60   M    M   0        19 140
12  74  46  60   5   5   0 0.00  0.0    0 11.5 29 170   M    M   0        36 180
13  66  56  61   6   4   0 0.13  0.0    0  7.1 16 220   M    M   0        21 220
14  79  57  68  12   0   3 0.00  0.0    0 16.6 33 180   M    M   0        43 180
15  81  61  71  15   0   6 0.01  0.0    0 13.4 23 180   M    M   0        30 170
16  71  55  63   7   2   0 0.22  0.0    0  8.7 21  50   M    M   0        28  50
17  71  54  63   7   2   0 0.10  0.0    0  8.0 16 190   M    M   0        22 160
18  81  55  68  11   0   3 0.00  0.0    0 13.4 25 180   M    M   0        32 180
19  82  59  71  14   0   6 0.01  0.0    0 14.1 28 170   M    M   0        37 180
20  72  55  64   6   1   0 0.00  0.0    0 10.6 23  20   M    M   0        28  20
21  59  44  52  -6  13   0 0.86  0.0    0 14.2 37  70   M    M   0        48  80
22  61  40  51  -7  14   0 0.00  0.0    0 11.3 23  20   M    M   0        29  30
23  68  34  51  -8  14   0 0.00  0.0    0  6.8 15 180   M    M   0        19 150
24  79  46  63   4   2   0 0.00  0.0    0 15.0 28 190   M    M   0        37 190
25  73  46  60   1   5   0 0.03  0.0    0 12.2 29 360   M    M   0        40  10
26  60  39  50 -10  15   0 0.01  0.0    0 12.7 25 350   M    M   0        33 340
27  61  32  47 -13  18   0 0.01  0.0    0  9.0 20 130   M    M   0        32 130
28  73  45  59  -1   6   0 0.00  0.0    0 10.3 32  20   M    M   0        41  20
29  60  40  50 -11  15   0 1.33  0.0    0 19.5 31  10   M    M   0        52  30
30   M   M   M   M   M   M 0.52  0.0    0 14.4 24 320   M    M   0        40 320
================================================================================
SM 2016 1338       229  28 4.22  0.0     345.7          M        0
================================================================================
AV 69.5 46.1                              11.5 FASTST   M    M   0      MAX(MPH)
                                 MISC ---->    37  70                     52  30
================================================================================
NOTES:
# LAST OF SEVERAL OCCURRENCES

COLUMN 17 PEAK WIND IN M.P.H.

PRELIMINARY LOCAL CLIMATOLOGICAL DATA (WS FORM: F-6) , PAGE 2

                                          STATION:  MEDICINE LODGE KS
                                          MONTH:    APRIL
                                          YEAR:     2017
                                          LATITUDE:   37 17 N
                                          LONGITUDE:  98 35 W

[TEMPERATURE DATA]      [PRECIPITATION DATA]       SYMBOLS USED IN COLUMN 16

AVERAGE MONTHLY: 57.8   TOTAL FOR MONTH:   4.22    1 = FOG OR MIST
DPTR FM NORMAL:   1.7   DPTR FM NORMAL:    1.79    2 = FOG REDUCING VISIBILITY
HIGHEST:    87 ON  9    GRTST 24HR  1.33 ON 29-29      TO 1/4 MILE OR LESS
LOWEST:     30 ON  6                               3 = THUNDER
                        SNOW, ICE PELLETS, HAIL    4 = ICE PELLETS
                        TOTAL MONTH:   0.0 INCH    5 = HAIL
                        GRTST 24HR     0.0         6 = FREEZING RAIN OR DRIZZLE
                        GRTST DEPTH:   0           7 = DUSTSTORM OR SANDSTORM:
                                                       VSBY 1/2 MILE OR LESS
                                                   8 = SMOKE OR HAZE
[NO. OF DAYS WITH]      [WEATHER - DAYS WITH]      9 = BLOWING SNOW
                                                   X = TORNADO
MAX 32 OR BELOW:   0    0.01 INCH OR MORE:  14
MAX 90 OR ABOVE:   0    0.10 INCH OR MORE:   7
MIN 32 OR BELOW:   2    0.50 INCH OR MORE:   4
MIN  0 OR BELOW:   0    1.00 INCH OR MORE:   1

[HDD (BASE 65) ]
TOTAL THIS MO.   229
DPTR FM NORMAL   -59
TOTAL FM JUL 1  3674
DPTR FM NORMAL  -711

[CDD (BASE 65) ]
TOTAL THIS MO.    28
DPTR FM NORMAL     6    [PRESSURE DATA]
TOTAL FM JAN 1    40    HIGHEST SLP 30.33 ON 11
DPTR FM NORMAL    16    LOWEST  SLP 29.29 ON 25

[REMARKS]
#FINAL-04-17#
