000
CXUS53 KDDC 011416
CF6P28
PRELIMINARY LOCAL CLIMATOLOGICAL DATA (WS FORM: F-6)

                                          STATION:   MEDICINE LODGE KS
                                          MONTH:     SEPTEMBER
                                          YEAR:      2013
                                          LATITUDE:   37 17 N
                                          LONGITUDE:  98 35 W

  TEMPERATURE IN F:       :PCPN:    SNOW:  WIND      :SUNSHINE: SKY     :PK WND
================================================================================
1   2   3   4   5  6A  6B    7    8   9   10  11  12  13   14  15   16   17  18
                                     12Z  AVG MX 2MIN
DY MAX MIN AVG DEP HDD CDD  WTR  SNW DPTH SPD SPD DIR MIN PSBL S-S WX    SPD DR
================================================================================

 1  93  71  82   5   0  17 0.00  0.0    0  8.5 21 360   M    M   0        29 340
 2  90  57  74  -2   0   9 0.00  0.0    0  4.4 13  60   M    M   0        16  40
 3  91  57  74  -2   0   9 0.00  0.0    0  3.6 10 200   M    M   0        14 190
 4  93  57  75  -1   0  10 0.00  0.0    0  5.7 12 150   M    M   0        17 140
 5  95  63  79   4   0  14 0.00  0.0    0  6.1 14 180   M    M   0        18 170
 6  98  69  84   9   0  19 0.00  0.0    0  7.2 15 170   M    M   0        19 200
 7 101  71  86  11   0  21 0.00  0.0    0  6.4 16 190   M    M   0        20 180
 8  99  69  84  10   0  19 0.00  0.0    0  6.9 20 220   M    M   0        24 220
 9  95  65  80   6   0  15 0.00  0.0    0 10.2 24 190   M    M   0        33 190
10  94  69  82   8   0  17 0.00  0.0    0 10.7 23 190   M    M   0        28 200
11  94  69  82   9   0  17 0.00  0.0    0  7.5 18  20   M    M   0        23  20
12  80  71  76   3   0  11 0.00  0.0    0 10.1 17  50   M    M   0        24  50
13  73  64  69  -3   0   4 0.04  0.0    0  6.9 12  70   M    M   0        16  60
14  83  60  72   0   0   7 0.00  0.0    0  8.0 18 220   M    M   0        23 220
15  94  64  79   7   0  14 0.00  0.0    0 10.1 26  40   M    M   0        35  30
16  79  63  71   0   0   6 0.03  0.0    0  6.6 18  40   M    M   0        24  40
17  87  65  76   5   0  11 0.00  0.0    0  9.3 21 180   M    M   0        28 190
18  94  69  82  12   0  17 0.00  0.0    0 15.7 30 210   M    M   0        43 200
19  91  64  78   8   0  13 0.10  0.0    0  9.2 21 200   M    M   0        28 190
20  77  52  65  -4   0   0 0.00  0.0    0  8.6 20  30   M    M   0        24  20
21  81  47  64  -5   1   0 0.00  0.0    0  6.0 16 190   M    M   0        24 200
22  83  57  70   1   0   5 0.00  0.0    0 10.4 23 180   M    M   0        32 140
23  83  54  69   1   0   4 0.00  0.0    0 14.0 29 180   M    M   0        39 180
24  84  54  69   1   0   4 0.00  0.0    0 11.5 25 320   M    M   0        35 320
25  88  46  67   0   0   2 0.00  0.0    0  7.8 21 180   M    M   0        31 170
26  95  63  79  12   0  14 0.00  0.0    0 14.0 29 180   M    M   0        38 190
27  89  65  77  11   0  12 0.00  0.0    0 14.1 26 180   M    M   0        36 180
28  76  48  62  -4   3   0 0.92  0.0    0 11.5 26 330   M    M   0        34 320
29  74  43  59  -7   6   0 0.00  0.0    0  5.2 13 170   M    M   0        17 210
30  81  50  66   1   0   1 0.00  0.0    0  8.1 18 190   M    M   0        24 170
================================================================================
SM 2635 1816        10 292 1.09  0.0     264.3          M        0
================================================================================
AV 87.8 60.5                               8.8 FASTST   M    M   0      MAX(MPH)
                                 MISC ---->    30 210                     43 200
================================================================================
NOTES:
# LAST OF SEVERAL OCCURRENCES

COLUMN 17 PEAK WIND IN M.P.H.

PRELIMINARY LOCAL CLIMATOLOGICAL DATA (WS FORM: F-6) , PAGE 2

                                          STATION:  MEDICINE LODGE KS
                                          MONTH:    SEPTEMBER
                                          YEAR:     2013
                                          LATITUDE:   37 17 N
                                          LONGITUDE:  98 35 W

[TEMPERATURE DATA]      [PRECIPITATION DATA]       SYMBOLS USED IN COLUMN 16

AVERAGE MONTHLY: 74.2   TOTAL FOR MONTH:   1.09    1 = FOG OR MIST
DPTR FM NORMAL:   3.0   DPTR FM NORMAL:   -1.01    2 = FOG REDUCING VISIBILITY
HIGHEST:   101 ON  7    GRTST 24HR  0.92 ON 28-28      TO 1/4 MILE OR LESS
LOWEST:     43 ON 29                               3 = THUNDER
                        SNOW, ICE PELLETS, HAIL    4 = ICE PELLETS
                        TOTAL MONTH:   0.0 INCH    5 = HAIL
                        GRTST 24HR     0.0         6 = FREEZING RAIN OR DRIZZLE
                        GRTST DEPTH:   0           7 = DUSTSTORM OR SANDSTORM:
                                                       VSBY 1/2 MILE OR LESS
                                                   8 = SMOKE OR HAZE
[NO. OF DAYS WITH]      [WEATHER - DAYS WITH]      9 = BLOWING SNOW
                                                   X = TORNADO
MAX 32 OR BELOW:   0    0.01 INCH OR MORE:   4
MAX 90 OR ABOVE:  15    0.10 INCH OR MORE:   2
MIN 32 OR BELOW:   0    0.50 INCH OR MORE:   1
MIN  0 OR BELOW:   0    1.00 INCH OR MORE:   0

[HDD (BASE 65) ]
TOTAL THIS MO.    10
DPTR FM NORMAL   -24
TOTAL FM JUL 1    10
DPTR FM NORMAL   -24

[CDD (BASE 65) ]
TOTAL THIS MO.   292
DPTR FM NORMAL    72    [PRESSURE DATA]
TOTAL FM JAN 1  1741    HIGHEST SLP 30.18 ON 16
DPTR FM NORMAL    10    LOWEST  SLP 29.63 ON 26

[REMARKS]
#FINAL-09-13#
