000
CXUS53 KDDC 031557
CF6P28
PRELIMINARY LOCAL CLIMATOLOGICAL DATA (WS FORM: F-6)

                                          STATION:   MEDICINE LODGE KS
                                          MONTH:     OCTOBER
                                          YEAR:      2015
                                          LATITUDE:   37 17 N
                                          LONGITUDE:  98 35 W

  TEMPERATURE IN F:       :PCPN:    SNOW:  WIND      :SUNSHINE: SKY     :PK WND
================================================================================
1   2   3   4   5  6A  6B    7    8   9   10  11  12  13   14  15   16   17  18
                                     12Z  AVG MX 2MIN
DY MAX MIN AVG DEP HDD CDD  WTR  SNW DPTH SPD SPD DIR MIN PSBL S-S WX    SPD DR
================================================================================

 1  72  57  65   0   0   0 0.01  0.0    0  6.7 12 100   M    M   0        16  90
 2  71  46  59  -5   6   0 0.00  0.0    0  5.7 15  90   M    M   0        19  80
 3  63  51  57  -7   8   0 0.04  0.0    0  4.8 13  90   M    M   0        19 130
 4  67  55  61  -3   4   0 0.00  0.0    0  4.0 10 100   M    M   0        15 100
 5  67  51  59  -4   6   0 0.02  0.0    0  4.5 10 170   M    M   0        13 180
 6  80  48  64   1   1   0 0.00  0.0    0  4.1 13 160   M    M   0        17 170
 7  73  56  65   3   0   0 0.02  0.0    0  3.9  9 190   M    M   0        12 190
 8  88  52  70   8   0   5 0.00  0.0    0  5.1 24  30   M    M   0        36  20
 9  76  49  63   1   2   0 0.09  0.0    0  7.9 23  30   M    M   0        30  70
10  80  46  63   2   2   0 0.00  0.0    0  8.5 20 180   M    M   0        26 180
11  92  57  75  14   0  10 0.00  0.0    0  7.9 21 180   M    M   0        25 190
12  83  47  65   5   0   0 0.00  0.0    0 11.7 31  20   M    M   0        40  20
13  91  42  67   7   0   2 0.00  0.0    0  4.2 15 230   M    M   0        20 260
14  86  50  68   9   0   3 0.00  0.0    0  6.6 17  90   M    M   0        23  80
15  86  52  69  10   0   4 0.00  0.0    0 11.7 25  50   M    M   0        33  50
16  71  49  60   1   5   0 0.00  0.0    0  7.6 18  40   M    M   0        24  40
17  71  53  62   4   3   0 0.00  0.0    0  9.0 17 130   M    M   0        24 170
18  81  47  64   6   1   0 0.00  0.0    0 12.4 24 180   M    M   0        31 190
19  82  54  68  10   0   3 0.00  0.0    0 14.6 32 190   M    M   0        42 180
20  85  59  72  15   0   7 0.00  0.0    0 11.9 24 170   M    M   0        32 220
21  80  56  68  11   0   3 0.00  0.0    0  4.8 13  10   M    M   0        18 320
22  70  61  66  10   0   1 0.19  0.0    0  9.6 23 140   M    M   0        35 150
23  81  54  68  12   0   3 0.03  0.0    0 10.4 20 240   M    M   0        27 250
24  64  38  51  -5  14   0 0.00  0.0    0  9.1 18 360   M    M   0        25  10
25  68  31  50  -5  15   0 0.00  0.0    0  3.7  8 130   M    M   0        12 100
26  67  33  50  -5  15   0 0.00  0.0    0  2.2  9 110   M    M   0        13 110
27  72  41  57   3   8   0 0.00  0.0    0  3.9 14 300   M    M   0        20 290
28  69  42  56   2   9   0 0.01  0.0    0  9.2 25 350   M    M   0        35 350
29  61  38  50  -3  15   0 0.00  0.0    0  7.2 18  40   M    M   0        25  40
30  52  45  49  -4  16   0 0.65  0.0    0  6.3 17  60   M    M   0        21  60
31  73  42  58   6   7   0 0.00  0.0    0  6.6 16 310   M    M   0        22 320
================================================================================
SM 2322 1502       137  41 1.06  0.0     225.8          M        0
================================================================================
AV 74.9 48.5                               7.3 FASTST   M    M   0      MAX(MPH)
                                 MISC ---->    32 190                     42 180
================================================================================
NOTES:
# LAST OF SEVERAL OCCURRENCES

COLUMN 17 PEAK WIND IN M.P.H.

PRELIMINARY LOCAL CLIMATOLOGICAL DATA (WS FORM: F-6) , PAGE 2

                                          STATION:  MEDICINE LODGE KS
                                          MONTH:    OCTOBER
                                          YEAR:     2015
                                          LATITUDE:   37 17 N
                                          LONGITUDE:  98 35 W

[TEMPERATURE DATA]      [PRECIPITATION DATA]       SYMBOLS USED IN COLUMN 16

AVERAGE MONTHLY: 61.7   TOTAL FOR MONTH:   1.06    1 = FOG OR MIST
DPTR FM NORMAL:   3.1   DPTR FM NORMAL:   -1.78    2 = FOG REDUCING VISIBILITY
HIGHEST:    92 ON 11    GRTST 24HR  0.65 ON 30-30      TO 1/4 MILE OR LESS
LOWEST:     31 ON 25                               3 = THUNDER
                        SNOW, ICE PELLETS, HAIL    4 = ICE PELLETS
                        TOTAL MONTH:   0.0 INCH    5 = HAIL
                        GRTST 24HR     0.0         6 = FREEZING RAIN OR DRIZZLE
                        GRTST DEPTH:   0           7 = DUSTSTORM OR SANDSTORM:
                                                       VSBY 1/2 MILE OR LESS
                                                   8 = SMOKE OR HAZE
[NO. OF DAYS WITH]      [WEATHER - DAYS WITH]      9 = BLOWING SNOW
                                                   X = TORNADO
MAX 32 OR BELOW:   0    0.01 INCH OR MORE:   9
MAX 90 OR ABOVE:   2    0.10 INCH OR MORE:   2
MIN 32 OR BELOW:   1    0.50 INCH OR MORE:   1
MIN  0 OR BELOW:   0    1.00 INCH OR MORE:   0

[HDD (BASE 65) ]
TOTAL THIS MO.   137
DPTR FM NORMAL   -98
TOTAL FM JUL 1   137
DPTR FM NORMAL  -132

[CDD (BASE 65) ]
TOTAL THIS MO.    41
DPTR FM NORMAL     3    [PRESSURE DATA]
TOTAL FM JAN 1  1867    HIGHEST SLP 30.49 ON 16
DPTR FM NORMAL    98    LOWEST  SLP 29.60 ON 11

[REMARKS]
#FINAL-10-15#
