000
CXUS53 KDDC 291200
CF6P28
PRELIMINARY LOCAL CLIMATOLOGICAL DATA (WS FORM: F-6)

                                          STATION:   MEDICINE LODGE KS
                                          MONTH:     JULY
                                          YEAR:      2015
                                          LATITUDE:   37 17 N
                                          LONGITUDE:  98 35 W

  TEMPERATURE IN F:       :PCPN:    SNOW:  WIND      :SUNSHINE: SKY     :PK WND
================================================================================
1   2   3   4   5  6A  6B    7    8   9   10  11  12  13   14  15   16   17  18
                                     12Z  AVG MX 2MIN
DY MAX MIN AVG DEP HDD CDD  WTR  SNW DPTH SPD SPD DIR MIN PSBL S-S WX    SPD DR
================================================================================

 1 104  71  88   8   0  23 0.00  0.0    0  8.6 20 240   M    M   0        25 210
 2  88  67  78  -3   0  13 0.00  0.0    0  6.9 24  10   M    M   0        30  20
 3  90  64  77  -4   0  12 0.00  0.0    0  8.1 21  20   M    M   0        26  20
 4  94  64  79  -2   0  14 0.00  0.0    0  7.8 17 180   M    M   0        25 120
 5  99  71  85   4   0  20 0.00  0.0    0 12.4 25 190   M    M   0        34 200
 6  98  70  84   3   0  19 0.00  0.0    0 15.0 37  10   M    M   0        45 360
 7  69  62  66 -16   0   1 1.11  0.0    0 11.4 23  40   M    M   0        36  40
 8  79  62  71 -11   0   6 0.00  0.0    0  6.3 13 140   M    M   0        16 140
 9  82  66  74  -8   0   9 0.00  0.0    0  5.7 10 170   M    M   0        15 160
10  88  67  78  -4   0  13 1.02  0.0    0  9.5 22 180   M    M   0        29 190
11  91  72  82   0   0  17 0.00  0.0    0 10.6 20 180   M    M   0        26 180
12  98  72  85   3   0  20 0.00  0.0    0  9.3 17 180   M    M   0        24 180
13 105  72  89   7   0  24 0.00  0.0    0  6.5 13 180   M    M   0        16 170
14  99  77  88   6   0  23 0.00  0.0    0  7.1 18 340   M    M   0        27 350
15  99  73  86   4   0  21 0.00  0.0    0 10.7 21 180   M    M   0        28 170
16  99  72  86   4   0  21 0.34  0.0    0  7.7 33 220   M    M   0        41 230
17  95  77  86   4   0  21 0.00  0.0    0  9.2 21 170   M    M   0        30 170
18 102  76  89   7   0  24 0.00  0.0    0 10.4 21 190   M    M   0        29 180
19 100  70  85   3   0  20 0.00  0.0    0  7.6 15 280   M    M   0        21 270
20  97  73  85   2   0  20 1.34  0.0    0  3.4 31  30   M    M   0        39  20
21  80  69  75  -8   0  10 4.37  0.0    0  6.5 21  50   M    M   0        26  40
22  86  69  78  -5   0  13 0.12  0.0    0  5.0 12 100   M    M   0        16  80
23  95  71  83   0   0  18 0.00  0.0    0  8.1 23  30   M    M   0        27  30
24 100  74  87   4   0  22 0.00  0.0    0  7.1 15 170   M    M   0        19 170
25  99  75  87   4   0  22 0.00  0.0    0  7.5 22 350   M    M   0        27 350
26  97  70  84   1   0  19 0.24  0.0    0  8.2 23 330   M    M   0        34 310
27  98  73  86   3   0  21 0.00  0.0    0  9.5 18 170   M    M   0        25 180
28 100  75  88   5   0  23 0.00  0.0    0  9.3 17 200   M    M   0        21 200
================================================================================
SM 2631 1974         0 489  8.54     0.0 235.4          M        0
================================================================================
AV 94.0 70.5                               8.4 FASTST   M    M   0    MAX(MPH)
                                 MISC ---->  # 37  10               # 45  360
================================================================================
NOTES:
# LAST OF SEVERAL OCCURRENCES

COLUMN 17 PEAK WIND IN M.P.H.

PRELIMINARY LOCAL CLIMATOLOGICAL DATA (WS FORM: F-6) , PAGE 2

                                          STATION:  MEDICINE LODGE KS
                                          MONTH:    JULY
                                          YEAR:     2015
                                          LATITUDE:   37 17 N
                                          LONGITUDE:  98 35 W

[TEMPERATURE DATA]      [PRECIPITATION DATA]       SYMBOLS USED IN COLUMN 16

AVERAGE MONTHLY: 82.2   TOTAL FOR MONTH:   8.54    1 = FOG OR MIST
DPTR FM NORMAL:   0.2   DPTR FM NORMAL:    5.47    2 = FOG REDUCING VISIBILITY
HIGHEST:   105 ON 13    GRTST 24HR  5.71 ON 20-21      TO 1/4 MILE OR LESS
LOWEST:     62 ON  8, 7                            3 = THUNDER
                        SNOW, ICE PELLETS, HAIL    4 = ICE PELLETS
                        TOTAL MONTH:   0.0 INCH    5 = HAIL
                        GRTST 24HR     0.0         6 = FREEZING RAIN OR DRIZZLE
                        GRTST DEPTH:   0           7 = DUSTSTORM OR SANDSTORM:
                                                       VSBY 1/2 MILE OR LESS
                                                   8 = SMOKE OR HAZE
[NO. OF DAYS WITH]      [WEATHER - DAYS WITH]      9 = BLOWING SNOW
                                                   X = TORNADO
MAX 32 OR BELOW:   0    0.01 INCH OR MORE:   7
MAX 90 OR ABOVE:  21    0.10 INCH OR MORE:   7
MIN 32 OR BELOW:   0    0.50 INCH OR MORE:   4
MIN  0 OR BELOW:   0    1.00 INCH OR MORE:   4

[HDD (BASE 65) ]
TOTAL THIS MO.     0    CLEAR  (SCALE 0-3)  28
DPTR FM NORMAL     0    PTCLDY (SCALE 4-7)   0
TOTAL FM JUL 1     0    CLOUDY (SCALE 8-10)  0
DPTR FM NORMAL     0

[CDD (BASE 65) ]
TOTAL THIS MO.   489
DPTR FM NORMAL    11    [PRESSURE DATA]
TOTAL FM JAN 1  1028    HIGHEST SLP M ON M
DPTR FM NORMAL    41    LOWEST  SLP 29.63 ON 17

[REMARKS]
