000
CXUS53 KDDC 011327
CF6P28
PRELIMINARY LOCAL CLIMATOLOGICAL DATA (WS FORM: F-6)

                                          STATION:   MEDICINE LODGE KS
                                          MONTH:     APRIL
                                          YEAR:      2013
                                          LATITUDE:   37 17 N
                                          LONGITUDE:  98 35 W

  TEMPERATURE IN F:       :PCPN:    SNOW:  WIND      :SUNSHINE: SKY     :PK WND
================================================================================
1   2   3   4   5  6A  6B    7    8   9   10  11  12  13   14  15   16   17  18
                                     12Z  AVG MX 2MIN
DY MAX MIN AVG DEP HDD CDD  WTR  SNW DPTH SPD SPD DIR MIN PSBL S-S WX    SPD DR
================================================================================

 1  51  36  44  -8  21   0 0.01  0.0    0 13.4 26  60   M    M   0        36  60
 2  39  32  36 -16  29   0 0.20  0.0    0  8.6 17  60   M    M   0        21  70
 3  39  34  37 -15  28   0 0.09  0.0    0  8.7 17  70   M    M   0        21  70
 4  55  36  46  -6  19   0 0.00  0.0    0  4.4 12 300   M    M   0        15 310
 5  66  31  49  -4  16   0 0.00  0.0    0 11.0 28 170   M    M   0        37 170
 6  77  48  63  10   2   0 0.00  0.0    0  9.0 21 190   M    M   0        28 200
 7  70  48  59   6   6   0 0.00  0.0    0  7.8 20 170   M    M   0        24 180
 8  77  58  68  14   0   3 0.00  0.0    0 12.7 22 150   M    M   0        34 150
 9  67  29  48  -6  17   0 0.57  0.0    0 18.3 36  20   M    M   0        49  30
10  36  26  31 -23  34   0 0.24  0.0    0 16.4 30 350   M    M   0        43 350
11  59  26  43 -11  22   0 0.00  0.0    0  8.6 16  20   M    M   0        23 280
12  61  29  45 -10  20   0 0.00  0.0    0  5.3 16  10   M    M   0        20  10
13  74  38  56   1   9   0 0.00  0.0    0 13.1 30 180   M    M   0        37 180
14  74  54  64   8   1   0 0.00  0.0    0 14.9 24  20   M    M   0        33 170
15  61  44  53  -3  12   0 0.00  0.0    0 13.7 26  50   M    M   0        32  50
16  49  41  45 -11  20   0 0.00  0.0    0 14.7 24  40   M    M   0        33  50
17  44  38  41 -15  24   0 0.18  0.0    0 13.9 29 360   M    M   0        39 350
18  42  30  36 -21  29   0 0.00  0.0    0 20.7 32 340   M    M   0        42 340
19  67  28  48  -9  17   0 0.00  0.0    0 11.3 24 320   M    M   0        40 330
20  65  40  53  -5  12   0 0.00  0.0    0 12.0 24 170   M    M   0        33 170
21  69  47  58   0   7   0 0.00  0.0    0 12.7 26 180   M    M   0        33 170
22  74  33  54  -4  11   0 0.16  0.0    0 16.7 39 360   M    M   0        49 360
23  35  30  33 -26  32   0 0.10  0.0    0 20.6 38  10   M    M   0        49  10
24  62  25  44 -15  21   0 0.00  0.0    0  5.4 12 170   M    M   0        16 180
25  66  30  48 -11  17   0 0.00  0.0    0  9.3 23 180   M    M   0        32 180
26  56  49  53  -7  12   0 0.24  0.0    0  8.1 21  70   M    M   0        26  70
27  70  49  60   0   5   0 0.00  0.0    0  7.2 13 350   M    M   0        18 330
28  85  47  66   6   0   1 0.00  0.0    0  9.7 15 200   M    M   0        24 200
29  89  57  73  12   0   8 0.00  0.0    0 12.1 30 180   M    M   0        39 180
30  85  61  73  12   0   8 0.00  0.0    0 14.2 29 190   M    M   0        36 170
================================================================================
SM 1864 1174       443  20 1.79  0.0     354.5          M        0
================================================================================
AV 62.1 39.1                              11.8 FASTST   M    M   0      MAX(MPH)
                                 MISC ---->    39 360                   # 49  30
================================================================================
NOTES:
# LAST OF SEVERAL OCCURRENCES

COLUMN 17 PEAK WIND IN M.P.H.

PRELIMINARY LOCAL CLIMATOLOGICAL DATA (WS FORM: F-6) , PAGE 2

                                          STATION:  MEDICINE LODGE KS
                                          MONTH:    APRIL
                                          YEAR:     2013
                                          LATITUDE:   37 17 N
                                          LONGITUDE:  98 35 W

[TEMPERATURE DATA]      [PRECIPITATION DATA]       SYMBOLS USED IN COLUMN 16

AVERAGE MONTHLY: 50.6   TOTAL FOR MONTH:   1.79    1 = FOG OR MIST
DPTR FM NORMAL:  -5.5   DPTR FM NORMAL:   -0.64    2 = FOG REDUCING VISIBILITY
HIGHEST:    89 ON 29    GRTST 24HR  0.81 ON  9-10      TO 1/4 MILE OR LESS
LOWEST:     25 ON 24                               3 = THUNDER
                        SNOW, ICE PELLETS, HAIL    4 = ICE PELLETS
                        TOTAL MONTH:   0.0 INCH    5 = HAIL
                        GRTST 24HR     0.0         6 = FREEZING RAIN OR DRIZZLE
                        GRTST DEPTH:   0           7 = DUSTSTORM OR SANDSTORM:
                                                       VSBY 1/2 MILE OR LESS
                                                   8 = SMOKE OR HAZE
[NO. OF DAYS WITH]      [WEATHER - DAYS WITH]      9 = BLOWING SNOW
                                                   X = TORNADO
MAX 32 OR BELOW:   0    0.01 INCH OR MORE:   9
MAX 90 OR ABOVE:   0    0.10 INCH OR MORE:   7
MIN 32 OR BELOW:  11    0.50 INCH OR MORE:   1
MIN  0 OR BELOW:   0    1.00 INCH OR MORE:   0

[HDD (BASE 65) ]
TOTAL THIS MO.   443
DPTR FM NORMAL   155
TOTAL FM JUL 1  4405
DPTR FM NORMAL    20

[CDD (BASE 65) ]
TOTAL THIS MO.    20
DPTR FM NORMAL    -2    [PRESSURE DATA]
TOTAL FM JAN 1    21    HIGHEST SLP 30.34 ON 23
DPTR FM NORMAL    -3    LOWEST  SLP 29.39 ON 14

[REMARKS]
#FINAL-04-13#
