909
CXUS53 KDDC 012204
CF6P28
PRELIMINARY LOCAL CLIMATOLOGICAL DATA (WS FORM: F-6)

                                          STATION:   MEDICINE LODGE KS
                                          MONTH:     APRIL
                                          YEAR:      2016
                                          LATITUDE:   37 17 N
                                          LONGITUDE:  98 35 W

  TEMPERATURE IN F:       :PCPN:    SNOW:  WIND      :SUNSHINE: SKY     :PK WND
================================================================================
1   2   3   4   5  6A  6B    7    8   9   10  11  12  13   14  15   16   17  18
                                     12Z  AVG MX 2MIN
DY MAX MIN AVG DEP HDD CDD  WTR  SNW DPTH SPD SPD DIR MIN PSBL S-S WX    SPD DR
================================================================================

 1  61  31  46  -6  19   0 0.00  0.0    0 10.2 23 320   M    M   0        30 290
 2  74  25  50  -2  15   0 0.00  0.0    0  6.8 17 360   M    M   0        26 340
 3  84  35  60   8   5   0 0.00  0.0    0  8.7 26 220   M    M   0        35 210
 4  79  46  63  11   2   0 0.00  0.0    0  9.1 17  60   M    M   0        21  60
 5  89  46  68  15   0   3 0.00  0.0    0 17.2 40  10   M    M   0        56  10
 6  73  42  58   5   7   0 0.00  0.0    0 16.1 36 340   M    M   0        45 330
 7  74  40  57   4   8   0 0.00  0.0    0 13.2 30  10   M    M   0        40 360
 8  74  34  54   0  11   0 0.00  0.0    0  5.6 16 250   M    M   0        22 250
 9  77  44  61   7   4   0 0.00  0.0    0 14.4 31 190   M    M   0        42 180
10  89  53  71  17   0   6 0.00  0.0    0 12.2 25  50   M    M   0        33  40
11  61  47  54   0  11   0 0.57  0.0    0 10.4 35  50   M    M   0        47  50
12  67  43  55   0  10   0 0.00  0.0    0  6.8 14 180   M    M   0        18 170
13  69  45  57   2   8   0 0.00  0.0    0  7.5 16 170   M    M   0        20 180
14  70  48  59   3   6   0 0.00  0.0    0  9.2 18 170   M    M   0        26 170
15  76  52  64   8   1   0 0.00  0.0    0 13.0 23 140   M    M   0        33 170
16  69  55  62   6   3   0 0.58  0.0    0 14.6 24 140   M    M   0        36 130
17  64  50  57   1   8   0 2.10  0.0    0  8.4 24  40   M    M   0        29  40
18  66  46  56  -1   9   0 0.10  0.0    0  9.6 18 340   M    M   0        24  10
19  68  43  56  -1   9   0 0.37  0.0    0  7.5 17  10   M    M   0        23  20
20  71  49  60   2   5   0 0.06  0.0    0  6.6 23 320   M    M   0        33 310
21  74  43  59   1   6   0 0.00  0.0    0  7.2 18 340   M    M   0        24 330
22  79  45  62   4   3   0 0.00  0.0    0  5.9 12 350   M    M   0        17 360
23  81  51  66   7   0   1 0.00  0.0    0 12.7 29 170   M    M   0        37 180
24  82  56  69  10   0   4 0.00  0.0    0 16.0 30 180   M    M   0        39 180
25  80  60  70  11   0   5 0.00  0.0    0  6.9 12  90   M    M   0        17  90
26  86  58  72  12   0   7 0.00  0.0    0  7.9 25 300   M    M   0        35 310
27  69  47  58  -2   7   0 0.00  0.0    0 11.0 25 330   M    M   0        35 320
28  69  45  57  -3   8   0 0.21  0.0    0  9.1 24  20   M    M   0        31  20
29  54  44  49 -12  16   0 0.95  0.0    0 15.9 32 260   M    M   0        42 250
30  63  44  54  -7  11   0 0.00  0.0    0 11.2 20 300   M    M   0        27 300
================================================================================
SM 2192 1367       192  26 4.94  0.0     310.9          M        0
================================================================================
AV 73.1 45.6                              10.4 FASTST   M    M   0      MAX(MPH)
                                 MISC ---->    40  10                     56  10
================================================================================
NOTES:
# LAST OF SEVERAL OCCURRENCES

COLUMN 17 PEAK WIND IN M.P.H.

PRELIMINARY LOCAL CLIMATOLOGICAL DATA (WS FORM: F-6) , PAGE 2

                                          STATION:  MEDICINE LODGE KS
                                          MONTH:    APRIL
                                          YEAR:     2016
                                          LATITUDE:   37 17 N
                                          LONGITUDE:  98 35 W

[TEMPERATURE DATA]      [PRECIPITATION DATA]       SYMBOLS USED IN COLUMN 16

AVERAGE MONTHLY: 59.4   TOTAL FOR MONTH:   4.94    1 = FOG OR MIST
DPTR FM NORMAL:   3.3   DPTR FM NORMAL:    2.51    2 = FOG REDUCING VISIBILITY
HIGHEST:    89 ON 10, 5 GRTST 24HR  2.14 ON 16-17      TO 1/4 MILE OR LESS
LOWEST:     25 ON  2                               3 = THUNDER
                        SNOW, ICE PELLETS, HAIL    4 = ICE PELLETS
                        TOTAL MONTH:   0.0 INCH    5 = HAIL
                        GRTST 24HR     0.0         6 = FREEZING RAIN OR DRIZZLE
                        GRTST DEPTH:   0           7 = DUSTSTORM OR SANDSTORM:
                                                       VSBY 1/2 MILE OR LESS
                                                   8 = SMOKE OR HAZE
[NO. OF DAYS WITH]      [WEATHER - DAYS WITH]      9 = BLOWING SNOW
                                                   X = TORNADO
MAX 32 OR BELOW:   0    0.01 INCH OR MORE:   8
MAX 90 OR ABOVE:   0    0.10 INCH OR MORE:   7
MIN 32 OR BELOW:   2    0.50 INCH OR MORE:   4
MIN  0 OR BELOW:   0    1.00 INCH OR MORE:   1

[HDD (BASE 65) ]
TOTAL THIS MO.   192
DPTR FM NORMAL   -96
TOTAL FM JUL 1  3492
DPTR FM NORMAL  -893

[CDD (BASE 65) ]
TOTAL THIS MO.    26
DPTR FM NORMAL     4    [PRESSURE DATA]
TOTAL FM JAN 1    36    HIGHEST SLP 30.29 ON 12
DPTR FM NORMAL    12    LOWEST  SLP 29.40 ON 26

[REMARKS]
#FINAL-04-16#
