000
CXUS53 KDDC 011446
CF6P28
PRELIMINARY LOCAL CLIMATOLOGICAL DATA (WS FORM: F-6)

                                          STATION:   MEDICINE LODGE KS
                                          MONTH:     NOVEMBER
                                          YEAR:      2016
                                          LATITUDE:   37 17 N
                                          LONGITUDE:  98 35 W

  TEMPERATURE IN F:       :PCPN:    SNOW:  WIND      :SUNSHINE: SKY     :PK WND
================================================================================
1   2   3   4   5  6A  6B    7    8   9   10  11  12  13   14  15   16   17  18
                                     12Z  AVG MX 2MIN
DY MAX MIN AVG DEP HDD CDD  WTR  SNW DPTH SPD SPD DIR MIN PSBL S-S WX    SPD DR
================================================================================

 1  80  56  68  16   0   3 0.00  0.0    0  5.2 16 170   M    M   0        23 180
 2  76  57  67  15   0   2 0.00  0.0    0  6.9 13 350   M    M   0        17 350
 3  77  47  62  11   3   0 0.00  0.0    0  7.1 17  10   M    M   0        21  50
 4  71  38  55   4  10   0 0.00  0.0    0  3.3  7 120   M    M   0        12 150
 5  69  45  57   7   8   0 0.00  0.0    0  4.6 14 180   M    M   0        17 180
 6  65  53  59   9   6   0 0.32  0.0    0  7.7 18 180   M    M   0        22 190
 7  60  52  56   7   9   0 0.30  0.0    0  3.1 14 360   M    M   0        18  10
 8  63  42  53   4  12   0 0.00  0.0    0 11.0 22 350   M    M   0        29  10
 9  62  34  48   0  17   0 0.00  0.0    0  3.4  7 170   M    M   0        10  90
10  72  32  52   4  13   0 0.00  0.0    0  4.7 16 210   M    M   0        22 210
11  62  39  51   3  14   0 0.00  0.0    0 10.9 22  20   M    M   0        31  20
12  57  29  43  -4  22   0 0.00  0.0    0  3.4  8  30   M    M   0        11  60
13  68  29  49   2  16   0 0.00  0.0    0  7.2 18 190   M    M   0        24 200
14  73  36  55   9  10   0 0.00  0.0    0  5.6 16  10   M    M   0        20 350
15  79  37  58  12   7   0 0.00  0.0    0  3.4 12 170   M    M   0        15 160
16  85  37  61  16   4   0 0.00  0.0    0  8.3 24 180   M    M   0        33 190
17  72  45  59  14   6   0 0.00  0.0    0 13.2 23 260   M    M   0        33 160
18  48  28  38  -6  27   0 0.00  0.0    0 17.4 33 330   M    M   0        42 330
19  46  20  33 -11  32   0 0.00  0.0    0  6.3 13 360   M    M   0        19 350
20  62  30  46   3  19   0 0.00  0.0    0  8.7 18 180   M    M   0        24 200
21  57  30  44   1  21   0 0.00  0.0    0  7.1 16 130   M    M   0        22 120
22  70  45  58  16   7   0 0.03  0.0    0 14.5 24 340   M    M   0        32 270
23  60  37  49   7  16   0 0.00  0.0    0 11.0 25 340   M    M   0        33 350
24  64  33  49   8  16   0 0.00  0.0    0 11.4 21 340   M    M   0        26 340
25  58  27  43   2  22   0 0.00  0.0    0  5.6 12 350   M    M   0        15 360
26  65  26  46   6  19   0 0.00  0.0    0  8.9 17 190   M    M   0        24 160
27  63  46  55  15  10   0 0.04  0.0    0 12.8 28 180   M    M   0        37 180
28  63  35  49   9  16   0 0.00  0.0    0  8.1 24 340   M    M   0        30 320
29  54  31  43   4  22   0 0.00  0.0    0 12.5 28 350   M    M   0        34 350
30  54  24  39   0  26   0 0.00  0.0    0 10.5 29 330   M    M   0        39 300
================================================================================
SM 1955 1120       410   5 0.69  0.0     243.8          M        0
================================================================================
AV 65.2 37.3                               8.1 FASTST   M    M   0      MAX(MPH)
                                 MISC ---->    33 330                     42 330
================================================================================
NOTES:
# LAST OF SEVERAL OCCURRENCES

COLUMN 17 PEAK WIND IN M.P.H.

PRELIMINARY LOCAL CLIMATOLOGICAL DATA (WS FORM: F-6) , PAGE 2

                                          STATION:  MEDICINE LODGE KS
                                          MONTH:    NOVEMBER
                                          YEAR:     2016
                                          LATITUDE:   37 17 N
                                          LONGITUDE:  98 35 W

[TEMPERATURE DATA]      [PRECIPITATION DATA]       SYMBOLS USED IN COLUMN 16

AVERAGE MONTHLY: 51.3   TOTAL FOR MONTH:   0.69    1 = FOG OR MIST
DPTR FM NORMAL:   5.9   DPTR FM NORMAL:   -0.24    2 = FOG REDUCING VISIBILITY
HIGHEST:    85 ON 16    GRTST 24HR  0.62 ON  6- 7      TO 1/4 MILE OR LESS
LOWEST:     20 ON 19                               3 = THUNDER
                        SNOW, ICE PELLETS, HAIL    4 = ICE PELLETS
                        TOTAL MONTH:   0.0 INCH    5 = HAIL
                        GRTST 24HR     0.0         6 = FREEZING RAIN OR DRIZZLE
                        GRTST DEPTH:   0           7 = DUSTSTORM OR SANDSTORM:
                                                       VSBY 1/2 MILE OR LESS
                                                   8 = SMOKE OR HAZE
[NO. OF DAYS WITH]      [WEATHER - DAYS WITH]      9 = BLOWING SNOW
                                                   X = TORNADO
MAX 32 OR BELOW:   0    0.01 INCH OR MORE:   4
MAX 90 OR ABOVE:   0    0.10 INCH OR MORE:   2
MIN 32 OR BELOW:  11    0.50 INCH OR MORE:   0
MIN  0 OR BELOW:   0    1.00 INCH OR MORE:   0

[HDD (BASE 65) ]
TOTAL THIS MO.   410
DPTR FM NORMAL  -179
TOTAL FM JUL 1   536
DPTR FM NORMAL  -322

[CDD (BASE 65) ]
TOTAL THIS MO.     5
DPTR FM NORMAL     4    [PRESSURE DATA]
TOTAL FM JAN 1  1937    HIGHEST SLP 30.71 ON 19
DPTR FM NORMAL   167    LOWEST  SLP 29.27 ON 28

[REMARKS]
#FINAL-11-16#
