000
CXUS53 KDDC 011421
CF6P28
PRELIMINARY LOCAL CLIMATOLOGICAL DATA (WS FORM: F-6)

                                          STATION:   MEDICINE LODGE KS
                                          MONTH:     SEPTEMBER
                                          YEAR:      2012
                                          LATITUDE:   37 17 N
                                          LONGITUDE:  98 35 W

  TEMPERATURE IN F:       :PCPN:    SNOW:  WIND      :SUNSHINE: SKY     :PK WND
================================================================================
1   2   3   4   5  6A  6B    7    8   9   10  11  12  13   14  15   16   17  18
                                     12Z  AVG MX 2MIN
DY MAX MIN AVG DEP HDD CDD  WTR  SNW DPTH SPD SPD DIR MIN PSBL S-S WX    SPD DR
================================================================================

 1 101  62  82   5   0  17 0.00  0.0    0  3.6 12  90   M    M   0        15  80
 2 106  70  88  12   0  23 0.00  0.0    0  5.8 15 200   M    M   0        20 240
 3 108  67  88  12   0  23 0.00  0.0    0  6.3 20  20   M    M   0        26 200
 4  96  71  84   8   0  19 0.00  0.0    0  5.5 21  60   M    M   0        27  60
 5  95  65  80   5   0  15 0.00  0.0    0  5.8 16  80   M    M   0        21  80
 6  99  64  82   7   0  17 0.05  0.0    0  8.9 26 360   M    M   0        39 360
 7  81  56  69  -6   0   4 0.00  0.0    0 14.4 41  30   M    M   0        53  30
 8  83  50  67  -7   0   2 0.00  0.0    0  5.0 18  10   M    M   0        22  10
 9  89  49  69  -5   0   4 0.00  0.0    0  7.3 15  50   M    M   0        20  80
10  94  55  75   1   0  10 0.00  0.0    0  9.6 23 190   M    M   0        30 200
11  97  59  78   5   0  13 0.00  0.0    0 14.9 30 180   M    M   0        40 170
12  98  60  79   6   0  14 0.00  0.0    0 16.4 30  10   M    M   0        39 360
13  60  56  58 -14   7   0 0.49  0.0    0 16.4 25  20   M    M   0        33  10
14  74  52  63  -9   2   0 0.00  0.0    0 11.0 23  40   M    M   0        27  40
15  72  58  65  -7   0   0 0.00  0.0    0  3.7 12  20   M    M   0        14 360
16  80  57  69  -2   0   4 0.00  0.0    0  4.8 12 180   M    M   0        18 140
17  81  56  69  -2   0   4 0.00  0.0    0  9.2 25  20   M    M   0        34  30
18  80  45  63  -7   2   0 0.00  0.0    0  6.6 16 220   M    M   0        23 200
19  94  55  75   5   0  10 0.00  0.0    0  8.8 20  30   M    M   0        28  30
20  87  60  74   5   0   9 0.00  0.0    0  9.5 18  90   M    M   0        24  90
21  93  52  73   4   0   8 0.00  0.0    0  5.4 17  20   M    M   0        23  30
22  81  50  66  -3   0   1 0.00  0.0    0  9.9 22  50   M    M   0        28  50
23  77  51  64  -4   1   0 0.00  0.0    0  8.2 17 140   M    M   0        24 140
24  95  58  77   9   0  12 0.00  0.0    0 10.5 23 190   M    M   0        32 180
25  90  61  76   9   0  11 0.99  0.0    0  6.5 23  60   M    M   0        37 180
26  83  64  74   7   0   9 0.06  0.0    0  9.8 18  60   M    M   0        24  60
27  76  63  70   4   0   5 0.03  0.0    0  5.2 20  90   M    M   0        25  80
28  78  60  69   3   0   4 0.01  0.0    0  4.9 13  60   M    M   0        16  60
29  75  61  68   2   0   3 0.00  0.0    0  7.0 14  60   M    M   0        17  50
30  79  51  65   0   0   0 0.00  0.0    0  3.7  9  80   M    M   0        13  70
================================================================================
SM 2602 1738        12 241 1.63  0.0     244.6          M        0
================================================================================
AV 86.7 57.9                               8.2 FASTST   M    M   0      MAX(MPH)
                                 MISC ---->    41  30                     53  30
================================================================================
NOTES:
# LAST OF SEVERAL OCCURRENCES

COLUMN 17 PEAK WIND IN M.P.H.

PRELIMINARY LOCAL CLIMATOLOGICAL DATA (WS FORM: F-6) , PAGE 2

                                          STATION:  MEDICINE LODGE KS
                                          MONTH:    SEPTEMBER
                                          YEAR:     2012
                                          LATITUDE:   37 17 N
                                          LONGITUDE:  98 35 W

[TEMPERATURE DATA]      [PRECIPITATION DATA]       SYMBOLS USED IN COLUMN 16

AVERAGE MONTHLY: 72.3   TOTAL FOR MONTH:   1.63    1 = FOG OR MIST
DPTR FM NORMAL:   1.1   DPTR FM NORMAL:   -0.47    2 = FOG REDUCING VISIBILITY
HIGHEST:   108 ON  3    GRTST 24HR  1.05 ON 25-26      TO 1/4 MILE OR LESS
LOWEST:     45 ON 18                               3 = THUNDER
                        SNOW, ICE PELLETS, HAIL    4 = ICE PELLETS
                        TOTAL MONTH:   0.0 INCH    5 = HAIL
                        GRTST 24HR     0.0         6 = FREEZING RAIN OR DRIZZLE
                        GRTST DEPTH:   0           7 = DUSTSTORM OR SANDSTORM:
                                                       VSBY 1/2 MILE OR LESS
                                                   8 = SMOKE OR HAZE
[NO. OF DAYS WITH]      [WEATHER - DAYS WITH]      9 = BLOWING SNOW
                                                   X = TORNADO
MAX 32 OR BELOW:   0    0.01 INCH OR MORE:   6
MAX 90 OR ABOVE:  13    0.10 INCH OR MORE:   2
MIN 32 OR BELOW:   0    0.50 INCH OR MORE:   1
MIN  0 OR BELOW:   0    1.00 INCH OR MORE:   0

[HDD (BASE 65) ]
TOTAL THIS MO.    12
DPTR FM NORMAL   -22
TOTAL FM JUL 1    12
DPTR FM NORMAL   -22

[CDD (BASE 65) ]
TOTAL THIS MO.   241
DPTR FM NORMAL    21    [PRESSURE DATA]
TOTAL FM JAN 1  2212    HIGHEST SLP 30.39 ON 13
DPTR FM NORMAL   481    LOWEST  SLP 29.69 ON 25

[REMARKS]
#FINAL-09-12#
