000
CXUS53 KDDC 011300
CF6P28
PRELIMINARY LOCAL CLIMATOLOGICAL DATA (WS FORM: F-6)

                                          STATION:   MEDICINE LODGE KS
                                          MONTH:     MAY
                                          YEAR:      2012
                                          LATITUDE:   37 17 N
                                          LONGITUDE:  98 35 W

  TEMPERATURE IN F:       :PCPN:    SNOW:  WIND      :SUNSHINE: SKY     :PK WND
================================================================================
1   2   3   4   5  6A  6B    7    8   9   10  11  12  13   14  15   16   17  18
                                     12Z  AVG MX 2MIN
DY MAX MIN AVG DEP HDD CDD  WTR  SNW DPTH SPD SPD DIR MIN PSBL S-S WX    SPD DR
================================================================================

 1  86  59  73  11   0   8 0.00  0.0    0 12.6 28 190   M    M   0        36 190
 2  88  66  77  15   0  12 0.00  0.0    0 12.7 23 180   M    M   0        30 170
 3  91  67  79  17   0  14 0.00  0.0    0  8.6 15 150   M    M   0        22 140
 4  92  68  80  17   0  15 0.00  0.0    0  9.7 21 180   M    M   0        27 200
 5  92  64  78  15   0  13 0.00  0.0    0  9.7 20 150   M    M   0        30 150
 6  85  62  74  11   0   9 0.00  0.0    0 14.9 30  10   M    M   0        40  10
 7  68  51  60  -4   5   0 0.00  0.0    0 15.1 29  40   M    M   0        37  40
 8  76  44  60  -4   5   0 0.00  0.0    0  5.0 14  10   M    M   0        18  10
 9  82  45  64  -1   1   0 0.00  0.0    0  5.6 13  90   M    M   0        17  80
10  86  49  68   3   0   3 0.00  0.0    0  8.1 21 170   M    M   0        27 170
11  77  51  64  -1   1   0 0.00  0.0    0  5.2 16 140   M    M   0        23 130
12  73  52  63  -3   2   0 0.00  0.0    0  9.9 17  20   M    M   0        24 360
13  79  46  63  -3   2   0 0.00  0.0    0  5.1 14  20   M    M   0        16  20
14  83  50  67   1   0   2 0.01  0.0    0  3.8 18 140   M    M   0        23 120
15  90  49  70   3   0   5 0.00  0.0    0  5.0 14  50   M    M   0        20 360
16  92  50  71   4   0   6 0.00  0.0    0  4.4 13 180   M    M   0        18 230
17  94  55  75   8   0  10 0.00  0.0    0 11.7 24 200   M    M   0        32 180
18  91  65  78  10   0  13 0.00  0.0    0 17.3 32 180   M    M   0        43 170
19  94  64  79  11   0  14 0.00  0.0    0 16.7 31 340   M    M   0        40 340
20  83  56  70   2   0   5 0.00  0.0    0  9.7 18 360   M    M   0        26 350
21  84  52  68  -1   0   3 0.00  0.0    0  5.7 12 160   M    M   0        16 120
22  89  57  73   4   0   8 0.00  0.0    0 11.5 25 170   M    M   0        34 180
23  97  69  83  13   0  18 0.00  0.0    0 18.2 33 180   M    M   0        45 170
24  93  65  79   9   0  14 0.00  0.0    0 10.6 22  10   M    M   0        30 160
25  95  70  83  13   0  18 0.00  0.0    0 14.5 22 160   M    M   0        33 170
26  98  76  87  17   0  22 0.00  0.0    0 16.4 30 180   M    M   0        37 190
27  91  71  81  10   0  16 0.00  0.0    0 17.6 33 180   M    M   0        41 180
28  95  64  80   9   0  15 0.00  0.0    0  8.5 24 200   M    M   0        33 210
29  97  64  81   9   0  16 0.00  0.0    0  6.8 22  70   M    M   0        29  80
30  89  61  75   3   0  10 1.01  0.0    0 11.9 38  50   M    M   0        51  40
31  77  56  67  -5   0   2 0.00  0.0    0 13.1 31  10   M    M   0        40  20
================================================================================
SM 2707 1818        16 271 1.02  0.0     325.6          M        0
================================================================================
AV 87.3 58.6                              10.5 FASTST   M    M   0      MAX(MPH)
                                 MISC ---->    38  50                     51  40
================================================================================
NOTES:
# LAST OF SEVERAL OCCURRENCES

COLUMN 17 PEAK WIND IN M.P.H.

PRELIMINARY LOCAL CLIMATOLOGICAL DATA (WS FORM: F-6) , PAGE 2

                                          STATION:  MEDICINE LODGE KS
                                          MONTH:    MAY
                                          YEAR:     2012
                                          LATITUDE:   37 17 N
                                          LONGITUDE:  98 35 W

[TEMPERATURE DATA]      [PRECIPITATION DATA]       SYMBOLS USED IN COLUMN 16

AVERAGE MONTHLY: 73.0   TOTAL FOR MONTH:   1.02    1 = FOG OR MIST
DPTR FM NORMAL:   6.0   DPTR FM NORMAL:   -2.28    2 = FOG REDUCING VISIBILITY
HIGHEST:    98 ON 26    GRTST 24HR  1.01 ON 30-30      TO 1/4 MILE OR LESS
LOWEST:     44 ON  8                               3 = THUNDER
                        SNOW, ICE PELLETS, HAIL    4 = ICE PELLETS
                        TOTAL MONTH:   0.0 INCH    5 = HAIL
                        GRTST 24HR     0.0         6 = FREEZING RAIN OR DRIZZLE
                        GRTST DEPTH:   0           7 = DUSTSTORM OR SANDSTORM:
                                                       VSBY 1/2 MILE OR LESS
                                                   8 = SMOKE OR HAZE
[NO. OF DAYS WITH]      [WEATHER - DAYS WITH]      9 = BLOWING SNOW
                                                   X = TORNADO
MAX 32 OR BELOW:   0    0.01 INCH OR MORE:   2
MAX 90 OR ABOVE:  15    0.10 INCH OR MORE:   1
MIN 32 OR BELOW:   0    0.50 INCH OR MORE:   1
MIN  0 OR BELOW:   0    1.00 INCH OR MORE:   1

[HDD (BASE 65) ]
TOTAL THIS MO.    16
DPTR FM NORMAL   -54
TOTAL FM JUL 1  3632
DPTR FM NORMAL  -823

[CDD (BASE 65) ]
TOTAL THIS MO.   271
DPTR FM NORMAL   139    [PRESSURE DATA]
TOTAL FM JAN 1   374    HIGHEST SLP 30.29 ON 13
DPTR FM NORMAL   218    LOWEST  SLP 29.24 ON 24

[REMARKS]
#FINAL-05-12#
