000
CXUS53 KDDC 031534
CF6P28
PRELIMINARY LOCAL CLIMATOLOGICAL DATA (WS FORM: F-6)

                                          STATION:   MEDICINE LODGE KS
                                          MONTH:     FEBRUARY
                                          YEAR:      2014
                                          LATITUDE:   37 17 N
                                          LONGITUDE:  98 35 W

  TEMPERATURE IN F:       :PCPN:    SNOW:  WIND      :SUNSHINE: SKY     :PK WND
================================================================================
1   2   3   4   5  6A  6B    7    8   9   10  11  12  13   14  15   16   17  18
                                     12Z  AVG MX 2MIN
DY MAX MIN AVG DEP HDD CDD  WTR  SNW DPTH SPD SPD DIR MIN PSBL S-S WX    SPD DR
================================================================================

 1  30  22  26  -9  39   0 0.00  0.0    0 13.3 23  10   M    M   0        30 360
 2  33  15  24 -11  41   0 0.00  0.0    0  8.0 18  20   M    M   0        22  10
 3  34  12  23 -12  42   0 0.03  1.0    0  6.6 16 150   M    M   0        22 140
 4  30  10  20 -16  45   0 0.69  9.0    4 12.8 28 360   M    M   0        36 350
 5  10   2   6 -30  59   0 0.00  0.0   10 16.1 26  10   M    M   0        34 350
 6  10   3   7 -29  58   0 0.00  0.0    M  5.3 12  40   M    M   0        14  60
 7  18   7  13 -23  52   0 0.00  0.0    M  6.0 12 170   M    M   0        16 170
 8  27  17  22 -14  43   0 0.00  0.0    M  4.4 12 180   M    M   0        14 190
 9  27  14  21 -16  44   0 0.01  0.5    M 12.1 21  20   M    M   0        24  30
10  17  11  14 -23  51   0 0.04  2.0    M  9.2 20  10   M    M   0        23  10
11  22   2  12 -25  53   0 0.01  0.5    M  4.6  9 170   M    M   0        12 170
12  39   9  24 -13  41   0 0.00  0.0    M  6.0 22 350   M    M   0        28 350
13  54  17  36  -2  29   0 0.00  0.0    M  4.1 14 330   M    M   0        18 320
14  54  29  42   4  23   0 0.00  0.0    M 12.3 28 350   M    M   0        38 340
15  68  28  48  10  17   0 0.00  0.0    M  9.0 22  10   M    M   0        29 200
16  59  30  45   7  20   0 0.00  0.0    0  7.8 20 130   M    M   0        27 140
17  63  40  52  13  13   0 0.00  0.0    0 12.3 36 330   M    M   0        48 320
18  74  39  57  18   8   0 0.00  0.0    0 10.0 22 210   M    M   0        31 340
19  57  32  45   6  20   0 0.00  0.0    0  6.6 15 130   M    M   0        20 130
20  57  30  44   4  21   0 0.02  0.0    0 16.3 41 350   M    M   0        54 340
21  61  21  41   1  24   0 0.00  0.0    0  6.0 20 240   M    M   0        25 270
22  63  24  44   4  21   0 0.00  0.0    0  7.7 22  50   M    M   0        27  60
23  42  25  34  -6  31   0 0.00  0.0    0 14.5 24  40   M    M   0        37  40
24  46  19  33  -8  32   0 0.00  0.0    0  6.4 13 190   M    M   0        18 200
25  33  18  26 -15  39   0 0.00  0.0    0 15.6 30  10   M    M   0        36  20
26  38  13  26 -15  39   0 0.00  0.0    0  7.4 21  10   M    M   0        28  10
27  50  14  32 -10  33   0 0.00  0.0    0  7.5 21 180   M    M   0        26 180
28  52  35  44   2  21   0 0.00  0.0    0  8.5 18 170   M    M   0        26 140
================================================================================
SM 1168  538       959   0 0.80  13.0    256.4          M        0
================================================================================
AV 41.7 19.2                               9.2 FASTST   M    M   0      MAX(MPH)
                                 MISC ---->    41 350                     54 340
================================================================================
NOTES:
# LAST OF SEVERAL OCCURRENCES

COLUMN 17 PEAK WIND IN M.P.H.

PRELIMINARY LOCAL CLIMATOLOGICAL DATA (WS FORM: F-6) , PAGE 2

                                          STATION:  MEDICINE LODGE KS
                                          MONTH:    FEBRUARY
                                          YEAR:     2014
                                          LATITUDE:   37 17 N
                                          LONGITUDE:  98 35 W

[TEMPERATURE DATA]      [PRECIPITATION DATA]       SYMBOLS USED IN COLUMN 16

AVERAGE MONTHLY: 30.5   TOTAL FOR MONTH:   0.80    1 = FOG OR MIST
DPTR FM NORMAL:  -7.7   DPTR FM NORMAL:   -0.24    2 = FOG REDUCING VISIBILITY
HIGHEST:    74 ON 18    GRTST 24HR  0.72 ON  3- 4      TO 1/4 MILE OR LESS
LOWEST:      2 ON 11, 5                            3 = THUNDER
                        SNOW, ICE PELLETS, HAIL    4 = ICE PELLETS
                        TOTAL MONTH:  13.0 INCHES  5 = HAIL
                        GRTST 24HR   9.0 ON  4- 4  6 = FREEZING RAIN OR DRIZZLE
                        GRTST DEPTH:  10 ON  5     7 = DUSTSTORM OR SANDSTORM:
                                                       VSBY 1/2 MILE OR LESS
                                                   8 = SMOKE OR HAZE
[NO. OF DAYS WITH]      [WEATHER - DAYS WITH]      9 = BLOWING SNOW
                                                   X = TORNADO
MAX 32 OR BELOW:   9    0.01 INCH OR MORE:   6
MAX 90 OR ABOVE:   0    0.10 INCH OR MORE:   1
MIN 32 OR BELOW:  25    0.50 INCH OR MORE:   1
MIN  0 OR BELOW:   0    1.00 INCH OR MORE:   0

[HDD (BASE 65) ]
TOTAL THIS MO.   959
DPTR FM NORMAL   207
TOTAL FM JUL 1  3951
DPTR FM NORMAL   422

[CDD (BASE 65) ]
TOTAL THIS MO.     0
DPTR FM NORMAL     0    [PRESSURE DATA]
TOTAL FM JAN 1     0    HIGHEST SLP 30.74 ON  6
DPTR FM NORMAL     0    LOWEST  SLP 29.28 ON 20

[REMARKS]
#FINAL-02-14#
