000
CXUS53 KDDC 031439
CF6P28
PRELIMINARY LOCAL CLIMATOLOGICAL DATA (WS FORM: F-6)

                                          STATION:   MEDICINE LODGE KS
                                          MONTH:     SEPTEMBER
                                          YEAR:      2011
                                          LATITUDE:   37 17 N
                                          LONGITUDE:  98 35 W

  TEMPERATURE IN F:       :PCPN:    SNOW:  WIND      :SUNSHINE: SKY     :PK WND
================================================================================
1   2   3   4   5  6A  6B    7    8   9   10  11  12  13   14  15   16   17  18
                                     12Z  AVG MX 2MIN
DY MAX MIN AVG DEP HDD CDD  WTR  SNW DPTH SPD SPD DIR MIN PSBL S-S WX    SPD DR
================================================================================

 1 106  79  93  16   0  28 0.00  0.0    0 11.9 24 170   M    M   0        33 180
 2 101  75  88  12   0  23 0.00  0.0    0  9.8 21 190   M    M   0        26 180
 3 101  69  85   9   0  20 0.00  0.0    0 12.3 33 360   M    M   0        44 360
 4  81  56  69  -7   0   4 0.00  0.0    0 16.4 28  20   M    M   0        37  20
 5  80  47  64 -11   1   0 0.00  0.0    0  5.7 15  40   M    M   0        20  60
 6  82  48  65 -10   0   0 0.00  0.0    0  4.1 12  90   M    M   0        17 180
 7  77  57  67  -8   0   2 0.00  0.0    0  2.2  9 100   M    M   0        13 110
 8  84  54  69  -5   0   4 0.00  0.0    0  4.9 16  40   M    M   0        23  30
 9  84  48  66  -8   0   1 0.00  0.0    0  4.8 16  20   M    M   0        23  20
10  81  53  67  -7   0   2 0.02  0.0    0  5.4 22  10   M    M   0        28  20
11  90  53  72  -1   0   7 0.00  0.0    0  4.3 10 200   M    M   0        16 330
12 103  60  82   9   0  17 0.00  0.0    0  7.7 22 190   M    M   0        31 170
13  93  61  77   5   0  12 0.00  0.0    0 11.0 24  20   M    M   0        29  50
14  76  60  68  -4   0   3 0.16  0.0    0 14.0 24  30   M    M   0        31  30
15  60  47  54 -18  11   0 0.01  0.0    0 10.0 22  60   M    M   0        29  70
16  62  49  56 -15   9   0 0.00  0.0    0  7.6 14 120   M    M   0        21 160
17  77  56  67  -4   0   2 0.72  0.0    0  9.4 18  90   M    M   0        25 100
18  78  57  68  -2   0   3 0.02  0.0    0  9.1 21 350   M    M   0        25 350
19  85  50  68  -2   0   3 0.00  0.0    0  4.4  9 170   M    M   0        15 140
20  90  60  75   6   0  10 0.00  0.0    0  9.5 22  20   M    M   0        30 360
21  74  55  65  -4   0   0 0.07  0.0    0 10.5 22  30   M    M   0        30  50
22  76  52  64  -5   1   0 0.03  0.0    0  6.0 14 180   M    M   0        17 180
23  84  53  69   1   0   4 0.00  0.0    0  6.5 13  40   M    M   0        17  30
24  89  50  70   2   0   5 0.00  0.0    0  6.6 22  70   M    M   0        29  70
25  76  53  65  -2   0   0 0.00  0.0    0  7.0 15  70   M    M   0        24  30
26  79  51  65  -2   0   0 0.00  0.0    0  5.8 16 190   M    M   0        22 190
27  86  50  68   2   0   3 0.00  0.0    0  2.4 10 330   M    M   0        14 320
28  98  52  75   9   0  10 0.00  0.0    0  3.6 13  60   M    M   0        16  60
29  85  53  69   3   0   4 0.00  0.0    0 13.7 33  20   M    M   0        44  30
30  76  45  61  -4   4   0 0.00  0.0    0  3.3 10  50   M    M   0        14  50
================================================================================
SM 2514 1653        26 167 1.03  0.0     229.9          M        0
================================================================================
AV 83.8 55.1                               7.7 FASTST   M    M   0      MAX(MPH)
                                 MISC ---->  # 33 360                  # 44  360
================================================================================
NOTES:
# LAST OF SEVERAL OCCURRENCES

COLUMN 17 PEAK WIND IN M.P.H.

PRELIMINARY LOCAL CLIMATOLOGICAL DATA (WS FORM: F-6) , PAGE 2

                                          STATION:  MEDICINE LODGE KS
                                          MONTH:    SEPTEMBER
                                          YEAR:     2011
                                          LATITUDE:   37 17 N
                                          LONGITUDE:  98 35 W

[TEMPERATURE DATA]      [PRECIPITATION DATA]       SYMBOLS USED IN COLUMN 16

AVERAGE MONTHLY: 69.5   TOTAL FOR MONTH:   1.03    1 = FOG OR MIST
DPTR FM NORMAL:  -1.7   DPTR FM NORMAL:   -1.07    2 = FOG REDUCING VISIBILITY
HIGHEST:   106 ON  1    GRTST 24HR  0.73 ON 17-18      TO 1/4 MILE OR LESS
LOWEST:     45 ON 30                               3 = THUNDER
                        SNOW, ICE PELLETS, HAIL    4 = ICE PELLETS
                        TOTAL MONTH:   0.0 INCH    5 = HAIL
                        GRTST 24HR     0.0         6 = FREEZING RAIN OR DRIZZLE
                        GRTST DEPTH:   0           7 = DUSTSTORM OR SANDSTORM:
                                                       VSBY 1/2 MILE OR LESS
                                                   8 = SMOKE OR HAZE
[NO. OF DAYS WITH]      [WEATHER - DAYS WITH]      9 = BLOWING SNOW
                                                   X = TORNADO
MAX 32 OR BELOW:   0    0.01 INCH OR MORE:   7
MAX 90 OR ABOVE:   8    0.10 INCH OR MORE:   2
MIN 32 OR BELOW:   0    0.50 INCH OR MORE:   1
MIN  0 OR BELOW:   0    1.00 INCH OR MORE:   0

[HDD (BASE 65) ]
TOTAL THIS MO.    26
DPTR FM NORMAL    -8
TOTAL FM JUL 1    26
DPTR FM NORMAL    -8

[CDD (BASE 65) ]
TOTAL THIS MO.   167
DPTR FM NORMAL   -53    [PRESSURE DATA]
TOTAL FM JAN 1  2406    HIGHEST SLP 30.34 ON 15
DPTR FM NORMAL   675    LOWEST  SLP 29.67 ON 24

[REMARKS]
#FINAL-09-11#
