000
CXUS53 KDDC 011414
CF6P28
PRELIMINARY LOCAL CLIMATOLOGICAL DATA (WS FORM: F-6)

                                          STATION:   MEDICINE LODGE KS
                                          MONTH:     AUGUST
                                          YEAR:      2011
                                          LATITUDE:   37 17 N
                                          LONGITUDE:  98 35 W

  TEMPERATURE IN F:       :PCPN:    SNOW:  WIND      :SUNSHINE: SKY     :PK WND
================================================================================
1   2   3   4   5  6A  6B    7    8   9   10  11  12  13   14  15   16   17  18
                                     12Z  AVG MX 2MIN
DY MAX MIN AVG DEP HDD CDD  WTR  SNW DPTH SPD SPD DIR MIN PSBL S-S WX    SPD DR
================================================================================

 1 110  76  93  11   0  28 0.00  0.0    0  8.1 21 190   M    M   0        28 190
 2 113  73  93  11   0  28 0.00  0.0    0  9.8 23  40   M    M   0        29  40
 3 106  72  89   7   0  24 0.50  0.0    0 12.7 46 190   M    M   0        66 190
 4  98  74  86   4   0  21 0.03  0.0    0  5.0 14 170   M    M   0        18 180
 5 102  76  89   7   0  24 0.04  0.0    0  5.8 22 300   M    M   0        29 310
 6 100  72  86   4   0  21 0.38  0.0    0  7.0 30 240   M    M   0        44 250
 7 105  72  89   7   0  24 0.00  0.0    0  6.6 21  30   M    M   0        29 150
 8 103  72  88   6   0  23 0.00  0.0    0 11.6 32  60   M    M   0        45 330
 9  99  69  84   2   0  19 0.09  0.0    0  6.7 22  40   M    M   0        28  60
10  89  67  78  -4   0  13 0.03  0.0    0 12.9 33  30   M    M   0        44  50
11  92  70  81   0   0  16 0.00  0.0    0  6.6 15 160   M    M   0        23 160
12  99  65  82   1   0  17 1.28  0.0    0  7.2 33  20   M    M   0        46  20
13  91  67  79  -2   0  14 0.00  0.0    0  3.2  9  50   M    M   0        13 140
14  92  69  81   0   0  16 0.00  0.0    0  8.1 13 130   M    M   0        18 130
15 101  70  86   5   0  21 0.00  0.0    0 10.0 21 190   M    M   0        28 170
16 104  73  89   8   0  24 0.00  0.0    0  6.5 22 170   M    M   0        28 180
17  96  73  85   5   0  20 0.00  0.0    0  6.9 18  20   M    M   0        22  30
18 106  75  91  11   0  26 0.00  0.0    0  7.1 18 180   M    M   0        24 180
19 107  79  93  13   0  28 0.00  0.0    0 10.0 23 190   M    M   0        30 200
20  86  73  80   0   0  15 0.00  0.0    0  7.1 16  70   M    M   0        21  70
21  97  69  83   3   0  18 0.00  0.0    0  4.1 12 160   M    M   0        18 140
22  87  76  82   3   0  17 0.19  0.0    0  8.2 22 220   M    M   0        30 340
23 108  76  92  13   0  27 0.00  0.0    0 10.7 24 230   M    M   0        32 220
24 108  77  93  14   0  28 0.00  0.0    0 10.1 23  50   M    M   0        30  50
25  96  67  82   3   0  17 0.00  0.0    0  7.2 16  60   M    M   0        22  60
26 101  59  80   2   0  15 0.00  0.0    0  5.0 14 170   M    M   0        20 150
27 102  72  87   9   0  22 0.00  0.0    0  5.5 14  90   M    M   0        21 120
28 107  76  92  14   0  27 0.00  0.0    0  7.4 17  90   M    M   0        26  90
29  99  71  85   7   0  20 0.00  0.0    0  9.0 18  60   M    M   0        31 130
30 103  74  89  12   0  24 0.00  0.0    0  5.4 15 190   M    M   0        18 180
31 109  72  91  14   0  26 0.00  0.0    0  7.6 21 190   M    M   0        28 190
================================================================================
SM 3116 2226         0 663 2.54  0.0     239.1          M        0
================================================================================
AV100.5 71.8                               7.7 FASTST   M    M   0      MAX(MPH)
                                 MISC ---->    46 190                     66 190
================================================================================
NOTES:
# LAST OF SEVERAL OCCURRENCES

COLUMN 17 PEAK WIND IN M.P.H.

PRELIMINARY LOCAL CLIMATOLOGICAL DATA (WS FORM: F-6) , PAGE 2

                                          STATION:  MEDICINE LODGE KS
                                          MONTH:    AUGUST
                                          YEAR:     2011
                                          LATITUDE:   37 17 N
                                          LONGITUDE:  98 35 W

[TEMPERATURE DATA]      [PRECIPITATION DATA]       SYMBOLS USED IN COLUMN 16

AVERAGE MONTHLY: 86.2   TOTAL FOR MONTH:   2.54    1 = FOG OR MIST
DPTR FM NORMAL:   5.9   DPTR FM NORMAL:   -0.58    2 = FOG REDUCING VISIBILITY
HIGHEST:   113 ON  2    GRTST 24HR  1.28 ON 12-12      TO 1/4 MILE OR LESS
LOWEST:     59 ON 26                               3 = THUNDER
                        SNOW, ICE PELLETS, HAIL    4 = ICE PELLETS
                        TOTAL MONTH:   0.0 INCH    5 = HAIL
                        GRTST 24HR     0.0         6 = FREEZING RAIN OR DRIZZLE
                        GRTST DEPTH:   0           7 = DUSTSTORM OR SANDSTORM:
                                                       VSBY 1/2 MILE OR LESS
                                                   8 = SMOKE OR HAZE
[NO. OF DAYS WITH]      [WEATHER - DAYS WITH]      9 = BLOWING SNOW
                                                   X = TORNADO
MAX 32 OR BELOW:   0    0.01 INCH OR MORE:   8
MAX 90 OR ABOVE:  28    0.10 INCH OR MORE:   4
MIN 32 OR BELOW:   0    0.50 INCH OR MORE:   2
MIN  0 OR BELOW:   0    1.00 INCH OR MORE:   1

[HDD (BASE 65) ]
TOTAL THIS MO.     0
DPTR FM NORMAL     0
TOTAL FM JUL 1     0
DPTR FM NORMAL     0

[CDD (BASE 65) ]
TOTAL THIS MO.   663
DPTR FM NORMAL   189    [PRESSURE DATA]
TOTAL FM JAN 1  2239    HIGHEST SLP 30.07 ON 14
DPTR FM NORMAL   728    LOWEST  SLP 29.62 ON  8

[REMARKS]
#FINAL-08-11#
