000
CXUS43 KDDC 021437
CF6P28
PRELIMINARY LOCAL CLIMATOLOGICAL DATA (WS FORM: F-6)

                                          STATION:   MEDICINE LODGE KS
                                          MONTH:     APRIL
                                          YEAR:      2011
                                          LATITUDE:   37 17 N
                                          LONGITUDE:  98 35 W

  TEMPERATURE IN F:       :PCPN:    SNOW:  WIND      :SUNSHINE: SKY     :PK WND
================================================================================
1   2   3   4   5  6A  6B    7    8   9   10  11  12  13   14  15   16   17  18
                                     12Z  AVG MX 2MIN
DY MAX MIN AVG DEP HDD CDD  WTR  SNW DPTH SPD SPD DIR MIN PSBL S-S WX    SPD DR
================================================================================

 1  72  38  55   5  10   0 0.00  0.0    0  5.1 17 360   M    M   0        25 360
 2  83  36  60  10   5   0 0.00  0.0    0 10.8 29 190   M    M   0        36 180
 3  99  47  73  22   0   8 0.00  0.0    0 20.6 45 360   M    M   0        61 360
 4  57  31  44  -7  21   0 0.00  0.0    0 16.4 33 340   M    M   0        47 330
 5  78  26  52   1  13   0 0.00  0.0    0  9.1 23 190   M    M   0        30 210
 6  75  49  62  10   3   0 0.00  0.0    0 11.4 28  10   M    M   0        35  10
 7  79  50  65  13   0   0 0.00  0.0    0  8.0 21 330   M    M   0        28 330
 8  84  49  67  15   0   2 0.00  0.0    0  7.5 16 130   M    M   0        25 110
 9  91  63  77  24   0  12 0.00  0.0    0 13.7 30 180   M    M   0        39 170
10  82  54  68  15   0   3 0.00  0.0    0 14.8 23 240   M    M   0        33 200
11  71  41  56   3   9   0 0.00  0.0    0 10.4 24 350   M    M   0        38 340
12  78  34  56   2   9   0 0.00  0.0    0  7.4 23 180   M    M   0        28 180
13  83  54  69  15   0   4 0.00  0.0    0  9.6 22 190   M    M   0        26 180
14  76  44  60   6   5   0 0.00  0.0    0 14.4 26 280   M    M   0        38 270
15  53  37  45 -10  20   0 0.08  0.0    0 26.9 47 340   M    M   0        64 330
16  73  35  54  -1  11   0 0.00  0.0    0  9.3 22 330   M    M   0        29 320
17  82  48  65  10   0   0 0.00  0.0    0  9.2 25 200   M    M   0        31 190
18  81  55  68  12   0   3 0.00  0.0    0 10.4 20  90   M    M   0        26 100
19  66  41  54  -2  11   0 0.00  0.0    0 14.7 30 360   M    M   0        41 350
20  64  37  51  -5  14   0 0.00  0.0    0 10.3 20  50   M    M   0        25  50
21  61  50  56  -1   9   0 0.01  0.0    0  8.9 16 140   M    M   0        23 140
22  78  55  67  10   0   2 0.03  0.0    0  9.5 22 340   M    M   0        28  10
23  62  46  54  -3  11   0 0.00  0.0    0 12.6 25  20   M    M   0        31  20
24  64  45  55  -3  10   0 0.05  0.0    0  9.0 20  80   M    M   0        28  80
25  58  43  51  -7  14   0 0.04  0.0    0 10.0 25 320   M    M   0        35 320
26  58  37  48 -11  17   0 0.05  0.0    0  3.8 12 100   M    M   0        16  90
27  60  42  51  -8  14   0 0.73  0.0    0 11.0 26 340   M    M   0        36 350
28  76  39  58  -1   7   0 0.00  0.0    0  9.1 23 280   M    M   0        31 330
29  85  51  68   8   0   3 0.00  0.0    0 18.4 39 180   M    M   0        54 190
30  71  49  60   0   5   0 0.00  0.0    0 15.3 30 340   M    M   0        45 360
================================================================================
SM 2200 1326       218  37 0.99  0.0     347.6          M        0
================================================================================
AV 73.3 44.2                              11.6 FASTST   M    M   0    MAX(MPH)
                                 MISC ---->    47 340                     64 330
================================================================================
NOTES:
# LAST OF SEVERAL OCCURRENCES

COLUMN 17 PEAK WIND IN M.P.H.

PRELIMINARY LOCAL CLIMATOLOGICAL DATA (WS FORM: F-6) , PAGE 2

                                          STATION:  MEDICINE LODGE KS
                                          MONTH:    APRIL
                                          YEAR:     2011
                                          LATITUDE:   37 17 N
                                          LONGITUDE:  98 35 W

[TEMPERATURE DATA]      [PRECIPITATION DATA]       SYMBOLS USED IN COLUMN 16

AVERAGE MONTHLY: 58.8   TOTAL FOR MONTH:   0.99    1 = FOG OR MIST
DPTR FM NORMAL:   3.9   DPTR FM NORMAL:   -1.71    2 = FOG REDUCING VISIBILITY
HIGHEST:    99 ON  3    GRTST 24HR  0.78 ON 26-27      TO 1/4 MILE OR LESS
LOWEST:     26 ON  5                               3 = THUNDER
                        SNOW, ICE PELLETS, HAIL    4 = ICE PELLETS
                        TOTAL MONTH:   0.0 INCH    5 = HAIL
                        GRTST 24HR     0.0         6 = FREEZING RAIN OR DRIZZLE
                        GRTST DEPTH:   0           7 = DUSTSTORM OR SANDSTORM:
                                                       VSBY 1/2 MILE OR LESS
                                                   8 = SMOKE OR HAZE
[NO. OF DAYS WITH]      [WEATHER - DAYS WITH]      9 = BLOWING SNOW
                                                   X = TORNADO
MAX 32 OR BELOW:   0    0.01 INCH OR MORE:   7
MAX 90 OR ABOVE:   2    0.10 INCH OR MORE:   1
MIN 32 OR BELOW:   2    0.50 INCH OR MORE:   1
MIN  0 OR BELOW:   0    1.00 INCH OR MORE:   0

[HDD (BASE 65) ]
TOTAL THIS MO.   218
DPTR FM NORMAL   -99
TOTAL FM JUL 1  4358
DPTR FM NORMAL  -367

[CDD (BASE 65) ]
TOTAL THIS MO.    37
DPTR FM NORMAL    22    [PRESSURE DATA]
TOTAL FM JAN 1    46    HIGHEST SLP 30.26 ON 20
DPTR FM NORMAL    31    LOWEST  SLP 29.17 ON  3

[REMARKS]
#FINAL-04-11#
