000
CXUS53 KDDC 031235
CF6P28
PRELIMINARY LOCAL CLIMATOLOGICAL DATA (WS FORM: F-6)

                                          STATION:   MEDICINE LODGE KS
                                          MONTH:     JULY
                                          YEAR:      2011
                                          LATITUDE:   37 17 N
                                          LONGITUDE:  98 35 W

  TEMPERATURE IN F:       :PCPN:    SNOW:  WIND      :SUNSHINE: SKY     :PK WND
================================================================================
1   2   3   4   5  6A  6B    7    8   9   10  11  12  13   14  15   16   17  18
                                     12Z  AVG MX 2MIN
DY MAX MIN AVG DEP HDD CDD  WTR  SNW DPTH SPD SPD DIR MIN PSBL S-S WX    SPD DR
================================================================================

 1 104  74  89  10   0  24 0.00  0.0    0 11.0 25 200   M    M   0        31 180
 2 103  71  87   7   0  22 0.00  0.0    0  6.4 29 190   M    M   0        38 200
 3 104  73  89   9   0  24 0.28  0.0    0  8.2 31  40   M    M   0        38  40
 4 102  67  85   5   0  20 0.00  0.0    0  3.9 13 180   M    M   0        18 180
 5 106  72  89   9   0  24 0.00  0.0    0  5.1 13  90   M    M   0        17 180
 6  98  75  87   7   0  22 0.00  0.0    0 12.3 29  40   M    M   0        38  40
 7  96  74  85   5   0  20 0.00  0.0    0 10.5 20  20   M    M   0        35  10
 8  99  68  84   4   0  19 0.00  0.0    0  5.6 14 120   M    M   0        22 120
 9 114  75  95  14   0  30 0.00  0.0    0  9.2 21 220   M    M   0        29 170
10 111  79  95  14   0  30 0.02  0.0    0 10.2 22 300   M    M   0        28 180
11 105  72  89   8   0  24 0.00  0.0    0  7.6 20 180   M    M   0        43 200
12  96  75  86   5   0  21 0.00  0.0    0  7.5 18 160   M    M   0        25 160
13 100  73  87   6   0  22 0.00  0.0    0 10.5 22 190   M    M   0        30 120
14 106  78  92  11   0  27 0.00  0.0    0  7.3 14 170   M    M   0        20 150
15 109  79  94  13   0  29 0.00  0.0    0  8.3 21 170   M    M   0        28 170
16 107  81  94  13   0  29 0.00  0.0    0  8.2 16 130   M    M   0        24 160
17 105  79  92  11   0  27 0.00  0.0    0  6.9 16 170   M    M   0        22 170
18 106  80  93  12   0  28 0.00  0.0    0  6.1 15 130   M    M   0        21 130
19 104  76  90   9   0  25 0.00  0.0    0  8.2 18 180   M    M   0        26 160
20 107  81  94  13   0  29 0.00  0.0    0 11.7 24 180   M    M   0        31 180
21 107  79  93  12   0  28 0.00  0.0    0  9.1 18 180   M    M   0        26 170
22 108  75  92  11   0  27 0.00  0.0    0  9.0 22 170   M    M   0        28 170
23 107  80  94  13   0  29 0.00  0.0    0  8.0 28 200   M    M   0        38 210
24 107  75  91  10   0  26 0.00  0.0    0  7.7 30 260   M    M   0        40 270
25  99  73  86   5   0  21 0.00  0.0    0  5.4 21  80   M    M   0        25  80
26 106  73  90   9   0  25 0.00  0.0    0  7.3 15 140   M    M   0        23 130
27 112  82  97  16   0  32 0.00  0.0    0 11.7 25 190   M    M   0        33 190
28 108  80  94  13   0  29 0.00  0.0    0  8.2 21 180   M    M   0        26 160
29 102  77  90   9   0  25 0.06  0.0    0  5.5 24 330   M    M   0        30 340
30 106  73  90   9   0  25 0.00  0.0    0  7.1 23 190   M    M   0        28 180
31 107  75  91  10   0  26 0.00  0.0    0  6.2 20 180   M    M   0        26 170
================================================================================
SM 3251 2344         0 789 0.36  0.0     249.9          M        0
================================================================================
AV104.9 75.6                               8.1 FASTST   M    M   0    MAX(MPH)
                                 MISC ---->    31  40                     43 200
================================================================================
NOTES:
# LAST OF SEVERAL OCCURRENCES

COLUMN 17 PEAK WIND IN M.P.H.

PRELIMINARY LOCAL CLIMATOLOGICAL DATA (WS FORM: F-6) , PAGE 2

                                          STATION:  MEDICINE LODGE KS
                                          MONTH:    JULY
                                          YEAR:     2011
                                          LATITUDE:   37 17 N
                                          LONGITUDE:  98 35 W

[TEMPERATURE DATA]      [PRECIPITATION DATA]       SYMBOLS USED IN COLUMN 16

AVERAGE MONTHLY: 90.3   TOTAL FOR MONTH:   0.36    1 = FOG OR MIST
DPTR FM NORMAL:   9.4   DPTR FM NORMAL:   -2.67    2 = FOG REDUCING VISIBILITY
HIGHEST:   114 ON  9    GRTST 24HR  0.28 ON  3- 3      TO 1/4 MILE OR LESS
LOWEST:     67 ON  4                               3 = THUNDER
                        SNOW, ICE PELLETS, HAIL    4 = ICE PELLETS
                        TOTAL MONTH:   0.0 INCH    5 = HAIL
                        GRTST 24HR     0.0         6 = FREEZING RAIN OR DRIZZLE
                        GRTST DEPTH:   0           7 = DUSTSTORM OR SANDSTORM:
                                                       VSBY 1/2 MILE OR LESS
                                                   8 = SMOKE OR HAZE
[NO. OF DAYS WITH]      [WEATHER - DAYS WITH]      9 = BLOWING SNOW
                                                   X = TORNADO
MAX 32 OR BELOW:   0    0.01 INCH OR MORE:   3
MAX 90 OR ABOVE:  31    0.10 INCH OR MORE:   1
MIN 32 OR BELOW:   0    0.50 INCH OR MORE:   0
MIN  0 OR BELOW:   0    1.00 INCH OR MORE:   0

[HDD (BASE 65) ]
TOTAL THIS MO.     0
DPTR FM NORMAL     0
TOTAL FM JUL 1     0
DPTR FM NORMAL     0

[CDD (BASE 65) ]
TOTAL THIS MO.   789
DPTR FM NORMAL   303    [PRESSURE DATA]
TOTAL FM JAN 1  1576    HIGHEST SLP 30.04 ON 18
DPTR FM NORMAL   648    LOWEST  SLP 29.57 ON  9

[REMARKS]
#FINAL-07-11#
