000
CXUS53 KDDC 011438
CF6P28
PRELIMINARY LOCAL CLIMATOLOGICAL DATA (WS FORM: F-6)

                                          STATION:   MEDICINE LODGE KS
                                          MONTH:     JULY
                                          YEAR:      2016
                                          LATITUDE:   37 17 N
                                          LONGITUDE:  98 35 W

  TEMPERATURE IN F:       :PCPN:    SNOW:  WIND      :SUNSHINE: SKY     :PK WND
================================================================================
1   2   3   4   5  6A  6B    7    8   9   10  11  12  13   14  15   16   17  18
                                     12Z  AVG MX 2MIN
DY MAX MIN AVG DEP HDD CDD  WTR  SNW DPTH SPD SPD DIR MIN PSBL S-S WX    SPD DR
================================================================================

 1  81  70  76  -4   0  11 0.03  0.0    0  7.6 15  10   M    M   0        21 360
 2  92  68  80  -1   0  15 0.07  0.0    0 10.5 22 180   M    M   0        30 170
 3  84  68  76  -5   0  11 0.01  0.0    0  5.4 15  10   M    M   0        17  10
 4  96  67  82   1   0  17 0.00  0.0    0  7.2 20 190   M    M   0        25 180
 5  99  71  85   4   0  20 0.00  0.0    0 10.0 20 200   M    M   0        28 200
 6  98  71  85   4   0  20 0.00  0.0    0 12.4 36  10   M    M   0        50  10
 7 104  73  89   7   0  24 0.00  0.0    0  9.3 17  10   M    M   0        23  10
 8  90  73  82   0   0  17 0.01  0.0    0  8.4 29  70   M    M   0        38  70
 9  97  71  84   2   0  19 0.00  0.0    0  9.9 24 170   M    M   0        34 170
10  98  69  84   2   0  19 0.00  0.0    0 12.9 25 170   M    M   0        33 180
11  95  77  86   4   0  21 0.00  0.0    0 16.1 30 190   M    M   0        40 190
12  97  74  86   4   0  21 0.00  0.0    0 11.4 20 180   M    M   0        27 190
13 103  75  89   7   0  24 0.00  0.0    0  7.7 17  20   M    M   0        22  70
14  84  67  76  -6   0  11 1.22  0.0    0  8.6 28  60   M    M   0        35  50
15  89  63  76  -6   0  11 0.22  0.0    0  6.4 31 180   M    M   0        39 180
16  92  64  78  -4   0  13 0.00  0.0    0  7.7 21 180   M    M   0        27 170
17  99  72  86   4   0  21 0.00  0.0    0 13.4 28 190   M    M   0        38 180
18  99  71  85   3   0  20 0.00  0.0    0  9.4 18 170   M    M   0        24 180
19  97  72  85   3   0  20 0.00  0.0    0  9.3 20 170   M    M   0        27 160
20 101  74  88   5   0  23 0.00  0.0    0 10.9 20 200   M    M   0        26 170
21 103  75  89   6   0  24 0.00  0.0    0 11.0 23 190   M    M   0        33 180
22 106  75  91   8   0  26 0.00  0.0    0  9.5 18 200   M    M   0        25 170
23 104  74  89   6   0  24 0.00  0.0    0 11.2 23 190   M    M   0        30 180
24 103  75  89   6   0  24 0.00  0.0    0  6.1 15 210   M    M   0        20 180
25  93  70  82  -1   0  17 0.01  0.0    0  9.1 24 280   M    M   0        32 290
26  94  68  81  -2   0  16 0.00  0.0    0  5.2 13  70   M    M   0        17  80
27  96  70  83   0   0  18 0.00  0.0    0  6.3 16  50   M    M   0        21  60
28  98  69  84   1   0  19 0.00  0.0    0  7.5 23 340   M    M   0        31 340
29  90  66  78  -4   0  13 0.95  0.0    0  5.0 22  10   M    M   0        32  10
30  91  70  81  -1   0  16 0.07  0.0    0  7.3 15  50   M    M   0        22 170
31 100  72  86   4   0  21 0.00  0.0    0 10.0 23 190   M    M   0        29 190
================================================================================
SM 2973 2194         0 576 2.59  0.0     282.7          M        0
================================================================================
AV 95.9 70.8                               9.1 FASTST   M    M   0      MAX(MPH)
                                 MISC ---->    36  10                     50  10
================================================================================
NOTES:
# LAST OF SEVERAL OCCURRENCES

COLUMN 17 PEAK WIND IN M.P.H.

PRELIMINARY LOCAL CLIMATOLOGICAL DATA (WS FORM: F-6) , PAGE 2

                                          STATION:  MEDICINE LODGE KS
                                          MONTH:    JULY
                                          YEAR:     2016
                                          LATITUDE:   37 17 N
                                          LONGITUDE:  98 35 W

[TEMPERATURE DATA]      [PRECIPITATION DATA]       SYMBOLS USED IN COLUMN 16

AVERAGE MONTHLY: 83.4   TOTAL FOR MONTH:   2.59    1 = FOG OR MIST
DPTR FM NORMAL:   1.3   DPTR FM NORMAL:   -0.79    2 = FOG REDUCING VISIBILITY
HIGHEST:   106 ON 22    GRTST 24HR  1.22 ON 14-14      TO 1/4 MILE OR LESS
LOWEST:     63 ON 15                               3 = THUNDER
                        SNOW, ICE PELLETS, HAIL    4 = ICE PELLETS
                        TOTAL MONTH:   0.0 INCH    5 = HAIL
                        GRTST 24HR     0.0         6 = FREEZING RAIN OR DRIZZLE
                        GRTST DEPTH:   0           7 = DUSTSTORM OR SANDSTORM:
                                                       VSBY 1/2 MILE OR LESS
                                                   8 = SMOKE OR HAZE
[NO. OF DAYS WITH]      [WEATHER - DAYS WITH]      9 = BLOWING SNOW
                                                   X = TORNADO
MAX 32 OR BELOW:   0    0.01 INCH OR MORE:   9
MAX 90 OR ABOVE:  27    0.10 INCH OR MORE:   3
MIN 32 OR BELOW:   0    0.50 INCH OR MORE:   2
MIN  0 OR BELOW:   0    1.00 INCH OR MORE:   1

[HDD (BASE 65) ]
TOTAL THIS MO.     0
DPTR FM NORMAL     0
TOTAL FM JUL 1     0
DPTR FM NORMAL     0

[CDD (BASE 65) ]
TOTAL THIS MO.   576
DPTR FM NORMAL    48    [PRESSURE DATA]
TOTAL FM JAN 1  1172    HIGHEST SLP 30.15 ON 19
DPTR FM NORMAL   135    LOWEST  SLP 29.58 ON 11

[REMARKS]
#FINAL-07-16#
