000
CXUS53 KDDC 311200
CF6P28
PRELIMINARY LOCAL CLIMATOLOGICAL DATA (WS FORM: F-6)

                                          STATION:   MEDICINE LODGE KS
                                          MONTH:     DECEMBER
                                          YEAR:      2013
                                          LATITUDE:   37 17 N
                                          LONGITUDE:  98 35 W

  TEMPERATURE IN F:       :PCPN:    SNOW:  WIND      :SUNSHINE: SKY     :PK WND
================================================================================
1   2   3   4   5  6A  6B    7    8   9   10  11  12  13   14  15   16   17  18
                                     12Z  AVG MX 2MIN
DY MAX MIN AVG DEP HDD CDD  WTR  SNW DPTH SPD SPD DIR MIN PSBL S-S WX    SPD DR
================================================================================

 1  59  29  44   6  21   0 0.00  0.0    0  3.3  9 210   M    M   0        11 220
 2  63  25  44   6  21   0 0.00  0.0    0  2.4 14 180   M    M   0        17 180
 3  60  27  44   6  21   0 0.00  0.0    0  5.7 15  20   M    M   0        20  30
 4  44  22  33  -4  32   0 0.00  0.0    0 16.6 28 330   M    M   0        36 340
 5  22  14  18 -19  47   0 0.00  0.0    0 15.5 25 340   M    M   0        33 340
 6  21   8  15 -22  50   0 0.00  0.0    0 12.9 21  10   M    M   0        26  10
 7  20   2  11 -25  54   0 0.00  0.0    0  6.9 13 140   M    M   0        17 140
 8  27  14  21 -15  44   0 0.01  0.0    0  8.8 16 350   M    M   0        21 360
 9  19   3  11 -25  54   0 0.00  0.0    0  6.3 16  40   M    M   0        19  30
10  44   2  23 -13  42   0 0.00  0.0    0  6.6 23 170   M    M   0        31 170
11  33  12  23 -12  42   0 0.00  0.0    0 10.3 25  20   M    M   0        30  20
12  49  13  31  -4  34   0 0.00  0.0    0  9.0 20 170   M    M   0        26 180
13  53  27  40   5  25   0 0.00  0.0    0  9.2 20 360   M    M   0        26  10
14  45  19  32  -2  33   0 0.00  0.0    0 11.5 25 350   M    M   0        34 350
15  61  19  40   6  25   0 0.00  0.0    0  5.1 12 240   M    M   0        15 240
16  69  29  49  15  16   0 0.00  0.0    0  6.4 18 330   M    M   0        23 320
17  59  28  44  10  21   0 0.00  0.0    0  6.9 18  30   M    M   0        23  30
18  69  27  48  14  17   0 0.00  0.0    0 11.1 26 190   M    M   0        33 180
19  60  30  45  11  20   0 0.00  0.0    0  8.4 28 360   M    M   0        38  10
20  30  17  24 -10  41   0 0.00  0.0    0 12.6 30 360   M    M   0        40 350
21  27  23  25  -8  40   0 0.49  5.0    5  8.7 17  20   M    M   0        21  20
22  28   3  16 -17  49   0 0.01    T    M  6.9 18 340   M    M   0        23 330
23  19   1  10 -23  55   0 0.00  0.0    M  5.6 20  30   M    M   0        24  50
24  31  16  24  -9  41   0 0.00  0.0    M  9.0 21 170   M    M   0        26 160
25  45  23  34   1  31   0 0.00  0.0    M  6.1 16 310   M    M   0        24 330
26  51  18  35   2  30   0 0.00  0.0    M  4.9 15 230   M    M   0        18 230
27  55  22  39   6  26   0 0.00  0.0    0  4.6 13 170   M    M   0        15 150
28  57  26  42   9  23   0 0.00  0.0    0  7.3 18 180   M    M   0        22 170
29  36  11  24  -9  41   0 0.00  0.0    0 16.5 36  10   M    M   0        46 360
30  44   9  27  -6  38   0 0.00  0.0    0  4.6 13 210   M    M   0        19 190
================================================================================
SM 1300  519      1034   0  0.51     5.0 249.7          M        0
================================================================================
AV 43.3 17.3                               8.3 FASTST   M    M   0    MAX(MPH)
                                 MISC ---->  # 36  10               # 46  360
================================================================================
NOTES:
# LAST OF SEVERAL OCCURRENCES

COLUMN 17 PEAK WIND IN M.P.H.

PRELIMINARY LOCAL CLIMATOLOGICAL DATA (WS FORM: F-6) , PAGE 2

                                          STATION:  MEDICINE LODGE KS
                                          MONTH:    DECEMBER
                                          YEAR:     2013
                                          LATITUDE:   37 17 N
                                          LONGITUDE:  98 35 W

[TEMPERATURE DATA]      [PRECIPITATION DATA]       SYMBOLS USED IN COLUMN 16

AVERAGE MONTHLY: 30.3   TOTAL FOR MONTH:   0.51    1 = FOG OR MIST
DPTR FM NORMAL:  -4.4   DPTR FM NORMAL:   -0.39    2 = FOG REDUCING VISIBILITY
HIGHEST:    69 ON 18,16 GRTST 24HR  0.50 ON 21-22      TO 1/4 MILE OR LESS
LOWEST:      1 ON 23                               3 = THUNDER
                        SNOW, ICE PELLETS, HAIL    4 = ICE PELLETS
                        TOTAL MONTH:   5.0 INCHES  5 = HAIL
                        GRTST 24HR   5.0 ON 21-21  6 = FREEZING RAIN OR DRIZZLE
                        GRTST DEPTH:   5 ON 21     7 = DUSTSTORM OR SANDSTORM:
                                                       VSBY 1/2 MILE OR LESS
                                                   8 = SMOKE OR HAZE
[NO. OF DAYS WITH]      [WEATHER - DAYS WITH]      9 = BLOWING SNOW
                                                   X = TORNADO
MAX 32 OR BELOW:  10    0.01 INCH OR MORE:   3
MAX 90 OR ABOVE:   0    0.10 INCH OR MORE:   1
MIN 32 OR BELOW:  30    0.50 INCH OR MORE:   0
MIN  0 OR BELOW:   0    1.00 INCH OR MORE:   0

[HDD (BASE 65) ]
TOTAL THIS MO.  1034    CLEAR  (SCALE 0-3)  30
DPTR FM NORMAL   125    PTCLDY (SCALE 4-7)   0
TOTAL FM JUL 1  1972    CLOUDY (SCALE 8-10)  0
DPTR FM NORMAL   205

[CDD (BASE 65) ]
TOTAL THIS MO.     0
DPTR FM NORMAL     0    [PRESSURE DATA]
TOTAL FM JAN 1  1786    HIGHEST SLP M ON M
DPTR FM NORMAL    16    LOWEST  SLP 29.42 ON  3

[REMARKS]
