000
CXUS53 KDDC 021626
CF6P28
PRELIMINARY LOCAL CLIMATOLOGICAL DATA (WS FORM: F-6)

                                          STATION:   MEDICINE LODGE KS
                                          MONTH:     NOVEMBER
                                          YEAR:      2013
                                          LATITUDE:   37 17 N
                                          LONGITUDE:  98 35 W

  TEMPERATURE IN F:       :PCPN:    SNOW:  WIND      :SUNSHINE: SKY     :PK WND
================================================================================
1   2   3   4   5  6A  6B    7    8   9   10  11  12  13   14  15   16   17  18
                                     12Z  AVG MX 2MIN
DY MAX MIN AVG DEP HDD CDD  WTR  SNW DPTH SPD SPD DIR MIN PSBL S-S WX    SPD DR
================================================================================

 1  64  40  52   0  13   0 0.00  0.0    0 10.3 25 330   M    M   0        33 300
 2  62  33  48  -4  17   0 0.00  0.0    0  5.5 12 340   M    M   0        16 330
 3  63  42  53   2  12   0 0.00  0.0    0 15.7 31 180   M    M   0        43 180
 4  64  42  53   2  12   0 0.00  0.0    0  7.4 17 350   M    M   0        23 340
 5  61  38  50   0  15   0 0.30  0.0    0 13.7 26 340   M    M   0        37 330
 6  55  32  44  -6  21   0 0.00  0.0    0  7.8 22 340   M    M   0        29 350
 7  64  29  47  -2  18   0 0.00  0.0    0  5.0  9 120   M    M   0        12 360
 8  69  37  53   4  12   0 0.00  0.0    0 15.0 33 190   M    M   0        42 190
 9  62  35  49   1  16   0 0.00  0.0    0  4.8 14  90   M    M   0        18  90
10  62  43  53   5  12   0 0.00  0.0    0  4.8 14 180   M    M   0        18 190
11  59  28  44  -4  21   0 0.00  0.0    0 12.2 30  20   M    M   0        38  30
12  40  23  32 -15  33   0 0.00  0.0    0  9.9 23  20   M    M   0        28  10
13  55  21  38  -9  27   0 0.00  0.0    0 10.3 21 180   M    M   0        27 170
14  57  34  46   0  19   0 0.00  0.0    0  9.8 20 180   M    M   0        25 180
15  60  26  43  -3  22   0 0.00  0.0    0  8.5 17 160   M    M   0        28 160
16  80  50  65  20   0   0 0.00  0.0    0 15.1 36 220   M    M   0        50 210
17  66  44  55  10  10   0 0.00  0.0    0 12.4 26 330   M    M   0        35 320
18  59  28  44   0  21   0 0.00  0.0    0  4.9 12 170   M    M   0        16 190
19  62  38  50   6  15   0 0.00  0.0    0 12.0 29 180   M    M   0        37 180
20  65  47  56  13   9   0 0.01  0.0    0  9.2 17 200   M    M   0        26 160
21  52  24  38  -5  27   0 0.24  0.0    0 18.9 30 360   M    M   0        40  10
22  29  20  25 -17  40   0 0.12  1.5    0 14.8 26 360   M    M   0        35 350
23  36  24  30 -12  35   0 0.00  0.0    1  9.6 20  20   M    M   0        24  20
24  27  22  25 -16  40   0 0.00  0.0    0  7.4 15 180   M    M   0        18 170
25  36  23  30 -11  35   0 0.00  0.0    0  5.8 14 170   M    M   0        17 180
26  42  19  31  -9  34   0 0.00  0.0    0 11.2 28  10   M    M   0        36  20
27  39  12  26 -14  39   0 0.00  0.0    0  6.3 16 180   M    M   0        21 170
28  49  21  35  -5  30   0 0.00  0.0    0  5.9 15  50   M    M   0        19  30
29  57  23  40   1  25   0 0.00  0.0    0  7.7 22 180   M    M   0        27 180
30  64  24  44   5  21   0 0.00  0.0    0  3.1 12 340   M    M   0        14 350
================================================================================
SM 1660  922       651   0 0.67  1.5     285.0          M        0
================================================================================
AV 55.3 30.7                               9.5 FASTST   M    M   0      MAX(MPH)
                                 MISC ---->    36 220                     50 210
================================================================================
NOTES:
# LAST OF SEVERAL OCCURRENCES

COLUMN 17 PEAK WIND IN M.P.H.

PRELIMINARY LOCAL CLIMATOLOGICAL DATA (WS FORM: F-6) , PAGE 2

                                          STATION:  MEDICINE LODGE KS
                                          MONTH:    NOVEMBER
                                          YEAR:     2013
                                          LATITUDE:   37 17 N
                                          LONGITUDE:  98 35 W

[TEMPERATURE DATA]      [PRECIPITATION DATA]       SYMBOLS USED IN COLUMN 16

AVERAGE MONTHLY: 43.0   TOTAL FOR MONTH:   0.67    1 = FOG OR MIST
DPTR FM NORMAL:  -2.4   DPTR FM NORMAL:   -0.26    2 = FOG REDUCING VISIBILITY
HIGHEST:    80 ON 16    GRTST 24HR  0.30 ON  5- 5      TO 1/4 MILE OR LESS
LOWEST:     12 ON 27                               3 = THUNDER
                        SNOW, ICE PELLETS, HAIL    4 = ICE PELLETS
                        TOTAL MONTH:   1.5 INCHES  5 = HAIL
                        GRTST 24HR   1.5 ON 22-22  6 = FREEZING RAIN OR DRIZZLE
                        GRTST DEPTH:   1 ON 23     7 = DUSTSTORM OR SANDSTORM:
                                                       VSBY 1/2 MILE OR LESS
                                                   8 = SMOKE OR HAZE
[NO. OF DAYS WITH]      [WEATHER - DAYS WITH]      9 = BLOWING SNOW
                                                   X = TORNADO
MAX 32 OR BELOW:   2    0.01 INCH OR MORE:   4
MAX 90 OR ABOVE:   0    0.10 INCH OR MORE:   3
MIN 32 OR BELOW:  17    0.50 INCH OR MORE:   0
MIN  0 OR BELOW:   0    1.00 INCH OR MORE:   0

[HDD (BASE 65) ]
TOTAL THIS MO.   651
DPTR FM NORMAL    62
TOTAL FM JUL 1   938
DPTR FM NORMAL    80

[CDD (BASE 65) ]
TOTAL THIS MO.     0
DPTR FM NORMAL    -1    [PRESSURE DATA]
TOTAL FM JAN 1  1786    HIGHEST SLP 30.91 ON 12
DPTR FM NORMAL    16    LOWEST  SLP 29.33 ON 16

[REMARKS]
#FINAL-11-13#
