000
CXUS53 KDDC 011431
CF6P28
PRELIMINARY LOCAL CLIMATOLOGICAL DATA (WS FORM: F-6)

                                          STATION:   MEDICINE LODGE KS
                                          MONTH:     DECEMBER
                                          YEAR:      2015
                                          LATITUDE:   37 17 N
                                          LONGITUDE:  98 35 W

  TEMPERATURE IN F:       :PCPN:    SNOW:  WIND      :SUNSHINE: SKY     :PK WND
================================================================================
1   2   3   4   5  6A  6B    7    8   9   10  11  12  13   14  15   16   17  18
                                     12Z  AVG MX 2MIN
DY MAX MIN AVG DEP HDD CDD  WTR  SNW DPTH SPD SPD DIR MIN PSBL S-S WX    SPD DR
================================================================================

 1  52  20  36  -2  29   0 0.00  0.0    0  6.6 20 310   M    M   0        28 320
 2  56  27  42   4  23   0 0.00  0.0    0  6.7 16 300   M    M   0        23 330
 3  52  22  37  -1  28   0 0.00  0.0    0  4.0  9 180   M    M   0        13 170
 4  59  25  42   5  23   0 0.00  0.0    0  9.3 24 180   M    M   0        30 180
 5  54  36  45   8  20   0 0.00  0.0    0 12.8 26 180   M    M   0        36 180
 6  61  31  46   9  19   0 0.00  0.0    0  7.0 15 330   M    M   0        20 340
 7  60  30  45   9  20   0 0.00  0.0    0  4.1 10 130   M    M   0        13 130
 8  69  27  48  12  17   0 0.00  0.0    0  5.5 23 350   M    M   0        29 330
 9  71  33  52  16  13   0 0.00  0.0    0  7.2 15 170   M    M   0        20 170
10  68  35  52  16  13   0 0.00  0.0    0  8.1 31 360   M    M   0        39 360
11  73  42  58  23   7   0 0.00  0.0    0  6.1 12 160   M    M   0        16 160
12  46  36  41   6  24   0 0.14  0.0    0  7.9 17  10   M    M   0        23 360
13  42  32  37   2  28   0 1.63  0.0    0 13.6 39  10   M    M   0        49  10
14  54  34  44  10  21   0 0.00  0.0    0  9.3 22 320   M    M   0        29 300
15  60  32  46  12  19   0 0.00  0.0    0 13.6 26 240   M    M   0        38 220
16  45  24  35   1  30   0 0.00  0.0    0 10.7 23 290   M    M   0        30 290
17  30  19  25  -9  40   0 0.06  0.5    0  6.2 14 330   M    M   0        19 310
18  44  14  29  -5  36   0 0.00  0.0    T  6.5 18 210   M    M   0        22 220
19  53  26  40   6  25   0 0.00  0.0    0  9.2 21 170   M    M   0        26 180
20  58  40  49  15  16   0 0.00  0.0    0 15.5 30 190   M    M   0        41 200
21  50  29  40   7  25   0 0.00  0.0    0  7.2 26 330   M    M   0        35 320
22  63  30  47  14  18   0 0.00  0.0    0 12.1 31 180   M    M   0        42 180
23  56  31  44  11  21   0 0.00  0.0    0 10.4 22 350   M    M   0        29 330
24  52  28  40   7  25   0 0.00  0.0    0  6.8 20 330   M    M   0        26 330
25  49  26  38   5  27   0 0.00  0.0    0  6.1 15 130   M    M   0        21 110
26  48  27  38   5  27   0 0.45    T    0 19.0 40 360   M    M   0        55 360
27   M   M   M   M   M   M 0.04    T    0 28.1 37  10   M    M   0        55  10
28  36  22  29  -4  36   0 0.00  0.0    T 17.9 44  10   M    M   0        55  10
29  33  16  25  -8  40   0 0.05  0.5    T  3.2  9  80   M    M   0        14 120
30  32  26  29  -4  36   0 0.00  0.0    0  1.7  6 170   M    M   0         7 150
31  40  21  31  -2  34   0 0.00  0.0    0  4.6 13 350   M    M   0        16 340
================================================================================
SM 1566  841       740   0 2.37  1.0     287.0          M        0
================================================================================
AV 52.2 28.0                               9.3 FASTST   M    M   0      MAX(MPH)
                                 MISC ---->    44  10                     55 360
================================================================================
NOTES:
# LAST OF SEVERAL OCCURRENCES

COLUMN 17 PEAK WIND IN M.P.H.

PRELIMINARY LOCAL CLIMATOLOGICAL DATA (WS FORM: F-6) , PAGE 2

                                          STATION:  MEDICINE LODGE KS
                                          MONTH:    DECEMBER
                                          YEAR:     2015
                                          LATITUDE:   37 17 N
                                          LONGITUDE:  98 35 W

[TEMPERATURE DATA]      [PRECIPITATION DATA]       SYMBOLS USED IN COLUMN 16

AVERAGE MONTHLY: 40.1   TOTAL FOR MONTH:   2.37    1 = FOG OR MIST
DPTR FM NORMAL:   5.4   DPTR FM NORMAL:    1.45    2 = FOG REDUCING VISIBILITY
HIGHEST:    73 ON 11    GRTST 24HR  1.68 ON 12-13      TO 1/4 MILE OR LESS
LOWEST:     14 ON 18                               3 = THUNDER
                        SNOW, ICE PELLETS, HAIL    4 = ICE PELLETS
                        TOTAL MONTH:   1.0 INCH    5 = HAIL
                        GRTST 24HR   0.5 ON 29-29  6 = FREEZING RAIN OR DRIZZLE
                        GRTST DEPTH:   T ON # 29   7 = DUSTSTORM OR SANDSTORM:
                                                       VSBY 1/2 MILE OR LESS
                                                   8 = SMOKE OR HAZE
[NO. OF DAYS WITH]      [WEATHER - DAYS WITH]      9 = BLOWING SNOW
                                                   X = TORNADO
MAX 32 OR BELOW:   2    0.01 INCH OR MORE:   6
MAX 90 OR ABOVE:   0    0.10 INCH OR MORE:   3
MIN 32 OR BELOW:  23    0.50 INCH OR MORE:   1
MIN  0 OR BELOW:   0    1.00 INCH OR MORE:   1

[HDD (BASE 65) ]
TOTAL THIS MO.   740
DPTR FM NORMAL  -201
TOTAL FM JUL 1  1335
DPTR FM NORMAL  -464

[CDD (BASE 65) ]
TOTAL THIS MO.     0
DPTR FM NORMAL     0    [PRESSURE DATA]
TOTAL FM JAN 1  1867    HIGHEST SLP 30.60 ON 31
DPTR FM NORMAL    97    LOWEST  SLP 29.18 ON 23

[REMARKS]
#FINAL-12-15#
