835
CXUS56 KLKN 052108
CF6P68
PRELIMINARY LOCAL CLIMATOLOGICAL DATA (WS FORM: F-6)
STATION: EUREKA AIRPORT NV
MONTH: DECEMBER
YEAR: 2020
LATITUDE: 39 30 N
LONGITUDE: 115 58 W
TEMPERATURE IN F: :PCPN: SNOW: WIND :SUNSHINE: SKY :PK WND
================================================================================
1 2 3 4 5 6A 6B 7 8 9 10 11 12 13 14 15 16 17 18
12Z AVG MX 2MIN
DY MAX MIN AVG DEP HDD CDD WTR SNW DPTH SPD SPD DIR MIN PSBL S-S WX SPD DR
================================================================================
1 42 9 26 -2 39 0 0.00 M M 4.1 13 360 M M M 15 20
2 44 5 25 -3 40 0 0.00 M M 3.5 14 30 M M M 17 20
3 45 2 24 -4 41 0 0.00 M M 5.0 12 210 M M M 12 220
4 45 2 24 -3 41 0 0.00 M M 4.4 10 200 M M M 11 200
5 50 1 26 -1 39 0 0.00 M M 5.1 12 210 M M M 12 210
6 45 13 29 2 36 0 0.00 M M 3.9 14 20 M M M 17 10
7 49 7 28 2 37 0 0.00 M M 4.3 12 190 M M M 12 190
8 49 6 28 2 37 0 0.00 M M 5.5 12 210 M M M 12 210
9 52 14 33 7 32 0 0.00 M M 4.6 13 200 M M M 15 220
10 43 13 28 2 37 0 0.00 M M 3.8 13 250 M M M 18 270
11 42 18 30 5 35 0 0.10 M M 6.0 16 280 M M M 22 290
12 30 -1 15 -10 50 0 0.19 M M 7.7 16 350 M M M 21 340
13 27 -1 13 -12 52 0 0.12 M M 5.3 13 210 M M M 15 220
14 34 22 28 3 37 0 0.10 M M 3.8 15 10 M M M 18 340
15 31 20 26 2 39 0 0.00 M M 3.2 7 230 M M M 11 200
16 40 23 32 8 33 0 0.00 M M 3.6 14 200 M M M 15 200
17 39 24 32 8 33 0 0.22 M M 7.4 20 150 M M M 24 340
18 32 7 20 -4 45 0 0.00 M M 4.7 14 350 M M M 16 350
19 40 4 22 -2 43 0 0.00 M M 5.8 15 200 M M M 17 200
20 48 15 32 8 33 0 0.00 M M 6.3 13 210 M M M 16 210
21 47 15 31 7 34 0 0.00 M M 4.9 13 200 M M M 14 200
22 40 1 21 -2 44 0 0.00 M M 7.6 24 300 M M M 31 310
23 29 -6 12 -11 53 0 0.00 M M 4.1 12 190 M M M 12 190
24 29 -2 14 -9 51 0 0.00 M M 3.9 10 200 M M M 12 210
25 37 -3 17 -6 48 0 0.00 M M 3.3 14 200 M M M 15 200
26 40 5 23 0 42 0 0.01 M M 5.4 21 310 M M M 27 300
27 31 6 19 -4 46 0 0.00 M M 4.7 17 160 M M M 21 150
28 31 8 20 -3 45 0 0.15 M M 2.6 9 190 M M M 11 180
29 32 -8 12 -11 53 0 0.00 M M 4.8 12 190 M M M 13 190
30 35 -3 16 -7 49 0 0.00 M M 6.3 14 220 M M M 19 220
31 37 10 24 1 41 0 0.03 M M 4.3 17 330 M M M 21 340
================================================================================
SM 1215 226 1285 0 0.92 M 149.9 M M
================================================================================
AV 39.2 7.3 4.8 FASTST M M M MAX(MPH)
MISC ----> 24 300 31 310
================================================================================
NOTES:
# LAST OF SEVERAL OCCURRENCES
COLUMN 17 PEAK WIND IN M.P.H.
PRELIMINARY LOCAL CLIMATOLOGICAL DATA (WS FORM: F-6) , PAGE 2
STATION: EUREKA AIRPORT NV
MONTH: DECEMBER
YEAR: 2020
LATITUDE: 39 30 N
LONGITUDE: 115 58 W
[TEMPERATURE DATA] [PRECIPITATION DATA] SYMBOLS USED IN COLUMN 16
AVERAGE MONTHLY: 23.2 TOTAL FOR MONTH: 0.92 1 = FOG OR MIST
DPTR FM NORMAL: -1.5 DPTR FM NORMAL: 0.31 2 = FOG REDUCING VISIBILITY
HIGHEST: 52 ON 9 GRTST 24HR 0.29 ON 11-12 TO 1/4 MILE OR LESS
LOWEST: -8 ON 29 3 = THUNDER
SNOW, ICE PELLETS, HAIL 4 = ICE PELLETS
TOTAL MONTH: M 5 = HAIL
GRTST 24HR M ON M 6 = FREEZING RAIN OR DRIZZLE
GRTST DEPTH: M ON M 7 = DUSTSTORM OR SANDSTORM:
VSBY 1/2 MILE OR LESS
8 = SMOKE OR HAZE
[NO. OF DAYS WITH] [WEATHER - DAYS WITH] 9 = BLOWING SNOW
X = TORNADO
MAX 32 OR BELOW: 9 0.01 INCH OR MORE: 8
MAX 90 OR ABOVE: 0 0.10 INCH OR MORE: 6
MIN 32 OR BELOW: 31 0.50 INCH OR MORE: 0
MIN 0 OR BELOW: 7 1.00 INCH OR MORE: 0
[HDD (BASE 65) ]
TOTAL THIS MO. 1285 CLEAR (SCALE 0-3) 0
DPTR FM NORMAL 38 PTCLDY (SCALE 4-7) 0
TOTAL FM JUL 1 2762 CLOUDY (SCALE 8-10) 31
DPTR FM NORMAL -246
[CDD (BASE 65) ]
TOTAL THIS MO. 0
DPTR FM NORMAL 0 [PRESSURE DATA]
TOTAL FM JAN 1 508 HIGHEST SLP 30.81 ON 23
DPTR FM NORMAL 220 LOWEST SLP 29.75 ON 28
[REMARKS]
#FINAL-12-20#