000
CXUS51 KBTV 010700
CF6PBG
PRELIMINARY LOCAL CLIMATOLOGICAL DATA (WS FORM: F-6)
STATION: PLATTSBURGH NY
MONTH: MARCH
YEAR: 2022
LATITUDE: 44 39 N
LONGITUDE: 73 28 W
TEMPERATURE IN F: :PCPN: SNOW: WIND :SUNSHINE: SKY :PK WND
================================================================================
1 2 3 4 5 6A 6B 7 8 9 10 11 12 13 14 15 16 17 18
12Z AVG MX 2MIN
DY MAX MIN AVG DEP HDD CDD WTR SNW DPTH SPD SPD DIR MIN PSBL S-S WX SPD DR
================================================================================
1 32 -4 14 -11 51 0 T M M 5.6 18 160 M M 9 18 26 160
2 34 13 24 -1 41 0 T M M 3.9 16 310 M M 8 18 21 310
3 24 2 13 -13 52 0 0.01 M M 10.1 25 350 M M 6 18 30 350
4 29 -7 11 -15 54 0 T M M 3.8 16 140 M M 4 23 260
5 33 9 21 -5 44 0 0.00 M M 7.7 18 150 M M 4 23 140
6 69 32 51 24 14 0 0.15 M M 11.4 23 240 M M 6 1 46 280
7 46 34 40 13 25 0 0.21 M M 5.2 16 330 M M 9 1 22 320
8 36 20 28 1 37 0 0.00 M M 8.2 21 310 M M 5 32 310
9 38 19 29 1 36 0 0.00 M M 4.8 15 140 M M 3 19 140
10 46 23 35 7 30 0 0.00 M M 4.9 14 30 M M 1 20 210
11 42 24 33 5 32 0 0.00 M M 3.9 12 10 M M 6 13 10
12 38 19 29 0 36 0 0.19 M M 9.3 21 290 M M 10 128 34 300
13 29 15 22 -7 43 0 T M M 8.8 21 310 M M 5 33 310
14 47 22 35 6 30 0 T M M 4.5 13 230 M M 9 20 230
15 39 31 35 5 30 0 T M M 4.1 14 50 M M 9 1 18 40
16 50 28 39 9 26 0 0.00 M M 5.3 20 130 M M 4 12 23 140
17 63 33 48 18 17 0 0.00 M M 6.1 21 140 M M 3 26 140
18 53 35 44 13 21 0 0.00 M M 5.1 17 10 M M 6 20 20
19 53 36 45 14 20 0 0.12 M M 4.9 20 130 M M 9 1 24 140
20 51 40 46 14 19 0 0.02 M M 8.0 21 310 M M 9 29 310
21 50 33 42 10 23 0 0.00 M M 10.6 23 310 M M 3 34 320
22 42 29 36 4 29 0 0.00 M M 12.2 24 340 M M 0 35 340
23 40 22 31 -2 34 0 0.02 M M 4.5 10 130 M M 2 13 30
24 49 34 42 9 23 0 0.41 M M 11.5 28 160 M M 9 1 39 150
25 54 38 46 12 19 0 0.19 M M 5.0 12 250 M M 10 1 23 240
26 47 37 42 8 23 0 0.01 M M 2.1 13 140 M M 10 15 210
27 40 19 30 -4 35 0 T M M 8.3 21 320 M M 10 8 26 320
28 20 12 16 -19 49 0 T M M 10.6 22 340 M M 10 8 29 320
29 32 18 25 -10 40 0 T M M 8.9 21 310 M M 8 31 320
30 38 22 30 -6 35 0 0.04 M M 8.6 21 140 M M 3 26 160
31 56 36 46 10 19 0 0.08 M M 8.9 20 150 M M 5 1 25 160
================================================================================
SM 1320 724 987 0 1.45 M 216.8 M 195
================================================================================
AV 42.6 23.4 7.0 FASTST M M 6 MAX(MPH)
MISC ----> 28 160 46 280
================================================================================
NOTES:
# LAST OF SEVERAL OCCURRENCES
COLUMN 17 PEAK WIND IN M.P.H.
PRELIMINARY LOCAL CLIMATOLOGICAL DATA (WS FORM: F-6) , PAGE 2
STATION: PLATTSBURGH NY
MONTH: MARCH
YEAR: 2022
LATITUDE: 44 39 N
LONGITUDE: 73 28 W
[TEMPERATURE DATA] [PRECIPITATION DATA] SYMBOLS USED IN COLUMN 16
AVERAGE MONTHLY: 33.0 TOTAL FOR MONTH: 1.45 1 = FOG OR MIST
DPTR FM NORMAL: 2.8 DPTR FM NORMAL: 0.12 2 = FOG REDUCING VISIBILITY
HIGHEST: 69 ON 6 GRTST 24HR 0.43 ON 23-24 TO 1/4 MILE OR LESS
LOWEST: -7 ON 4 3 = THUNDER
SNOW, ICE PELLETS, HAIL 4 = ICE PELLETS
TOTAL MONTH: M 5 = HAIL
GRTST 24HR M ON M 6 = FREEZING RAIN OR DRIZZLE
GRTST DEPTH: M ON M 7 = DUSTSTORM OR SANDSTORM:
VSBY 1/2 MILE OR LESS
8 = SMOKE OR HAZE
[NO. OF DAYS WITH] [WEATHER - DAYS WITH] 9 = BLOWING SNOW
X = TORNADO
MAX 32 OR BELOW: 6 0.01 INCH OR MORE: 12
MAX 90 OR ABOVE: 0 0.10 INCH OR MORE: 6
MIN 32 OR BELOW: 21 0.50 INCH OR MORE: 0
MIN 0 OR BELOW: 2 1.00 INCH OR MORE: 0
[HDD (BASE 65) ]
TOTAL THIS MO. 987 CLEAR (SCALE 0-3) 5
DPTR FM NORMAL -90 PTCLDY (SCALE 4-7) 14
TOTAL FM JUL 1 6399 CLOUDY (SCALE 8-10) 12
DPTR FM NORMAL -125
[CDD (BASE 65) ]
TOTAL THIS MO. 0
DPTR FM NORMAL 0 [PRESSURE DATA]
TOTAL FM JAN 1 0 HIGHEST SLP M ON M
DPTR FM NORMAL 0 LOWEST SLP 29.31 ON 7
[REMARKS]
#FINAL-03-22#