000
CXUS52 KMFL 011030
CF6PBI
PRELIMINARY LOCAL CLIMATOLOGICAL DATA (WS FORM: F-6)
STATION: WEST PALM BEACH
MONTH: OCTOBER
YEAR: 2023
LATITUDE: 26 40 N
LONGITUDE: 80 7 W
TEMPERATURE IN F: :PCPN: SNOW: WIND :SUNSHINE: SKY :PK WND
================================================================================
1 2 3 4 5 6A 6B 7 8 9 10 11 12 13 14 15 16 17 18
12Z AVG MX 2MIN
DY MAX MIN AVG DEP HDD CDD WTR SNW DPTH SPD SPD DIR MIN PSBL S-S WX SPD DR
================================================================================
1 86 75 81 0 0 16 1.51 0.0 0 7.8 26 360 M M 8 123 32 360
2 88 76 82 1 0 17 0.20 0.0 0 13.3 24 60 M M 7 1 33 50
3 88 78 83 2 0 18 0.01 0.0 0 13.1 22 50 M M 7 8 27 50
4 88 74 81 0 0 16 0.08 0.0 0 9.1 16 70 M M 4 1 22 70
5 88 78 83 3 0 18 0.28 0.0 0 9.9 15 160 M M 5 1 19 80
6 90 76 83 3 0 18 0.23 0.0 0 4.4 14 160 M M 5 1 17 150
7 91 75 83 3 0 18 0.53 0.0 0 4.2 16 260 M M 5 1 20 250
8 87 76 82 2 0 17 T 0.0 0 7.4 16 20 M M 7 19 360
9 85 75 80 0 0 15 0.08 0.0 0 5.8 12 360 M M 8 18 14 330
10 89 75 82 2 0 17 0.00 0.0 0 M M M M M M M M
11 90 77 84 4 0 19 0.43 0.0 0 6.2 17 160 M M 6 13 22 150
12 93 80 87 7 0 22 T 0.0 0 13.6 29 220 M M 6 38 220
13 87 80 84 5 0 19 1.20 0.0 0 8.0 25 230 M M 7 13 31 240
14 89 77 83 4 0 18 0.01 0.0 0 8.0 15 260 M M 4 1 19 250
15 88 70 79 0 0 14 0.00 0.0 0 11.4 18 250 M M 2 24 300
16 79 62 71 -8 0 6 0.00 0.0 0 11.7 24 300 M M 5 29 300
17 77 59 68 -11 0 3 0.00 0.0 0 9.7 17 320 M M 1 22 320
18 82 59 71 -7 0 6 0.00 0.0 0 6.9 14 50 M M 2 17 90
19 85 67 76 -2 0 11 T 0.0 0 6.8 16 70 M M 6 22 80
20 84 70 77 -1 0 12 T 0.0 0 5.6 12 120 M M 5 3 17 50
21 88 65 77 -1 0 12 0.00 0.0 0 6.7 16 310 M M 1 21 310
22 85 68 77 -1 0 12 0.00 0.0 0 4.5 13 330 M M 4 17 350
23 85 64 75 -2 0 10 T 0.0 0 6.6 17 50 M M 4 23 50
24 84 77 81 4 0 16 0.00 0.0 0 16.0 23 70 M M 7 32 50
25 86 76 81 4 0 16 T 0.0 0 16.8 25 80 M M 6 31 80
26 85 77 81 4 0 16 0.00 0.0 0 15.4 23 80 M M 5 30 80
27 84 75 80 3 0 15 T 0.0 0 14.8 24 70 M M 6 30 70
28 85 78 82 6 0 17 0.00 0.0 0 16.3 22 60 M M 5 31 90
29 85 77 81 5 0 16 0.00 0.0 0 14.1 21 50 M M 7 28 80
30 86 74 80 4 0 15 0.00 0.0 0 9.6 16 70 M M 6 20 90
31 89 72 81 5 0 16 0.00 0.0 0 7.9 14 360 M M 5 18 30
================================================================================
SM 2676 2262 0 461 4.56 0.0 291.6 M 156
================================================================================
AV 86.3 73.0 9.7 FASTST M M 5 MAX(MPH)
MISC ----> 29 220 38 220
================================================================================
NOTES:
# LAST OF SEVERAL OCCURRENCES
COLUMN 17 PEAK WIND IN M.P.H.
PRELIMINARY LOCAL CLIMATOLOGICAL DATA (WS FORM: F-6) , PAGE 2
STATION: WEST PALM BEACH
MONTH: OCTOBER
YEAR: 2023
LATITUDE: 26 40 N
LONGITUDE: 80 7 W
[TEMPERATURE DATA] [PRECIPITATION DATA] SYMBOLS USED IN COLUMN 16
AVERAGE MONTHLY: 79.6 TOTAL FOR MONTH: 4.56 1 = FOG OR MIST
DPTR FM NORMAL: 0.9 DPTR FM NORMAL: -1.34 2 = FOG REDUCING VISIBILITY
HIGHEST: 93 ON 12 GRTST 24HR 2.27 ON 30- 1 TO 1/4 MILE OR LESS
LOWEST: 59 ON 18,17 3 = THUNDER
SNOW, ICE PELLETS, HAIL 4 = ICE PELLETS
TOTAL MONTH: 0.0 INCH 5 = HAIL
GRTST 24HR 0.0 6 = FREEZING RAIN OR DRIZZLE
GRTST DEPTH: 0 7 = DUSTSTORM OR SANDSTORM:
VSBY 1/2 MILE OR LESS
8 = SMOKE OR HAZE
[NO. OF DAYS WITH] [WEATHER - DAYS WITH] 9 = BLOWING SNOW
X = TORNADO
MAX 32 OR BELOW: 0 0.01 INCH OR MORE: 11
MAX 90 OR ABOVE: 4 0.10 INCH OR MORE: 7
MIN 32 OR BELOW: 0 0.50 INCH OR MORE: 3
MIN 0 OR BELOW: 0 1.00 INCH OR MORE: 2
[HDD (BASE 65) ]
TOTAL THIS MO. 0 CLEAR (SCALE 0-3) 4
DPTR FM NORMAL -1 PTCLDY (SCALE 4-7) 26
TOTAL FM JUL 1 0 CLOUDY (SCALE 8-10) 1
DPTR FM NORMAL 0
[CDD (BASE 65) ]
TOTAL THIS MO. 461
DPTR FM NORMAL 37 [PRESSURE DATA]
TOTAL FM JAN 1 4436 HIGHEST SLP 30.15 ON 25
DPTR FM NORMAL 694 LOWEST SLP 29.70 ON 12
[REMARKS]
#FINAL-10-23#