000
CXUS53 KARX 012218
CF6PDC
PRELIMINARY LOCAL CLIMATOLOGICAL DATA (WS FORM: F-6)
STATION: PRAIRIE_DU_CHIEN_MUN
MONTH: JULY
YEAR: 2023
LATITUDE: 43 1 N
LONGITUDE: 91 7 W
TEMPERATURE IN F: :PCPN: SNOW: WIND :SUNSHINE: SKY :PK WND
================================================================================
1 2 3 4 5 6A 6B 7 8 9 10 11 12 13 14 15 16 17 18
12Z AVG MX 2MIN
DY MAX MIN AVG DEP HDD CDD WTR SNW DPTH SPD SPD DIR MIN PSBL S-S WX SPD DR
================================================================================
1 80 67 74 M 0 9 0.40 0.0 0 1.3 7 100 M M 4 M M
2 87 65 76 M 0 11 0.00 0.0 0 2.6 12 330 M M 1 16 0
3 89 61 75 M 0 10 0.00 0.0 0 1.4 8 220 M M 2 8 30 0
4 89 65 77 M 0 12 0.29 0.0 0 3.6 10 210 M M 3 3 24 280
5 80 67 74 M 0 9 0.01 0.0 0 5.4 16 320 M M 3 23 0
6 76 54 65 M 0 0 0.00 0.0 0 6.2 12 260 M M 2 17 260
7 74 50 62 M 3 0 T 0.0 0 0.6 6 290 M M 4 M M
8 80 60 70 M 0 5 0.00 0.0 0 3.7 9 300 M M 5 M M
9 83 55 69 M 0 4 0.00 0.0 0 1.5 8 240 M M 1 M M
10 87 63 75 M 0 10 M 0.0 0 5.1 15 230 M M 0 21 230
11 79 66 73 M 0 8 M 0.0 0 3.2 9 300 M M 1 M M
12 72 59 66 M 0 1 1.83 0.0 0 2.2 9 90 M M 8 M M
13 82 63 73 M 0 8 M 0.0 0 1.3 8 280 M M 6 1 10 220
14 83 64 74 M 0 9 0.14 0.0 0 1.7 21 210 M M 5 33 210
15 82 62 72 M 0 7 0.00 0.0 0 4.7 12 280 M M 0 28 17 300
16 80 58 69 M 0 4 0.00 0.0 0 4.7 12 260 M M 2 1 18 280
17 76 54 65 M 0 0 0.00 0.0 0 3.7 13 300 M M 3 17 300
18 78 53 66 M 0 1 0.00 0.0 0 0.2 5 220 M M 1 M M
19 82 56 69 M 0 4 0.00 0.0 0 2.9 9 210 M M 0 16 210
20 80 63 72 M 0 7 0.00 0.0 0 7.0 15 320 M M 3 22 310
21 83 56 70 M 0 5 0.00 0.0 0 1.2 9 260 M M 1 M M
22 85 61 73 M 0 8 0.23 0.0 0 4.1 15 230 M M 5 27 10
23 84 59 72 M 0 7 0.00 0.0 0 0.3 5 330 M M 3 12 M M
24 87 61 74 M 0 9 0.00 0.0 0 0.2 5 200 M M 1 1 M M
25 91 64 78 M 0 13 0.00 0.0 0 2.8 10 130 M M 1 1 M M
26 90 68 79 M 0 14 0.33 0.0 0 3.3 12 330 M M 2 13 23 330
27 92 69 81 M 0 16 0.00 0.0 0 1.6 9 180 M M 1 M M
28 90 67 79 M 0 14 0.77 0.0 0 2.4 21 30 M M 4 28 30
29 84 66 75 M 0 10 0.00 0.0 0 3.0 13 330 M M 4 M M
30 82 59 71 M 0 6 0.00 0.0 0 1.1 7 20 M M 1 M M
31 81 59 70 M 0 5 0.00 0.0 0 0.4 6 180 M M 0 1 M M
================================================================================
SM 2568 1894 3 226 4.00 0.0 83.4 M 77
================================================================================
AV 82.8 61.1 2.7 FASTST M M 2 MAX(MPH)
MISC ----> # 21 210 33 210
================================================================================
NOTES:
# LAST OF SEVERAL OCCURRENCES
COLUMN 17 PEAK WIND IN M.P.H.
PRELIMINARY LOCAL CLIMATOLOGICAL DATA (WS FORM: F-6) , PAGE 2
STATION: PRAIRIE_DU_CHIEN_MUN
MONTH: JULY
YEAR: 2023
LATITUDE: 43 1 N
LONGITUDE: 91 7 W
[TEMPERATURE DATA] [PRECIPITATION DATA] SYMBOLS USED IN COLUMN 16
AVERAGE MONTHLY: 72.0 TOTAL FOR MONTH: 4.00 1 = FOG OR MIST
DPTR FM NORMAL: 0.0 DPTR FM NORMAL: M 2 = FOG REDUCING VISIBILITY
HIGHEST: 92 ON 27 GRTST 24HR 1.83 ON 12-12 TO 1/4 MILE OR LESS
LOWEST: 50 ON 7 3 = THUNDER
SNOW, ICE PELLETS, HAIL 4 = ICE PELLETS
TOTAL MONTH: 0.0 INCH 5 = HAIL
GRTST 24HR 0.0 6 = FREEZING RAIN OR DRIZZLE
GRTST DEPTH: 0 7 = DUSTSTORM OR SANDSTORM:
VSBY 1/2 MILE OR LESS
8 = SMOKE OR HAZE
[NO. OF DAYS WITH] [WEATHER - DAYS WITH] 9 = BLOWING SNOW
X = TORNADO
MAX 32 OR BELOW: 0 0.01 INCH OR MORE: 8
MAX 90 OR ABOVE: 4 0.10 INCH OR MORE: 7
MIN 32 OR BELOW: 0 0.50 INCH OR MORE: 2
MIN 0 OR BELOW: 0 1.00 INCH OR MORE: 1
[HDD (BASE 65) ]
TOTAL THIS MO. 3 CLEAR (SCALE 0-3) 21
DPTR FM NORMAL M PTCLDY (SCALE 4-7) 9
TOTAL FM JUL 1 3 CLOUDY (SCALE 8-10) 1
DPTR FM NORMAL M
[CDD (BASE 65) ]
TOTAL THIS MO. 226
DPTR FM NORMAL M [PRESSURE DATA]
TOTAL FM JAN 1 442 HIGHEST SLP M ON M
DPTR FM NORMAL M LOWEST SLP M ON M
[REMARKS]
#FINAL-07-23#