000
CXUS52 KFFC 011010
CF6PDK
PRELIMINARY LOCAL CLIMATOLOGICAL DATA (WS FORM: F-6)
STATION: DEKALB PEACHTREE AIRPORT
MONTH: JULY
YEAR: 2023
LATITUDE: 33 52 N
LONGITUDE: 84 18 W
TEMPERATURE IN F: :PCPN: SNOW: WIND :SUNSHINE: SKY :PK WND
================================================================================
1 2 3 4 5 6A 6B 7 8 9 10 11 12 13 14 15 16 17 18
12Z AVG MX 2MIN
DY MAX MIN AVG DEP HDD CDD WTR SNW DPTH SPD SPD DIR MIN PSBL S-S WX SPD DR
================================================================================
1 94 70 82 3 0 17 0.00 M M 5.0 28 310 M M 1 3 41 300
2 93 69 81 2 0 16 0.13 M M 3.2 22 200 M M 1 13 29 200
3 90 69 80 1 0 15 0.91 M M 4.1 21 230 M M 2 13 30 230
4 90 70 80 1 0 15 0.33 M M 2.6 14 180 M M 3 13 19 180
5 86 71 79 0 0 14 1.01 M M 2.8 24 330 M M 2 1238 32 330
6 91 71 81 2 0 16 0.00 M M 4.6 17 340 M M 1 138 27 250
7 90 72 81 2 0 16 T M M 4.3 17 180 M M 2 3 24 180
8 90 69 80 1 0 15 T M M 5.1 14 280 M M 2 3 22 270
9 88 72 80 1 0 15 0.52 M M 7.2 14 280 M M 4 13 23 270
10 87 68 78 -2 0 13 0.64 M M 4.0 15 330 M M 7 1 22 330
11 88 66 77 -3 0 12 0.00 M M 3.7 13 310 M M 1 20 270
12 91 66 79 -1 0 14 0.00 M M 3.6 12 260 M M 2 19 240
13 90 73 82 2 0 17 0.02 M M 6.1 16 250 M M 2 3 22 240
14 92 73 83 3 0 18 0.00 M M 4.0 10 320 M M 4 3 15 330
15 92 73 83 3 0 18 0.00 M M 7.2 20 240 M M 3 30 220
16 90 73 82 2 0 17 0.00 M M 7.9 15 330 M M 1 23 310
17 90 65 78 -2 0 13 0.00 M M 2.5 12 10 M M 1 18 17 350
18 92 66 79 -1 0 14 0.00 M M 4.9 15 250 M M 0 18 20 260
19 91 73 82 2 0 17 T M M 5.3 20 330 M M 0 29 330
20 95 71 83 3 0 18 0.54 M M 5.8 36 360 M M 2 138 49 360
21 92 70 81 1 0 16 1.66 M M 7.1 25 280 M M 4 1238 44 320
22 85 70 78 -2 0 13 0.04 M M 5.5 15 310 M M 6 13 21 310
23 89 69 79 -1 0 14 0.00 M M 4.0 12 320 M M 3 15 330
24 89 67 78 -2 0 13 0.00 M M 4.2 10 310 M M 0 17 360
25 92 65 79 -1 0 14 0.00 M M 3.2 12 340 M M 0 16 340
26 93 70 82 2 0 17 T M M 1.4 10 350 M M 1 3 14 330
27 95 71 83 3 0 18 0.00 M M 1.0 8 190 M M 0 18 12 210
28 95 72 84 4 0 19 0.46 M M 2.3 24 20 M M 2 138 35 10
29 94 72 83 3 0 18 0.07 M M 3.7 17 20 M M 1 13 24 20
30 89 71 80 0 0 15 0.00 M M 7.1 17 300 M M 0 27 330
31 92 71 82 2 0 17 0.00 M M 5.3 15 330 M M 1 19 310
================================================================================
SM 2815 2168 0 484 6.33 M 138.7 M 59
================================================================================
AV 90.8 69.9 4.5 FASTST M M 2 MAX(MPH)
MISC ----> 36 360 49 360
================================================================================
NOTES:
# LAST OF SEVERAL OCCURRENCES
COLUMN 17 PEAK WIND IN M.P.H.
PRELIMINARY LOCAL CLIMATOLOGICAL DATA (WS FORM: F-6) , PAGE 2
STATION: DEKALB PEACHTREE AIRPORT
MONTH: JULY
YEAR: 2023
LATITUDE: 33 52 N
LONGITUDE: 84 18 W
[TEMPERATURE DATA] [PRECIPITATION DATA] SYMBOLS USED IN COLUMN 16
AVERAGE MONTHLY: 80.4 TOTAL FOR MONTH: 6.33 1 = FOG OR MIST
DPTR FM NORMAL: 0.8 DPTR FM NORMAL: 1.62 2 = FOG REDUCING VISIBILITY
HIGHEST: 95 ON 28,27 GRTST 24HR 1.70 ON 21-22 TO 1/4 MILE OR LESS
LOWEST: 65 ON 25,17 3 = THUNDER
SNOW, ICE PELLETS, HAIL 4 = ICE PELLETS
TOTAL MONTH: M 5 = HAIL
GRTST 24HR M ON M 6 = FREEZING RAIN OR DRIZZLE
GRTST DEPTH: M ON M 7 = DUSTSTORM OR SANDSTORM:
VSBY 1/2 MILE OR LESS
8 = SMOKE OR HAZE
[NO. OF DAYS WITH] [WEATHER - DAYS WITH] 9 = BLOWING SNOW
X = TORNADO
MAX 32 OR BELOW: 0 0.01 INCH OR MORE: 12
MAX 90 OR ABOVE: 23 0.10 INCH OR MORE: 9
MIN 32 OR BELOW: 0 0.50 INCH OR MORE: 6
MIN 0 OR BELOW: 0 1.00 INCH OR MORE: 2
[HDD (BASE 65) ]
TOTAL THIS MO. 0 CLEAR (SCALE 0-3) 24
DPTR FM NORMAL 0 PTCLDY (SCALE 4-7) 7
TOTAL FM JUL 1 0 CLOUDY (SCALE 8-10) 0
DPTR FM NORMAL 0
[CDD (BASE 65) ]
TOTAL THIS MO. 484
DPTR FM NORMAL 30 [PRESSURE DATA]
TOTAL FM JAN 1 967 HIGHEST SLP 30.15 ON 19
DPTR FM NORMAL -40 LOWEST SLP 29.78 ON 8
[REMARKS]
#FINAL-07-23#