000
CXUS54 KEWX 011110
CF6PEZ
PRELIMINARY LOCAL CLIMATOLOGICAL DATA (WS FORM: F-6)
STATION: PLEASANTON MUNICIPAL AIRPORT
MONTH: JANUARY
YEAR: 2023
LATITUDE: 28 57 N
LONGITUDE: 98 31 W
TEMPERATURE IN F: :PCPN: SNOW: WIND :SUNSHINE: SKY :PK WND
================================================================================
1 2 3 4 5 6A 6B 7 8 9 10 11 12 13 14 15 16 17 18
12Z AVG MX 2MIN
DY MAX MIN AVG DEP HDD CDD WTR SNW DPTH SPD SPD DIR MIN PSBL S-S WX SPD DR
================================================================================
1 83 48 66 M 0 1 0.00 M M 3.6 12 140 M M 4 12 16 130
2 88 65 77 M 0 12 0.00 M M 7.0 15 150 M M 5 18 23 150
3 80 54 67 M 0 2 0.00 M M 3.1 12 330 M M 3 1 M M
4 81 41 61 M 4 0 0.00 M M 3.5 13 280 M M 0 20 240
5 81 40 61 M 4 0 0.00 M M 1.9 7 90 M M 0 M M
6 84 44 64 M 1 0 0.00 M M 5.3 14 150 M M 1 23 190
7 76 65 71 M 0 6 0.00 M M 4.0 12 50 M M 9 17 50
8 73 53 63 M 2 0 0.00 M M 6.6 10 30 M M 3 21 30
9 75 43 59 M 6 0 0.00 M M 1.9 6 180 M M 0 1 M M
10 80 56 68 M 0 3 0.00 M M 3.1 7 180 M M 5 12 16 210
11 89 53 71 M 0 6 0.00 M M 2.4 9 190 M M 4 12 M M
12 66 43 55 M 10 0 0.00 M M 7.3 15 360 M M 1 23 350
13 67 34 51 M 14 0 0.00 M M 3.5 8 30 M M 0 M M
14 71 28 50 M 15 0 0.00 M M 3.5 9 140 M M 0 17 170
15 80 40 60 M 5 0 0.00 M M 7.6 18 170 M M 0 29 170
16 77 52 65 M 0 0 0.00 M M 1.4 7 130 M M 4 1 M M
17 82 45 64 M 1 0 0.00 M M 5.5 12 140 M M 1 12 18 150
18 82 53 68 M 0 3 0.00 M M 5.5 10 300 M M 4 1 21 330
19 73 40 57 M 8 0 0.00 M M 3.7 9 60 M M 1 M M
20 62 56 59 M 6 0 0.00 M M 6.9 12 70 M M 10 18 90
21 67 45 56 M 9 0 0.00 M M 3.9 9 90 M M 6 16 90
22 71 38 55 M 10 0 0.00 M M 4.5 9 70 M M 0 1 22 310
23 64 32 48 M 17 0 0.00 M M 8.9 20 110 M M 6 23 110
24 67 48 58 M 7 0 0.24 M M 12.6 18 320 M M 6 33 320
25 65 36 51 M 14 0 0.00 M M 7.1 16 300 M M 0 24 330
26 60 32 46 M 19 0 0.00 M M 2.8 7 20 M M 1 M M
27 58 34 46 M 19 0 0.02 M M 2.1 7 70 M M 7 1 M M
28 60 50 55 M 10 0 0.09 M M 1.1 5 110 M M 10 1 M M
29 81 50 66 M 0 1 0.00 M M 4.6 16 50 M M 8 1 24 70
30 50 36 43 M 22 0 0.00 M M 11.4 16 50 M M 10 1 24 50
31 37 34 36 M 29 0 0.03 M M 7.8 12 30 M M 10 1 20 350
================================================================================
SM 2230 1388 232 34 0.38 M 154.1 M 119
================================================================================
AV 71.9 44.8 5.0 FASTST M M 4 MAX(MPH)
MISC ----> 20 110 33 320
================================================================================
NOTES:
# LAST OF SEVERAL OCCURRENCES
COLUMN 17 PEAK WIND IN M.P.H.
PRELIMINARY LOCAL CLIMATOLOGICAL DATA (WS FORM: F-6) , PAGE 2
STATION: PLEASANTON MUNICIPAL AIRPORT
MONTH: JANUARY
YEAR: 2023
LATITUDE: 28 57 N
LONGITUDE: 98 31 W
[TEMPERATURE DATA] [PRECIPITATION DATA] SYMBOLS USED IN COLUMN 16
AVERAGE MONTHLY: 58.4 TOTAL FOR MONTH: 0.38 1 = FOG OR MIST
DPTR FM NORMAL: 0.0 DPTR FM NORMAL: M 2 = FOG REDUCING VISIBILITY
HIGHEST: 89 ON 11 GRTST 24HR 1.23 ON 24-24 TO 1/4 MILE OR LESS
LOWEST: 28 ON 14 3 = THUNDER
SNOW, ICE PELLETS, HAIL 4 = ICE PELLETS
TOTAL MONTH: M 5 = HAIL
GRTST 24HR M ON M 6 = FREEZING RAIN OR DRIZZLE
GRTST DEPTH: M ON M 7 = DUSTSTORM OR SANDSTORM:
VSBY 1/2 MILE OR LESS
8 = SMOKE OR HAZE
[NO. OF DAYS WITH] [WEATHER - DAYS WITH] 9 = BLOWING SNOW
X = TORNADO
MAX 32 OR BELOW: 0 0.01 INCH OR MORE: 4
MAX 90 OR ABOVE: 0 0.10 INCH OR MORE: 1
MIN 32 OR BELOW: 3 0.50 INCH OR MORE: 0
MIN 0 OR BELOW: 0 1.00 INCH OR MORE: 0
[HDD (BASE 65) ]
TOTAL THIS MO. 232 CLEAR (SCALE 0-3) 15
DPTR FM NORMAL M PTCLDY (SCALE 4-7) 11
TOTAL FM JUL 1 759 CLOUDY (SCALE 8-10) 5
DPTR FM NORMAL M
[CDD (BASE 65) ]
TOTAL THIS MO. 34
DPTR FM NORMAL M [PRESSURE DATA]
TOTAL FM JAN 1 34 HIGHEST SLP M ON M
DPTR FM NORMAL M LOWEST SLP M ON M
[REMARKS]
#FINAL-01-23#