000
CXUS54 KEWX 011110
CF6PEZ
PRELIMINARY LOCAL CLIMATOLOGICAL DATA (WS FORM: F-6)
STATION: PLEASANTON MUNICIPAL AIRPORT
MONTH: NOVEMBER
YEAR: 2022
LATITUDE: 28 57 N
LONGITUDE: 98 31 W
TEMPERATURE IN F: :PCPN: SNOW: WIND :SUNSHINE: SKY :PK WND
================================================================================
1 2 3 4 5 6A 6B 7 8 9 10 11 12 13 14 15 16 17 18
12Z AVG MX 2MIN
DY MAX MIN AVG DEP HDD CDD WTR SNW DPTH SPD SPD DIR MIN PSBL S-S WX SPD DR
================================================================================
1 71 63 67 M 0 2 0.00 M M 5.1 8 100 M M 10 M M
2 76 60 68 M 0 3 0.00 M M 3.8 8 30 M M 9 M M
3 86 69 78 M 0 13 0.00 M M 7.0 15 140 M M 8 12 24 140
4 92 70 81 M 0 16 0.00 M M 7.5 16 160 M M 8 22 160
5 81 56 69 M 0 4 0.00 M M 3.2 7 150 M M 2 M M
6 88 53 71 M 0 6 0.00 M M 2.3 8 170 M M 5 17 170
7 89 73 81 M 0 16 0.00 M M 6.8 17 160 M M 7 1 23 160
8 86 69 78 M 0 13 0.08 M M 4.3 9 150 M M 7 16 150
9 85 69 77 M 0 12 0.00 M M 5.8 10 150 M M 6 1 17 150
10 86 67 77 M 0 12 0.00 M M 3.3 10 150 M M 6 12 16 170
11 86 49 68 M 0 3 0.00 M M 6.3 15 10 M M 7 29 10
12 65 44 55 M 10 0 0.00 M M 7.5 13 10 M M 1 20 10
13 64 38 51 M 14 0 0.00 M M 5.7 10 100 M M 2 16 100
14 64 50 57 M 8 0 0.14 M M 4.9 10 340 M M 7 1 16 340
15 59 42 51 M 14 0 0.00 M M 5.6 12 50 M M 0 1 16 50
16 58 40 49 M 16 0 0.00 M M 7.3 13 40 M M 8 18 40
17 59 45 52 M 13 0 0.00 M M 2.8 7 60 M M 10 M M
18 62 45 54 M 11 0 0.00 M M 6.8 12 70 M M 10 18 70
19 52 43 48 M 17 0 0.12 M M 8.7 13 20 M M 10 1 20 10
20 51 42 47 M 18 0 0.00 M M 4.9 8 60 M M 10 M M
21 47 42 45 M 20 0 0.23 M M 3.9 6 40 M M 10 1 M M
22 53 47 50 M 15 0 0.14 M M 2.0 6 40 M M 10 1 M M
23 64 51 58 M 7 0 0.01 M M 1.8 6 40 M M 10 1 M M
24 72 59 66 M 0 1 0.16 0.0 0 4.7 16 150 M M 10 12 23 150
25 64 54 59 M 6 0 0.26 M M 7.3 13 50 M M 10 3 21 290
26 66 44 55 M 10 0 0.31 M M 10.9 24 300 M M 3 33 300
27 80 37 59 M 6 0 0.00 M M 1.7 6 10 M M 0 M M
28 78 40 59 M 6 0 0.00 M M 4.1 8 160 M M 3 1 M M
29 85 57 71 M 0 6 0.00 0.0 M 2.7 8 190 M M 5 1 M M
30 63 47 55 M 10 0 0.00 0.0 M 10.1 20 30 M M 0 1 27 30
================================================================================
SM 2132 1565 201 107 1.45 0.0 159.0 M 194
================================================================================
AV 71.1 52.2 5.3 FASTST M M 6 MAX(MPH)
MISC ----> 24 300 33 300
================================================================================
NOTES:
# LAST OF SEVERAL OCCURRENCES
COLUMN 17 PEAK WIND IN M.P.H.
PRELIMINARY LOCAL CLIMATOLOGICAL DATA (WS FORM: F-6) , PAGE 2
STATION: PLEASANTON MUNICIPAL AIRPORT
MONTH: NOVEMBER
YEAR: 2022
LATITUDE: 28 57 N
LONGITUDE: 98 31 W
[TEMPERATURE DATA] [PRECIPITATION DATA] SYMBOLS USED IN COLUMN 16
AVERAGE MONTHLY: 61.6 TOTAL FOR MONTH: 1.45 1 = FOG OR MIST
DPTR FM NORMAL: 0.0 DPTR FM NORMAL: M 2 = FOG REDUCING VISIBILITY
HIGHEST: 92 ON 4 GRTST 24HR 0.31 ON 26-26 TO 1/4 MILE OR LESS
LOWEST: 37 ON 27 3 = THUNDER
SNOW, ICE PELLETS, HAIL 4 = ICE PELLETS
TOTAL MONTH: 0.0 INCH 5 = HAIL
GRTST 24HR 0.0 6 = FREEZING RAIN OR DRIZZLE
GRTST DEPTH: 0 7 = DUSTSTORM OR SANDSTORM:
VSBY 1/2 MILE OR LESS
8 = SMOKE OR HAZE
[NO. OF DAYS WITH] [WEATHER - DAYS WITH] 9 = BLOWING SNOW
X = TORNADO
MAX 32 OR BELOW: 0 0.01 INCH OR MORE: 9
MAX 90 OR ABOVE: 1 0.10 INCH OR MORE: 7
MIN 32 OR BELOW: 0 0.50 INCH OR MORE: 0
MIN 0 OR BELOW: 0 1.00 INCH OR MORE: 0
[HDD (BASE 65) ]
TOTAL THIS MO. 201 CLEAR (SCALE 0-3) 7
DPTR FM NORMAL M PTCLDY (SCALE 4-7) 11
TOTAL FM JUL 1 215 CLOUDY (SCALE 8-10) 12
DPTR FM NORMAL M
[CDD (BASE 65) ]
TOTAL THIS MO. 107
DPTR FM NORMAL M [PRESSURE DATA]
TOTAL FM JAN 1 4114 HIGHEST SLP M ON M
DPTR FM NORMAL M LOWEST SLP M ON M
[REMARKS]
#FINAL-11-22#