688
CXUS56 KFGZ 010900
CF6PGA
PRELIMINARY LOCAL CLIMATOLOGICAL DATA (WS FORM: F-6)
STATION: PAGE AZ AIRPORT
MONTH: OCTOBER
YEAR: 2020
LATITUDE: 36 55 N
LONGITUDE: 111 27 W
TEMPERATURE IN F: :PCPN: SNOW: WIND :SUNSHINE: SKY :PK WND
================================================================================
1 2 3 4 5 6A 6B 7 8 9 10 11 12 13 14 15 16 17 18
12Z AVG MX 2MIN
DY MAX MIN AVG DEP HDD CDD WTR SNW DPTH SPD SPD DIR MIN PSBL S-S WX SPD DR
================================================================================
1 88 55 72 6 0 7 0.00 M M 2.4 12 60 M M 0 15 50
2 88 54 71 6 0 6 0.00 M M 3.0 7 360 M M 0 10 70
3 88 57 73 8 0 8 0.00 M M 2.8 8 80 M M 0 10 50
4 90 56 73 9 0 8 0.00 M M 3.9 8 190 M M 0 10 220
5 92 57 75 11 0 10 0.00 M M 3.3 8 60 M M 0 10 80
6 87 55 71 8 0 6 0.00 M M 3.2 9 20 M M 0 14 10
7 86 54 70 7 0 5 0.00 M M 2.8 8 20 M M 0 11 10
8 87 57 72 9 0 7 0.00 M M 3.6 9 50 M M 0 13 360
9 84 59 72 10 0 7 0.00 M M 4.0 9 240 M M 1 13 30
10 86 58 72 10 0 7 0.00 M M 3.7 14 240 M M 0 23 350
11 84 58 71 10 0 6 0.00 M M 6.6 17 330 M M 0 26 280
12 80 51 66 5 0 1 0.00 M M 4.0 12 340 M M 0 18 350
13 84 52 68 8 0 3 0.00 M M 2.6 8 20 M M 0 11 10
14 90 54 72 12 0 7 0.00 M M 4.0 13 270 M M 0 20 280
15 83 60 72 13 0 7 0.00 M M 4.5 12 310 M M 0 16 310
16 75 51 63 4 2 0 0.00 M M 2.3 9 360 M M 0 12 10
17 81 49 65 6 0 0 0.00 M M 3.6 12 360 M M 0 8 16 360
18 86 57 72 14 0 7 0.00 M M 4.2 10 120 M M 0 19 280
19 86 55 71 13 0 6 0.00 M M 2.5 10 270 M M 0 17 270
20 81 54 68 11 0 3 0.00 M M 2.7 9 290 M M 0 13 330
21 82 53 68 11 0 3 0.00 M M 3.7 9 260 M M 0 17 270
22 83 53 68 12 0 3 0.00 M M 4.4 15 290 M M 0 24 270
23 77 52 65 9 0 0 0.00 M M 3.3 12 330 M M 0 8 13 330
24 79 53 66 10 0 1 0.00 M M 4.4 13 280 M M 0 19 300
25 76 38 57 2 8 0 0.03 M M 9.2 23 250 M M 4 18 42 250
26 42 31 37 -18 28 0 0.00 M M 9.8 24 20 M M 3 48 50
27 51 29 40 -14 25 0 0.00 M M 3.0 7 90 M M 0 8 11 80
28 64 34 49 -5 16 0 0.00 0.0 M 2.5 10 30 M M 0 8 14 30
29 66 40 53 0 12 0 0.00 0.0 0 1.6 8 40 M M 0 11 30
30 67 41 54 1 11 0 0.00 0.0 0 2.8 8 50 M M 0 11 50
31 71 42 57 5 8 0 0.00 0.0 0 3.4 9 130 M M 0 11 20
================================================================================
SM 2464 1569 110 118 0.03 0.0 117.8 M 8
================================================================================
AV 79.5 50.6 3.8 FASTST M M 0 MAX(MPH)
MISC ----> # 24 20 # 48 50
================================================================================
NOTES:
# LAST OF SEVERAL OCCURRENCES
COLUMN 17 PEAK WIND IN M.P.H.
PRELIMINARY LOCAL CLIMATOLOGICAL DATA (WS FORM: F-6) , PAGE 2
STATION: PAGE AZ AIRPORT
MONTH: OCTOBER
YEAR: 2020
LATITUDE: 36 55 N
LONGITUDE: 111 27 W
[TEMPERATURE DATA] [PRECIPITATION DATA] SYMBOLS USED IN COLUMN 16
AVERAGE MONTHLY: 65.1 TOTAL FOR MONTH: 0.03 1 = FOG OR MIST
DPTR FM NORMAL: 6.0 DPTR FM NORMAL: -1.01 2 = FOG REDUCING VISIBILITY
HIGHEST: 92 ON 5 GRTST 24HR 0.03 ON 25-25 TO 1/4 MILE OR LESS
LOWEST: 29 ON 27 3 = THUNDER
SNOW, ICE PELLETS, HAIL 4 = ICE PELLETS
TOTAL MONTH: 0.0 INCH 5 = HAIL
GRTST 24HR 0.0 6 = FREEZING RAIN OR DRIZZLE
GRTST DEPTH: 0 7 = DUSTSTORM OR SANDSTORM:
VSBY 1/2 MILE OR LESS
8 = SMOKE OR HAZE
[NO. OF DAYS WITH] [WEATHER - DAYS WITH] 9 = BLOWING SNOW
X = TORNADO
MAX 32 OR BELOW: 0 0.01 INCH OR MORE: 1
MAX 90 OR ABOVE: 3 0.10 INCH OR MORE: 0
MIN 32 OR BELOW: 2 0.50 INCH OR MORE: 0
MIN 0 OR BELOW: 0 1.00 INCH OR MORE: 0
[HDD (BASE 65) ]
TOTAL THIS MO. 110 CLEAR (SCALE 0-3) 29
DPTR FM NORMAL -99 PTCLDY (SCALE 4-7) 2
TOTAL FM JUL 1 124 CLOUDY (SCALE 8-10) 0
DPTR FM NORMAL -103
[CDD (BASE 65) ]
TOTAL THIS MO. 118
DPTR FM NORMAL 96 [PRESSURE DATA]
TOTAL FM JAN 1 2692 HIGHEST SLP M ON M
DPTR FM NORMAL 845 LOWEST SLP 29.53 ON 25
[REMARKS]
#FINAL-10-20#