000
CXUS51 KPBZ 010730
CF6PHD
PRELIMINARY LOCAL CLIMATOLOGICAL DATA (WS FORM: F-6)
STATION: NEW PHILADELPHIA OH
MONTH: APRIL
YEAR: 2021
LATITUDE: 40 28 N
LONGITUDE: 81 25 W
TEMPERATURE IN F: :PCPN: SNOW: WIND :SUNSHINE: SKY :PK WND
================================================================================
1 2 3 4 5 6A 6B 7 8 9 10 11 12 13 14 15 16 17 18
12Z AVG MX 2MIN
DY MAX MIN AVG DEP HDD CDD WTR SNW DPTH SPD SPD DIR MIN PSBL S-S WX SPD DR
================================================================================
1 40 26 33 -13 32 0 T M M 13.3 23 310 M M 9 18 32 320
2 42 22 32 -14 33 0 0.00 M M 6.9 18 330 M M 3 25 320
3 57 21 39 -8 26 0 0.00 M M 5.8 16 170 M M 2 21 200
4 69 34 52 5 13 0 0.00 M M 4.2 15 310 M M 0 20 330
5 73 34 54 6 11 0 0.00 M M 3.0 13 260 M M 3 16 260
6 78 41 60 12 5 0 0.00 M M 2.7 16 210 M M 0 22 210
7 81 47 64 16 1 0 0.00 M M 2.1 9 340 M M 3 11 330
8 82 49 66 17 0 1 0.04 M M 6.7 26 140 M M 3 40 130
9 75 52 64 15 1 0 0.10 M M 5.8 22 290 M M 4 1 30 290
10 80 48 64 15 1 0 0.42 M M 7.7 20 140 M M 3 1 31 190
11 63 52 58 8 7 0 T M M 7.6 22 170 M M 7 29 200
12 57 49 53 3 12 0 0.11 M M 4.5 15 240 M M 10 1 21 230
13 69 41 55 5 10 0 0.00 M M 2.5 13 270 M M 4 12 17 240
14 64 47 56 5 9 0 T M M 4.9 15 290 M M 6 20 290
15 49 41 45 -6 20 0 0.04 M M 8.1 16 290 M M 9 1 23 260
16 50 41 46 -5 19 0 0.00 M M 6.1 13 350 M M 10 17 240
17 58 37 48 -4 17 0 0.00 M M 3.9 15 330 M M 6 19 340
18 61 31 46 -6 19 0 0.02 M M 2.0 13 270 M M 5 12 20 280
19 66 36 51 -1 14 0 0.00 M M 4.4 20 320 M M 6 12 25 330
20 60 37 49 -3 16 0 0.00 M M 7.0 20 350 M M 4 25 350
21 42 31 37 -16 28 0 0.19 M M 8.2 20 330 M M 9 1 25 300
22 49 31 40 -13 25 0 0.00 M M 6.6 16 290 M M 5 26 290
23 60 27 44 -9 21 0 0.00 M M 4.6 15 290 M M 0 23 280
24 59 32 46 -8 19 0 0.02 M M 2.6 13 170 M M 4 21 200
25 62 38 50 -4 15 0 0.00 M M 7.2 21 330 M M 6 1 26 300
26 65 31 48 -6 17 0 0.00 M M 3.6 10 130 M M 0 14 130
27 83 42 63 9 2 0 0.00 M M 6.1 18 200 M M 0 26 200
28 79 55 67 12 0 2 0.12 M M 4.7 15 280 M M 5 13 24 280
29 71 53 62 7 3 0 1.06 M M 7.6 20 220 M M 10 1 29 220
30 57 37 47 -8 18 0 0.02 M M 9.5 24 320 M M 5 33 320
================================================================================
SM 1901 1163 414 3 2.14 M 169.9 M 141
================================================================================
AV 63.4 38.8 5.7 FASTST M M 5 MAX(MPH)
MISC ----> 26 140 40 130
================================================================================
NOTES:
# LAST OF SEVERAL OCCURRENCES
COLUMN 17 PEAK WIND IN M.P.H.
PRELIMINARY LOCAL CLIMATOLOGICAL DATA (WS FORM: F-6) , PAGE 2
STATION: NEW PHILADELPHIA OH
MONTH: APRIL
YEAR: 2021
LATITUDE: 40 28 N
LONGITUDE: 81 25 W
[TEMPERATURE DATA] [PRECIPITATION DATA] SYMBOLS USED IN COLUMN 16
AVERAGE MONTHLY: 51.1 TOTAL FOR MONTH: 2.14 1 = FOG OR MIST
DPTR FM NORMAL: 0.2 DPTR FM NORMAL: -1.29 2 = FOG REDUCING VISIBILITY
HIGHEST: 83 ON 27 GRTST 24HR 1.18 ON 28-29 TO 1/4 MILE OR LESS
LOWEST: 21 ON 3 3 = THUNDER
SNOW, ICE PELLETS, HAIL 4 = ICE PELLETS
TOTAL MONTH: M 5 = HAIL
GRTST 24HR M ON M 6 = FREEZING RAIN OR DRIZZLE
GRTST DEPTH: M ON M 7 = DUSTSTORM OR SANDSTORM:
VSBY 1/2 MILE OR LESS
8 = SMOKE OR HAZE
[NO. OF DAYS WITH] [WEATHER - DAYS WITH] 9 = BLOWING SNOW
X = TORNADO
MAX 32 OR BELOW: 0 0.01 INCH OR MORE: 11
MAX 90 OR ABOVE: 0 0.10 INCH OR MORE: 5
MIN 32 OR BELOW: 9 0.50 INCH OR MORE: 1
MIN 0 OR BELOW: 0 1.00 INCH OR MORE: 1
[HDD (BASE 65) ]
TOTAL THIS MO. 414 CLEAR (SCALE 0-3) 10
DPTR FM NORMAL -15 PTCLDY (SCALE 4-7) 14
TOTAL FM JUL 1 5035 CLOUDY (SCALE 8-10) 6
DPTR FM NORMAL -381
[CDD (BASE 65) ]
TOTAL THIS MO. 3
DPTR FM NORMAL -3 [PRESSURE DATA]
TOTAL FM JAN 1 3 HIGHEST SLP M ON M
DPTR FM NORMAL -4 LOWEST SLP 29.45 ON 11
[REMARKS]
#FINAL-04-21#