000
CXUS51 KPBZ 010730
CF6PHD
PRELIMINARY LOCAL CLIMATOLOGICAL DATA (WS FORM: F-6)
STATION: NEW PHILADELPHIA OH
MONTH: MARCH
YEAR: 2021
LATITUDE: 40 28 N
LONGITUDE: 81 25 W
TEMPERATURE IN F: :PCPN: SNOW: WIND :SUNSHINE: SKY :PK WND
================================================================================
1 2 3 4 5 6A 6B 7 8 9 10 11 12 13 14 15 16 17 18
12Z AVG MX 2MIN
DY MAX MIN AVG DEP HDD CDD WTR SNW DPTH SPD SPD DIR MIN PSBL S-S WX SPD DR
================================================================================
1 58 29 44 9 21 0 0.21 M M 12.9 24 310 M M 8 1 35 310
2 41 21 31 -4 34 0 0.00 M M 5.6 17 320 M M 0 23 330
3 58 24 41 6 24 0 0.00 M M 5.3 16 250 M M 0 22 260
4 42 24 33 -3 32 0 0.00 M M 8.2 21 330 M M 7 1 26 330
5 38 16 27 -9 38 0 0.00 M M 5.5 21 330 M M 0 26 300
6 40 22 31 -5 34 0 0.00 M M 5.8 17 290 M M 0 23 310
7 43 20 32 -4 33 0 0.00 M M 3.5 14 310 M M 2 18 310
8 59 19 39 2 26 0 0.00 M M 5.2 14 210 M M 3 22 230
9 65 34 50 13 15 0 0.00 M M 3.2 14 190 M M 2 20 200
10 70 30 50 12 15 0 0.00 M M 7.8 20 200 M M 0 28 230
11 66 56 61 23 4 0 0.21 M M 9.4 20 220 M M 8 18 29 210
12 58 35 47 9 18 0 0.00 M M 6.9 16 310 M M 1 23 320
13 49 28 39 0 26 0 0.00 M M 2.8 12 320 M M 0 17 300
14 53 26 40 1 25 0 0.00 M M 8.1 22 340 M M 0 31 10
15 43 24 34 -5 31 0 0.01 M M 7.7 15 90 M M 3 21 100
16 61 38 50 10 15 0 T M M 3.7 12 340 M M 6 15 290
17 67 31 49 9 16 0 T M M 2.3 12 150 M M 1 128 17 130
18 51 38 45 4 20 0 1.71 M M 9.1 20 30 M M 10 1 31 40
19 47 30 39 -2 26 0 0.00 M M 8.8 17 10 M M 0 24 10
20 60 24 42 1 23 0 0.00 M M 3.4 10 20 M M 0 15 130
21 65 27 46 4 19 0 0.00 M M 2.5 12 130 M M 0 14 130
22 68 29 49 7 16 0 0.00 M M 2.8 12 120 M M 0 18 130
23 69 33 51 9 14 0 0.00 M M 4.8 16 160 M M 1 21 170
24 74 52 63 20 2 0 T M M 5.8 17 220 M M 3 24 230
25 73 43 58 15 7 0 T M M 4.9 20 180 M M 4 30 170
26 65 49 57 13 8 0 0.01 M M 10.0 33 230 M M 9 3 47 230
27 69 40 55 11 10 0 0.00 M M 4.2 13 180 M M 2 20 210
28 59 37 48 4 17 0 0.46 M M 10.2 26 270 M M 8 1 38 270
29 53 33 43 -2 22 0 0.00 M M 6.0 15 300 M M 3 21 290
30 73 35 54 9 11 0 0.00 M M 9.3 21 180 M M 0 32 190
31 65 40 53 7 12 0 0.31 M M 8.2 20 310 M M 9 1 33 320
================================================================================
SM 1802 987 614 0 2.92 M 193.9 M 90
================================================================================
AV 58.1 31.8 6.3 FASTST M M 3 MAX(MPH)
MISC ----> 33 230 47 230
================================================================================
NOTES:
# LAST OF SEVERAL OCCURRENCES
COLUMN 17 PEAK WIND IN M.P.H.
PRELIMINARY LOCAL CLIMATOLOGICAL DATA (WS FORM: F-6) , PAGE 2
STATION: NEW PHILADELPHIA OH
MONTH: MARCH
YEAR: 2021
LATITUDE: 40 28 N
LONGITUDE: 81 25 W
[TEMPERATURE DATA] [PRECIPITATION DATA] SYMBOLS USED IN COLUMN 16
AVERAGE MONTHLY: 45.0 TOTAL FOR MONTH: 2.92 1 = FOG OR MIST
DPTR FM NORMAL: 5.1 DPTR FM NORMAL: -0.12 2 = FOG REDUCING VISIBILITY
HIGHEST: 74 ON 24 GRTST 24HR 1.71 ON 18-18 TO 1/4 MILE OR LESS
LOWEST: 16 ON 5 3 = THUNDER
SNOW, ICE PELLETS, HAIL 4 = ICE PELLETS
TOTAL MONTH: M 5 = HAIL
GRTST 24HR M ON M 6 = FREEZING RAIN OR DRIZZLE
GRTST DEPTH: M ON M 7 = DUSTSTORM OR SANDSTORM:
VSBY 1/2 MILE OR LESS
8 = SMOKE OR HAZE
[NO. OF DAYS WITH] [WEATHER - DAYS WITH] 9 = BLOWING SNOW
X = TORNADO
MAX 32 OR BELOW: 0 0.01 INCH OR MORE: 7
MAX 90 OR ABOVE: 0 0.10 INCH OR MORE: 5
MIN 32 OR BELOW: 17 0.50 INCH OR MORE: 1
MIN 0 OR BELOW: 0 1.00 INCH OR MORE: 1
[HDD (BASE 65) ]
TOTAL THIS MO. 614 CLEAR (SCALE 0-3) 21
DPTR FM NORMAL -165 PTCLDY (SCALE 4-7) 7
TOTAL FM JUL 1 4621 CLOUDY (SCALE 8-10) 3
DPTR FM NORMAL -364
[CDD (BASE 65) ]
TOTAL THIS MO. 0
DPTR FM NORMAL -1 [PRESSURE DATA]
TOTAL FM JAN 1 0 HIGHEST SLP M ON M
DPTR FM NORMAL -1 LOWEST SLP 29.50 ON 26
[REMARKS]
#FINAL-03-21#