000
CXUS55 KPSR 011023
CLMPHX
CLIMATE REPORT
NATIONAL WEATHER SERVICE PHOENIX AZ
323 AM MST SAT APR 01 2023
...................................
...THE PHOENIX AZ CLIMATE SUMMARY FOR THE MONTH OF MARCH 2023...
CLIMATE NORMAL PERIOD 1991 TO 2020
CLIMATE RECORD PERIOD 1895 TO 2023
WEATHER OBSERVED NORMAL DEPART LAST YEAR`S
VALUE DATE(S) VALUE FROM VALUE
NORMAL
..............................................................
TEMPERATURE (F)
RECORD
HIGH 100 03/26/1988
LOW 25 03/04/1966
HIGHEST 82 03/12 90 -8
03/29
LOWEST 41 03/02 44 -3
AVG. MAXIMUM 72.2 78.1 -5.9
AVG. MINIMUM 51.5 54.5 -3.0
MEAN 61.8 66.3 -4.5
DAYS MAX >= 90 0 2.0 -2.0
DAYS MAX >= 100 0
DAYS MAX >= 110 0
DAYS MIN <= 32 0 0.0 0.0
DAYS MIN >= 90 0
PRECIPITATION (INCHES)
RECORD
MAXIMUM 4.82 1941
MINIMUM 0.00 2016
TOTALS 1.47 0.83 0.64
DAYS >= .01 4 3.1 0.9
DAYS >= .10 2 1.7 0.3
DAYS >= .50 2 0.6 1.4
DAYS >= 1.00 0 0.1 -0.1
GREATEST
24 HR. TOTAL 0.80 03/15 TO 03/16
DEGREE DAYS
HEATING TOTAL 110 65 45
SINCE 7/1 1099 858 241
COOLING TOTAL 20 105 -85
SINCE 1/1 20 123 -103
..............................................................
WIND (MPH)
AVERAGE WIND SPEED 6.7
HIGHEST GUST SPEED/DIRECTION 51/190 DATE 03/01
AVERAGE RH (PERCENT) 44
WEATHER CONDITIONS. NUMBER OF DAYS WITH
THUNDERSTORM 1 HEAVY RAIN 2
RAIN 2 LIGHT RAIN 4
FOG W/VIS <= 1/4 MILE 0
- INDICATES NEGATIVE NUMBERS.
R INDICATES RECORD WAS SET OR TIED.
MM INDICATES DATA IS MISSING.
T INDICATES TRACE AMOUNT.
$$