000
CXUS53 KILX 012300
CF6PIA
PRELIMINARY LOCAL CLIMATOLOGICAL DATA (WS FORM: F-6)
STATION: PEORIA IL
MONTH: JULY
YEAR: 2020
LATITUDE: 40 40 N
LONGITUDE: 89 41 W
TEMPERATURE IN F: :PCPN: SNOW: WIND :SUNSHINE: SKY :PK WND
================================================================================
1 2 3 4 5 6A 6B 7 8 9 10 11 12 13 14 15 16 17 18
12Z AVG MX 2MIN
DY MAX MIN AVG DEP HDD CDD WTR SNW DPTH SPD SPD DIR MIN PSBL S-S WX SPD DR
================================================================================
1 86 70 78 3 0 13 T 0.0 0 5.4 16 90 M M 4 22 120
2 92 72 82 6 0 17 0.00 0.0 0 7.0 14 50 M M 1 20 50
3 93 68 81 5 0 16 0.00 0.0 0 5.0 10 90 M M 1 15 70
4 92 69 81 5 0 16 0.00 0.0 0 2.2 9 50 M M 1 8 13 40
5 95 69 82 6 0 17 0.00 0.0 0 2.1 8 350 M M 1 18 13 340
6 96 71 84 8 0 19 0.00 0.0 0 2.2 8 320 M M 2 12 290
7 95 72 84 8 0 19 0.00 0.0 0 4.1 16 80 M M 1 3 21 70
8 95 72 84 8 0 19 0.00 0.0 0 4.4 18 40 M M 0 3 26 30
9 94 70 82 6 0 17 0.76 0.0 0 9.2 25 290 M M 2 13 37 290
10 88 70 79 3 0 14 T 0.0 0 7.5 18 310 M M 3 28 290
11 93 65 79 3 0 14 0.78 0.0 0 5.9 31 220 M M 2 13 42 220
12 85 64 75 -1 0 10 0.00 0.0 0 5.0 13 350 M M 2 21 340
13 84 63 74 -2 0 9 0.00 0.0 0 3.6 10 180 M M 2 15 180
14 87 66 77 1 0 12 0.00 0.0 0 7.9 18 170 M M 1 24 190
15 77 64 71 -5 0 6 5.19 0.0 0 7.5 22 60 M M 5 13 28 50
16 83 64 74 -2 0 9 0.00 0.0 0 4.7 10 300 M M 4 15 250
17 89 66 78 2 0 13 0.00 0.0 0 5.5 17 170 M M 1 24 170
18 91 72 82 6 0 17 0.00 0.0 0 12.4 20 200 M M 1 28 180
19 86 73 80 4 0 15 0.98 0.0 0 8.5 29 230 M M 1 138 41 220
20 87 68 78 2 0 13 T 0.0 0 3.3 10 40 M M 3 12 40
21 84 69 77 1 0 12 1.11 0.0 0 5.8 17 310 M M 7 123 24 310
22 86 68 77 1 0 12 0.01 0.0 0 4.9 15 270 M M 4 20 280
23 83 64 74 -1 0 9 0.00 0.0 0 3.1 9 320 M M 0 14 30
24 88 64 76 1 0 11 0.00 0.0 0 3.8 8 100 M M 0 12 80
25 90 70 80 5 0 15 0.00 0.0 0 6.3 14 190 M M 1 18 180
26 92 74 83 8 0 18 0.00 0.0 0 8.7 20 230 M M 0 1 24 210
27 86 68 77 2 0 12 T 0.0 0 4.5 13 320 M M 3 19 320
28 87 65 76 1 0 11 0.00 0.0 0 4.6 13 260 M M 0 18 260
29 89 67 78 3 0 13 0.00 0.0 0 5.7 17 240 M M 0 22 240
30 78 69 74 -1 0 9 0.22 0.0 0 6.7 16 50 M M 8 1 25 50
31 83 66 75 0 0 10 0.00 0.0 0 7.1 14 70 M M 1 18 60
================================================================================
SM 2734 2112 0 417 9.05 0.0 174.6 M 62
================================================================================
AV 88.2 68.1 5.6 FASTST M M 2 MAX(MPH)
MISC ----> # 31 220 # 42 220
================================================================================
NOTES:
# LAST OF SEVERAL OCCURRENCES
COLUMN 17 PEAK WIND IN M.P.H.
PRELIMINARY LOCAL CLIMATOLOGICAL DATA (WS FORM: F-6) , PAGE 2
STATION: PEORIA IL
MONTH: JULY
YEAR: 2020
LATITUDE: 40 40 N
LONGITUDE: 89 41 W
[TEMPERATURE DATA] [PRECIPITATION DATA] SYMBOLS USED IN COLUMN 16
AVERAGE MONTHLY: 78.2 TOTAL FOR MONTH: 9.05 1 = FOG OR MIST
DPTR FM NORMAL: 2.7 DPTR FM NORMAL: 5.20 2 = FOG REDUCING VISIBILITY
HIGHEST: 96 ON 6 GRTST 24HR 5.19 ON 15-15 TO 1/4 MILE OR LESS
LOWEST: 63 ON 13 3 = THUNDER
SNOW, ICE PELLETS, HAIL 4 = ICE PELLETS
TOTAL MONTH: 0.0 INCH 5 = HAIL
GRTST 24HR 0.0 6 = FREEZING RAIN OR DRIZZLE
GRTST DEPTH: 0 7 = DUSTSTORM OR SANDSTORM:
VSBY 1/2 MILE OR LESS
8 = SMOKE OR HAZE
[NO. OF DAYS WITH] [WEATHER - DAYS WITH] 9 = BLOWING SNOW
X = TORNADO
MAX 32 OR BELOW: 0 0.01 INCH OR MORE: 7
MAX 90 OR ABOVE: 12 0.10 INCH OR MORE: 6
MIN 32 OR BELOW: 0 0.50 INCH OR MORE: 5
MIN 0 OR BELOW: 0 1.00 INCH OR MORE: 2
[HDD (BASE 65) ]
TOTAL THIS MO. 0 CLEAR (SCALE 0-3) 24
DPTR FM NORMAL -1 PTCLDY (SCALE 4-7) 6
TOTAL FM JUL 1 0 CLOUDY (SCALE 8-10) 1
DPTR FM NORMAL -1
[CDD (BASE 65) ]
TOTAL THIS MO. 417
DPTR FM NORMAL 89 [PRESSURE DATA]
TOTAL FM JAN 1 766 HIGHEST SLP 30.17 ON 24
DPTR FM NORMAL 135 LOWEST SLP 29.71 ON 9
[REMARKS]
#FINAL-07-20#