611
CXUS54 KBRO 031417
CF6PIL
PRELIMINARY LOCAL CLIMATOLOGICAL DATA (WS FORM: F-6)
STATION: BAYVIEW
MONTH: OCTOBER
YEAR: 2020
LATITUDE: 26 10 N
LONGITUDE: 97 20 W
TEMPERATURE IN F: :PCPN: SNOW: WIND :SUNSHINE: SKY :PK WND
================================================================================
1 2 3 4 5 6A 6B 7 8 9 10 11 12 13 14 15 16 17 18
12Z AVG MX 2MIN
DY MAX MIN AVG DEP HDD CDD WTR SNW DPTH SPD SPD DIR MIN PSBL S-S WX SPD DR
================================================================================
1 83 63 73 -7 0 8 0.00 0.0 0 M M M M M 0 M M
2 83 64 74 -5 0 9 0.00 0.0 0 M M M M M 0 M M
3 84 67 76 -3 0 11 0.00 0.0 0 M M M M M 0 M M
4 83 65 74 -5 0 9 0.00 0.0 0 M M M M M 0 M M
5 83 66 75 -4 0 10 0.00 0.0 0 M M M M M 0 M M
6 M M M M M M 0.00 0.0 0 M M M M M 0 M M
7 81 67 74 -4 0 9 M 0.0 0 M M M M M 0 M M
8 81 75 78 0 0 13 0.00 0.0 0 M M M M M 0 M M
9 87 74 81 3 0 16 0.00 0.0 0 M M M M M 0 M M
10 92 76 84 6 0 19 0.00 0.0 0 M M M M M 0 M M
11 89 76 83 5 0 18 M M 0 M M M M M 0 M M
12 89 75 82 5 0 17 0.00 0.0 0 M M M M M 0 M M
13 87 74 81 4 0 16 0.00 0.0 0 M M M M M 0 M M
14 M M M M M M M M 0 M M M M M 0 M M
15 M M M M M M M M 0 M M M M M 0 M M
16 90 73 82 5 0 17 M M 0 M M M M M 0 M M
17 83 63 73 -3 0 8 M M 0 M M M M M 0 M M
18 88 71 80 4 0 15 0.00 0.0 0 M M M M M 0 M M
19 89 75 82 6 0 17 0.00 0.0 0 M M M M M 0 M M
20 87 74 81 5 0 16 0.00 0.0 0 M M M M M 0 M M
21 86 74 80 4 0 15 M 0.0 0 M M M M M 0 M M
22 M M M M M M 0.00 0.0 0 10.6 15 100 M M 1 M M
23 88 74 81 6 0 16 0.00 0.0 0 6.7 16 90 M M 1 20 90
24 77 66 72 -3 0 7 T 0.0 0 11.2 22 30 M M 7 29 40
25 87 73 80 5 0 15 0.00 0.0 0 13.8 23 140 M M 6 29 100
26 88 77 83 8 0 18 T 0.0 0 16.5 26 150 M M 2 34 160
27 78 54 66 -9 0 1 0.00 0.0 0 13.1 23 320 M M 7 31 310
28 70 46 58 -16 7 0 0.04 0.0 0 14.5 28 320 M M 5 1 33 310
29 80 50 65 -9 0 0 T 0.0 0 12.1 33 320 M M 0 40 300
30 72 57 65 -9 0 0 0.00 0.0 0 11.8 20 360 M M 3 26 360
31 78 54 66 -8 0 1 0.00 0.0 0 5.9 14 60 M M 0 17 90
================================================================================
SM 2263 1823 7 301 0.04 0.0 116.2 M 32
================================================================================
AV 83.8 67.5 11.6 FASTST M M 1 MAX(MPH)
MISC ----> # 33 320 # 40 300
================================================================================
NOTES:
# LAST OF SEVERAL OCCURRENCES
COLUMN 17 PEAK WIND IN M.P.H.
PRELIMINARY LOCAL CLIMATOLOGICAL DATA (WS FORM: F-6) , PAGE 2
STATION: BAYVIEW
MONTH: OCTOBER
YEAR: 2020
LATITUDE: 26 10 N
LONGITUDE: 97 20 W
[TEMPERATURE DATA] [PRECIPITATION DATA] SYMBOLS USED IN COLUMN 16
AVERAGE MONTHLY: 75.7 TOTAL FOR MONTH: 0.04 1 = FOG OR MIST
DPTR FM NORMAL: -0.9 DPTR FM NORMAL: -2.87 2 = FOG REDUCING VISIBILITY
HIGHEST: 92 ON 10 GRTST 24HR 0.04 ON 28-28 TO 1/4 MILE OR LESS
LOWEST: 46 ON 28 3 = THUNDER
SNOW, ICE PELLETS, HAIL 4 = ICE PELLETS
TOTAL MONTH: 0.0 INCH 5 = HAIL
GRTST 24HR 0.0 6 = FREEZING RAIN OR DRIZZLE
GRTST DEPTH: 0 7 = DUSTSTORM OR SANDSTORM:
VSBY 1/2 MILE OR LESS
8 = SMOKE OR HAZE
[NO. OF DAYS WITH] [WEATHER - DAYS WITH] 9 = BLOWING SNOW
X = TORNADO
MAX 32 OR BELOW: 0 0.01 INCH OR MORE: 1
MAX 90 OR ABOVE: 2 0.10 INCH OR MORE: 0
MIN 32 OR BELOW: 0 0.50 INCH OR MORE: 0
MIN 0 OR BELOW: 0 1.00 INCH OR MORE: 0
[HDD (BASE 65) ]
TOTAL THIS MO. 7 CLEAR (SCALE 0-3) 27
DPTR FM NORMAL 4 PTCLDY (SCALE 4-7) 4
TOTAL FM JUL 1 7 CLOUDY (SCALE 8-10) 0
DPTR FM NORMAL 4
[CDD (BASE 65) ]
TOTAL THIS MO. 301
DPTR FM NORMAL -63 [PRESSURE DATA]
TOTAL FM JAN 1 3410 HIGHEST SLP 30.29 ON 30
DPTR FM NORMAL -356 LOWEST SLP 29.73 ON 9
[REMARKS]
#FINAL-10-20#