000
CXUS53 KABR 011200
CF6PIR
PRELIMINARY LOCAL CLIMATOLOGICAL DATA (WS FORM: F-6)
STATION: PIERRE SD
MONTH: NOVEMBER
YEAR: 2021
LATITUDE: 44 22 N
LONGITUDE: 100 17 W
TEMPERATURE IN F: :PCPN: SNOW: WIND :SUNSHINE: SKY :PK WND
================================================================================
1 2 3 4 5 6A 6B 7 8 9 10 11 12 13 14 15 16 17 18
12Z AVG MX 2MIN
DY MAX MIN AVG DEP HDD CDD WTR SNW DPTH SPD SPD DIR MIN PSBL S-S WX SPD DR
================================================================================
1 45 18 32 -8 33 0 0.00 0.0 0 6.6 16 300 M M 0 26 330
2 47 14 31 -9 34 0 0.00 0.0 0 5.3 15 120 M M 1 12 19 130
3 51 20 36 -4 29 0 0.00 0.0 0 3.3 9 140 M M 1 1 12 230
4 62 25 44 5 21 0 0.00 0.0 0 4.8 15 120 M M 0 12 21 120
5 69 38 54 15 11 0 0.00 0.0 0 12.3 29 300 M M 0 37 300
6 70 30 50 12 15 0 0.00 0.0 0 4.8 16 130 M M 0 21 130
7 64 36 50 12 15 0 0.00 0.0 0 8.4 20 310 M M 0 26 350
8 48 34 41 4 24 0 0.14 0.0 0 6.0 20 350 M M 7 1 26 360
9 57 38 48 11 17 0 0.00 0.0 0 11.8 25 140 M M 4 33 140
10 52 39 46 10 19 0 0.11 0.0 0 14.5 28 320 M M 4 1 36 330
11 43 31 37 1 28 0 T T 0 33.0 49 320 M M 6 66 320
12 34 16 25 -11 40 0 T T 0 22.9 43 320 M M 6 62 330
13 59 19 39 4 26 0 T 0.0 0 15.5 49 310 M M 5 67 310
14 47 32 40 5 25 0 T 0.0 0 8.7 21 310 M M 5 29 320
15 53 28 41 7 24 0 0.00 0.0 0 5.0 14 130 M M 1 1 17 130
16 70 35 53 19 12 0 0.00 0.0 0 15.7 33 310 M M 3 46 310
17 42 29 36 3 29 0 0.00 0.0 0 28.8 40 300 M M 2 59 320
18 39 20 30 -3 35 0 0.00 0.0 0 11.8 32 320 M M 0 8 42 320
19 48 26 37 5 28 0 0.00 0.0 0 7.0 22 150 M M 3 30 140
20 47 29 38 6 27 0 0.00 0.0 0 6.9 14 30 M M 7 19 40
21 38 19 29 -3 36 0 0.00 0.0 0 10.3 22 320 M M 2 31 340
22 54 19 37 6 28 0 0.00 0.0 0 5.2 12 150 M M 1 15 140
23 59 25 42 11 23 0 0.00 0.0 0 7.9 17 310 M M 0 19 310
24 40 19 30 0 35 0 T T 0 16.5 29 350 M M 5 37 360
25 34 6 20 -10 45 0 0.00 0.0 0 9.2 18 140 M M 3 23 140
26 62 24 43 13 22 0 0.00 0.0 0 6.8 15 240 M M 1 18 250
27 51 23 37 8 28 0 0.00 0.0 0 13.4 25 310 M M 1 33 310
28 51 19 35 6 30 0 0.00 0.0 0 5.0 10 240 M M 2 12 13 130
29 63 40 52 24 13 0 0.00 0.0 0 10.8 26 320 M M 1 36 310
30 54 25 40 12 25 0 0.00 0.0 0 5.2 15 280 M M 1 20 290
================================================================================
SM 1553 776 777 0 0.25 T 323.4 M 72
================================================================================
AV 51.8 25.9 10.8 FASTST M M 2 MAX(MPH)
MISC ----> # 49 320 67 310
================================================================================
NOTES:
# LAST OF SEVERAL OCCURRENCES
COLUMN 17 PEAK WIND IN M.P.H.
PRELIMINARY LOCAL CLIMATOLOGICAL DATA (WS FORM: F-6) , PAGE 2
STATION: PIERRE SD
MONTH: NOVEMBER
YEAR: 2021
LATITUDE: 44 22 N
LONGITUDE: 100 17 W
[TEMPERATURE DATA] [PRECIPITATION DATA] SYMBOLS USED IN COLUMN 16
AVERAGE MONTHLY: 38.8 TOTAL FOR MONTH: 0.25 1 = FOG OR MIST
DPTR FM NORMAL: 4.7 DPTR FM NORMAL: -0.52 2 = FOG REDUCING VISIBILITY
HIGHEST: 70 ON 16, 6 GRTST 24HR 0.14 ON 8- 8 TO 1/4 MILE OR LESS
LOWEST: 6 ON 25 3 = THUNDER
SNOW, ICE PELLETS, HAIL 4 = ICE PELLETS
TOTAL MONTH: T 5 = HAIL
GRTST 24HR T ON 11-11 6 = FREEZING RAIN OR DRIZZLE
GRTST DEPTH: 0 7 = DUSTSTORM OR SANDSTORM:
VSBY 1/2 MILE OR LESS
8 = SMOKE OR HAZE
[NO. OF DAYS WITH] [WEATHER - DAYS WITH] 9 = BLOWING SNOW
X = TORNADO
MAX 32 OR BELOW: 0 0.01 INCH OR MORE: 2
MAX 90 OR ABOVE: 0 0.10 INCH OR MORE: 2
MIN 32 OR BELOW: 23 0.50 INCH OR MORE: 0
MIN 0 OR BELOW: 0 1.00 INCH OR MORE: 0
[HDD (BASE 65) ]
TOTAL THIS MO. 777 CLEAR (SCALE 0-3) 21
DPTR FM NORMAL -151 PTCLDY (SCALE 4-7) 9
TOTAL FM JUL 1 1219 CLOUDY (SCALE 8-10) 0
DPTR FM NORMAL -384
[CDD (BASE 65) ]
TOTAL THIS MO. 0
DPTR FM NORMAL 0 [PRESSURE DATA]
TOTAL FM JAN 1 1179 HIGHEST SLP 30.56 ON 25
DPTR FM NORMAL 343 LOWEST SLP 29.38 ON 16
[REMARKS]
#FINAL-11-21#