000
CXUS51 KPBZ 010730
CF6PIT
PRELIMINARY LOCAL CLIMATOLOGICAL DATA (WS FORM: F-6)
STATION: PITTSBURGH PA
MONTH: MARCH
YEAR: 2020
LATITUDE: 40 30 N
LONGITUDE: 80 13 W
TEMPERATURE IN F: :PCPN: SNOW: WIND :SUNSHINE: SKY :PK WND
================================================================================
1 2 3 4 5 6A 6B 7 8 9 10 11 12 13 14 15 16 17 18
12Z AVG MX 2MIN
DY MAX MIN AVG DEP HDD CDD WTR SNW DPTH SPD SPD DIR MIN PSBL S-S WX SPD DR
================================================================================
1 47 19 33 -1 32 0 0.00 0.0 0 6.2 16 200 M M 4 23 180
2 57 39 48 13 17 0 0.05 0.0 0 10.6 24 210 M M 9 1 32 220
3 56 39 48 13 17 0 0.58 0.0 0 8.6 33 300 M M 9 13 44 280
4 53 34 44 9 21 0 T 0.0 0 10.2 29 290 M M 6 35 250
5 50 25 38 2 27 0 0.00 0.0 0 3.6 14 200 M M 4 17 170
6 41 29 35 -1 30 0 0.06 0.1 0 11.9 29 330 M M 9 14 34 340
7 42 29 36 0 29 0 T T 0 9.2 22 330 M M 5 27 320
8 60 28 44 7 21 0 0.00 0.0 0 6.5 14 210 M M 3 19 200
9 66 46 56 19 9 0 0.00 0.0 0 8.9 21 220 M M 8 30 260
10 61 38 50 13 15 0 0.14 0.0 0 13.1 26 330 M M 10 1 37 210
11 47 37 42 4 23 0 T 0.0 0 3.3 10 130 M M 10 18 12 130
12 64 42 53 15 12 0 T 0.0 0 4.3 17 170 M M 9 1 22 170
13 57 40 49 11 16 0 0.12 0.0 0 14.6 33 300 M M 6 1 38 300
14 44 31 38 -1 27 0 0.16 0.7 0 5.8 14 30 M M 9 1 18 30
15 51 32 42 3 23 0 0.01 0.2 1 6.7 14 10 M M 6 1 17 360
16 47 28 38 -2 27 0 0.07 0.0 0 6.2 17 120 M M 7 20 130
17 45 39 42 2 23 0 0.05 M M 7.1 16 300 M M 10 1 19 300
18 56 28 42 2 23 0 0.75 0.0 0 7.2 23 210 M M 9 1 29 200
19 65 49 57 16 8 0 0.42 0.0 0 7.8 16 190 M M 10 1 24 180
20 72 37 55 14 10 0 0.90 0.0 0 15.9 31 300 M M 10 1 41 310
21 37 29 33 -8 32 0 T T 0 9.3 20 350 M M 10 25 10
22 50 28 39 -3 26 0 T 0.0 0 10.0 21 120 M M 9 28 100
23 48 39 44 2 21 0 0.23 0.0 0 9.9 21 300 M M 10 13 23 300
24 44 37 41 -1 24 0 T 0.0 0 5.7 12 60 M M 10 16 80
25 55 42 49 6 16 0 0.19 0.0 0 5.1 14 90 M M 8 1 19 100
26 68 36 52 9 13 0 0.05 0.0 0 6.1 17 210 M M 6 18 22 200
27 58 49 54 10 11 0 0.17 0.0 0 4.3 10 350 M M 10 1 17 20
28 72 50 61 17 4 0 0.81 0.0 0 4.7 22 100 M M 10 13 30 300
29 77 57 67 22 0 2 0.05 0.0 0 14.8 35 210 M M 6 50 210
30 57 41 49 4 16 0 T 0.0 0 13.2 25 240 M M 8 33 280
31 46 38 42 -3 23 0 0.02 0.0 0 4.9 16 330 M M 10 1 22 20
================================================================================
SM 1693 1135 596 2 4.83 1.0 255.7 M 250
================================================================================
AV 54.6 36.6 8.2 FASTST M M 8 MAX(MPH)
MISC ----> 35 210 50 210
================================================================================
NOTES:
# LAST OF SEVERAL OCCURRENCES
COLUMN 17 PEAK WIND IN M.P.H.
PRELIMINARY LOCAL CLIMATOLOGICAL DATA (WS FORM: F-6) , PAGE 2
STATION: PITTSBURGH PA
MONTH: MARCH
YEAR: 2020
LATITUDE: 40 30 N
LONGITUDE: 80 13 W
[TEMPERATURE DATA] [PRECIPITATION DATA] SYMBOLS USED IN COLUMN 16
AVERAGE MONTHLY: 45.6 TOTAL FOR MONTH: 4.83 1 = FOG OR MIST
DPTR FM NORMAL: 6.0 DPTR FM NORMAL: 1.88 2 = FOG REDUCING VISIBILITY
HIGHEST: 77 ON 29 GRTST 24HR 1.23 ON 19-20 TO 1/4 MILE OR LESS
LOWEST: 19 ON 1 3 = THUNDER
SNOW, ICE PELLETS, HAIL 4 = ICE PELLETS
TOTAL MONTH: 1.0 INCH 5 = HAIL
GRTST 24HR 0.7 ON 14-14 6 = FREEZING RAIN OR DRIZZLE
GRTST DEPTH: 1 ON 15 7 = DUSTSTORM OR SANDSTORM:
VSBY 1/2 MILE OR LESS
8 = SMOKE OR HAZE
[NO. OF DAYS WITH] [WEATHER - DAYS WITH] 9 = BLOWING SNOW
X = TORNADO
MAX 32 OR BELOW: 0 0.01 INCH OR MORE: 19
MAX 90 OR ABOVE: 0 0.10 INCH OR MORE: 11
MIN 32 OR BELOW: 11 0.50 INCH OR MORE: 4
MIN 0 OR BELOW: 0 1.00 INCH OR MORE: 0
[HDD (BASE 65) ]
TOTAL THIS MO. 596 CLEAR (SCALE 0-3) 0
DPTR FM NORMAL -192 PTCLDY (SCALE 4-7) 13
TOTAL FM JUL 1 4451 CLOUDY (SCALE 8-10) 18
DPTR FM NORMAL -590
[CDD (BASE 65) ]
TOTAL THIS MO. 2
DPTR FM NORMAL 1 [PRESSURE DATA]
TOTAL FM JAN 1 2 HIGHEST SLP 30.60 ON 22
DPTR FM NORMAL 1 LOWEST SLP 29.44 ON 3
[REMARKS]
#FINAL-03-20#