000
CXUS56 KLOX 011655
CF6PMD
PRELIMINARY LOCAL CLIMATOLOGICAL DATA (WS FORM: F-6)
STATION: PALMDALE AIRPORT CA
MONTH: JUNE
YEAR: 2020
LATITUDE: 34 37 N
LONGITUDE: 118 5 W
TEMPERATURE IN F: :PCPN: SNOW: WIND :SUNSHINE: SKY :PK WND
================================================================================
1 2 3 4 5 6A 6B 7 8 9 10 11 12 13 14 15 16 17 18
12Z AVG MX 2MIN
DY MAX MIN AVG DEP HDD CDD WTR SNW DPTH SPD SPD DIR MIN PSBL S-S WX SPD DR
================================================================================
1 88 62 75 3 0 10 0.00 0.0 0 7.0 18 240 M M 0 24 230
2 97 59 78 6 0 13 0.00 0.0 0 5.8 20 150 M M 0 28 180
3 102 64 83 11 0 18 0.00 0.0 0 8.3 26 280 M M 0 32 270
4 99 67 83 11 0 18 0.00 0.0 0 11.4 29 220 M M 0 36 220
5 77 57 67 -6 0 2 0.00 0.0 0 19.8 37 220 M M 0 49 210
6 72 56 64 -9 1 0 0.00 0.0 0 23.1 32 220 M M 1 40 210
7 70 51 61 -12 4 0 0.00 0.0 0 21.7 38 280 M M 0 43 280
8 79 45 62 -11 3 0 0.00 0.0 0 11.9 31 50 M M 0 42 40
9 91 46 69 -4 0 4 0.00 0.0 0 7.6 20 40 M M 0 27 50
10 96 55 76 2 0 11 0.00 0.0 0 7.8 23 240 M M 0 26 220
11 97 58 78 4 0 13 0.00 0.0 0 11.2 29 230 M M 0 35 230
12 89 56 73 -1 0 8 0.00 0.0 0 13.6 30 210 M M 0 36 210
13 80 56 68 -6 0 3 0.00 0.0 0 19.9 32 270 M M 0 39 280
14 90 52 71 -3 0 6 0.00 0.0 0 7.9 28 270 M M 0 33 270
15 93 55 74 -1 0 9 0.00 0.0 0 10.0 26 270 M M 0 31 270
16 84 62 73 -2 0 8 0.00 0.0 0 15.3 28 220 M M 0 33 220
17 92 56 74 -1 0 9 0.00 0.0 0 9.3 21 220 M M 0 26 240
18 94 60 77 1 0 12 0.00 0.0 0 8.9 22 210 M M 0 26 210
19 97 62 80 4 0 15 0.00 0.0 0 9.7 24 230 M M 0 29 220
20 99 66 83 7 0 18 0.00 0.0 0 10.7 25 210 M M 0 31 210
21 98 66 82 6 0 17 0.00 0.0 0 11.7 23 240 M M 0 27 240
22 99 64 82 6 0 17 0.00 0.0 0 9.1 23 210 M M 0 30 230
23 101 67 84 7 0 19 0.00 0.0 0 11.5 26 200 M M 0 32 220
24 100 72 86 9 0 21 0.00 0.0 0 11.9 25 210 M M 0 32 230
25 96 72 84 7 0 19 0.00 0.0 0 16.2 29 230 M M 0 38 210
26 101 68 85 8 0 20 0.00 0.0 0 9.3 23 220 M M 0 27 220
27 100 72 86 8 0 21 0.00 0.0 0 16.8 29 210 M M 0 35 220
28 77 59 68 -10 0 3 0.00 0.0 0 21.5 35 210 M M 0 43 220
29 83 56 70 -8 0 5 0.00 0.0 0 14.2 25 240 M M 0 31 250
30 93 54 74 -4 0 9 0.00 0.0 0 9.5 22 230 M M 0 26 240
================================================================================
SM 2734 1795 8 328 0.00 0.0 372.6 M 1
================================================================================
AV 91.1 59.8 12.4 FASTST M M 0 MAX(MPH)
MISC ----> # 38 280 # 49 210
================================================================================
NOTES:
# LAST OF SEVERAL OCCURRENCES
COLUMN 17 PEAK WIND IN M.P.H.
PRELIMINARY LOCAL CLIMATOLOGICAL DATA (WS FORM: F-6) , PAGE 2
STATION: PALMDALE AIRPORT CA
MONTH: JUNE
YEAR: 2020
LATITUDE: 34 37 N
LONGITUDE: 118 5 W
[TEMPERATURE DATA] [PRECIPITATION DATA] SYMBOLS USED IN COLUMN 16
AVERAGE MONTHLY: 75.5 TOTAL FOR MONTH: 0.00 1 = FOG OR MIST
DPTR FM NORMAL: 0.5 DPTR FM NORMAL: -0.09 2 = FOG REDUCING VISIBILITY
HIGHEST: 102 ON 3 GRTST 24HR 0.00 ON 30-30 TO 1/4 MILE OR LESS
LOWEST: 45 ON 8 3 = THUNDER
SNOW, ICE PELLETS, HAIL 4 = ICE PELLETS
TOTAL MONTH: 0.0 INCH 5 = HAIL
GRTST 24HR 0.0 6 = FREEZING RAIN OR DRIZZLE
GRTST DEPTH: 0 7 = DUSTSTORM OR SANDSTORM:
VSBY 1/2 MILE OR LESS
8 = SMOKE OR HAZE
[NO. OF DAYS WITH] [WEATHER - DAYS WITH] 9 = BLOWING SNOW
X = TORNADO
MAX 32 OR BELOW: 0 0.01 INCH OR MORE: 0
MAX 90 OR ABOVE: 20 0.10 INCH OR MORE: 0
MIN 32 OR BELOW: 0 0.50 INCH OR MORE: 0
MIN 0 OR BELOW: 0 1.00 INCH OR MORE: 0
[HDD (BASE 65) ]
TOTAL THIS MO. 8 CLEAR (SCALE 0-3) 30
DPTR FM NORMAL 1 PTCLDY (SCALE 4-7) 0
TOTAL FM JUL 1 2770 CLOUDY (SCALE 8-10) 0
DPTR FM NORMAL -155
[CDD (BASE 65) ]
TOTAL THIS MO. 328
DPTR FM NORMAL 22 [PRESSURE DATA]
TOTAL FM JAN 1 560 HIGHEST SLP M ON M
DPTR FM NORMAL 84 LOWEST SLP 29.72 ON 28
[REMARKS]
#FINAL-06-20#