000
CXUS54 KOUN 010910
CF6PNC
PRELIMINARY LOCAL CLIMATOLOGICAL DATA (WS FORM: F-6)
STATION: PONCA CITY
MONTH: FEBRUARY
YEAR: 2024
LATITUDE: 36 44 N
LONGITUDE: 97 6 W
TEMPERATURE IN F: :PCPN: SNOW: WIND :SUNSHINE: SKY :PK WND
================================================================================
1 2 3 4 5 6A 6B 7 8 9 10 11 12 13 14 15 16 17 18
12Z AVG MX 2MIN
DY MAX MIN AVG DEP HDD CDD WTR SNW DPTH SPD SPD DIR MIN PSBL S-S WX SPD DR
================================================================================
1 76 47 62 25 3 0 0.00 M M 11.9 20 160 M M 1 27 170
2 70 49 60 23 5 0 T M M 13.4 23 160 M M 3 3 29 160
3 59 49 54 17 11 0 0.48 M M 12.6 24 160 M M 8 13 32 140
4 49 43 46 8 19 0 0.14 M M 11.6 21 10 M M 10 1 27 10
5 52 32 42 4 23 0 0.00 0.0 M 8.5 16 360 M M 4 1 22 360
6 61 28 45 7 20 0 0.00 0.0 M 5.3 14 150 M M 2 12 20 170
7 65 45 55 17 10 0 0.00 0.0 M 14.1 29 160 M M 1 37 150
8 68 51 60 22 5 0 0.00 M M 12.2 24 220 M M 1 39 210
9 61 40 51 13 14 0 0.00 M M 6.8 13 210 M M 0 20 180
10 51 37 44 5 21 0 0.00 M M 12.5 21 60 M M 4 27 60
11 45 38 42 3 23 0 0.00 M M 14.7 26 30 M M 9 34 30
12 55 29 42 3 23 0 0.00 M M 5.2 15 360 M M 2 23 340
13 62 27 45 5 20 0 0.00 M M 4.9 18 220 M M 0 27 220
14 70 36 53 13 12 0 0.00 M M 10.1 22 210 M M 0 34 220
15 55 33 44 4 21 0 0.00 M M 9.6 24 360 M M 1 31 360
16 43 29 36 -4 29 0 0.00 M M 19.0 31 20 M M 7 44 340
17 35 20 28 -12 37 0 0.00 M M 9.5 22 20 M M 2 29 360
18 55 18 37 -4 28 0 0.00 M M 5.8 14 210 M M 0 20 220
19 59 32 46 5 19 0 0.00 M M 7.2 21 160 M M 0 27 160
20 75 28 52 11 13 0 0.00 M M 6.7 21 160 M M 0 27 160
21 78 45 62 20 3 0 T M M 5.9 18 170 M M 0 3 27 160
22 71 45 58 16 7 0 0.00 M M 11.2 23 360 M M 0 3 31 360
23 69 31 50 8 15 0 0.00 M M 5.2 16 270 M M 0 30 260
24 71 29 50 7 15 0 0.00 M M 6.1 18 210 M M 0 26 200
25 79 38 59 16 6 0 0.00 M M 2.7 9 200 M M 0 16 210
26 82 38 60 17 5 0 0.00 M M 5.4 13 210 M M 0 20 210
27 86 29 58 14 7 0 0.00 0.0 0 15.7 36 350 M M 3 8 51 250
28 45 21 33 -11 32 0 0.00 M M 8.5 28 360 M M 1 36 360
29 54 26 40 -4 25 0 0.04 M M 9.0 22 220 M M 4 34 220
================================================================================
SM 1801 1013 471 0 0.66 0.0 271.3 M 63
================================================================================
AV 62.1 34.9 9.4 FASTST M M 2 MAX(MPH)
MISC ----> 36 350 51 250
================================================================================
NOTES:
# LAST OF SEVERAL OCCURRENCES
COLUMN 17 PEAK WIND IN M.P.H.
PRELIMINARY LOCAL CLIMATOLOGICAL DATA (WS FORM: F-6) , PAGE 2
STATION: PONCA CITY
MONTH: FEBRUARY
YEAR: 2024
LATITUDE: 36 44 N
LONGITUDE: 97 6 W
[TEMPERATURE DATA] [PRECIPITATION DATA] SYMBOLS USED IN COLUMN 16
AVERAGE MONTHLY: 48.5 TOTAL FOR MONTH: 0.66 1 = FOG OR MIST
DPTR FM NORMAL: 8.4 DPTR FM NORMAL: -0.44 2 = FOG REDUCING VISIBILITY
HIGHEST: 86 ON 27 GRTST 24HR 0.51 ON 3- 4 TO 1/4 MILE OR LESS
LOWEST: 18 ON 18 3 = THUNDER
SNOW, ICE PELLETS, HAIL 4 = ICE PELLETS
TOTAL MONTH: 0.0 INCH 5 = HAIL
GRTST 24HR 0.0 6 = FREEZING RAIN OR DRIZZLE
GRTST DEPTH: 0 7 = DUSTSTORM OR SANDSTORM:
VSBY 1/2 MILE OR LESS
8 = SMOKE OR HAZE
[NO. OF DAYS WITH] [WEATHER - DAYS WITH] 9 = BLOWING SNOW
X = TORNADO
MAX 32 OR BELOW: 0 0.01 INCH OR MORE: 3
MAX 90 OR ABOVE: 0 0.10 INCH OR MORE: 2
MIN 32 OR BELOW: 14 0.50 INCH OR MORE: 0
MIN 0 OR BELOW: 0 1.00 INCH OR MORE: 0
[HDD (BASE 65) ]
TOTAL THIS MO. 471 CLEAR (SCALE 0-3) 20
DPTR FM NORMAL -227 PTCLDY (SCALE 4-7) 6
TOTAL FM JUL 1 2778 CLOUDY (SCALE 8-10) 3
DPTR FM NORMAL -432
[CDD (BASE 65) ]
TOTAL THIS MO. 0
DPTR FM NORMAL -1 [PRESSURE DATA]
TOTAL FM JAN 1 0 HIGHEST SLP 30.55 ON 17
DPTR FM NORMAL -1 LOWEST SLP 29.30 ON 27
[REMARKS]
#FINAL-02-24#