000
CXUS54 KFWD 010731
CF6PRX
PRELIMINARY LOCAL CLIMATOLOGICAL DATA (WS FORM: F-6)
STATION: PARIS
MONTH: JULY
YEAR: 2023
LATITUDE: 33 37 N
LONGITUDE: 95 27 W
TEMPERATURE IN F: :PCPN: SNOW: WIND :SUNSHINE: SKY :PK WND
================================================================================
1 2 3 4 5 6A 6B 7 8 9 10 11 12 13 14 15 16 17 18
12Z AVG MX 2MIN
DY MAX MIN AVG DEP HDD CDD WTR SNW DPTH SPD SPD DIR MIN PSBL S-S WX SPD DR
================================================================================
1 92 76 84 1 0 19 T M M 6.7 13 260 M M 0 18 M M
2 93 71 82 -1 0 17 0.00 M M 6.0 18 190 M M 1 24 190
3 97 71 84 1 0 19 0.27 M M 6.8 22 50 M M 4 3 43 40
4 91 71 81 -3 0 16 0.13 M M 6.4 16 20 M M 3 3 21 170
5 79 74 77 -7 0 12 T M M 5.8 9 190 M M 0 M M
6 91 75 83 -1 0 18 0.07 M M 7.5 10 90 M M 3 8 M M
7 92 73 83 -1 0 18 0.00 M M 8.4 16 200 M M 2 8 24 200
8 93 72 83 -1 0 18 0.79 M M 8.8 23 50 M M 4 13 37 40
9 84 70 77 -7 0 12 0.75 M M 6.0 28 320 M M 5 1238 38 330
10 88 72 80 -4 0 15 0.00 M M 6.3 12 110 M M 5 1 M M
11 90 73 82 -2 0 17 0.12 M M 8.3 28 340 M M 4 13 39 360
12 95 76 86 2 0 21 T M M 8.9 13 170 M M 0 M M
13 94 79 87 3 0 22 0.00 M M 9.6 14 170 M M 0 M M
14 90 77 84 0 0 19 0.54 M M 8.3 15 180 M M 4 3 M M
15 92 76 84 -1 0 19 0.04 M M 6.8 14 300 M M 2 138 M M
16 88 70 79 -6 0 14 0.94 M M 7.3 35 290 M M 2 123 47 290
17 96 70 83 -2 0 18 0.00 M M 6.3 9 190 M M 0 1 M M
18 97 74 86 1 0 21 0.00 M M 9.5 15 180 M M 0 21 200
19 96 78 87 2 0 22 0.00 M M 10.8 15 200 M M 0 21 200
20 95 75 85 0 0 20 0.00 M M 6.9 12 220 M M 0 M M
21 94 76 85 0 0 20 0.00 M M 5.5 13 360 M M 1 8 M M
22 88 72 80 -5 0 15 0.00 M M 7.4 13 340 M M 4 8 16 330
23 93 68 81 -4 0 16 0.00 M M 4.0 8 140 M M 0 8 M M
24 94 69 82 -3 0 17 0.00 M M 5.9 9 150 M M 0 M M
25 97 69 83 -2 0 18 0.00 M M 7.6 13 180 M M 0 M M
26 96 74 85 0 0 20 0.00 M M 8.2 14 220 M M 0 8 20 210
27 96 74 85 -1 0 20 0.00 M M 7.3 14 200 M M 0 8 22 170
28 97 74 86 0 0 21 0.00 M M 6.4 10 180 M M 0 18 M M
29 99 74 87 1 0 22 0.00 M M 5.3 9 240 M M 0 8 M M
30 102 75 89 3 0 24 0.00 M M 3.3 7 250 M M 0 18 M M
31 99 75 87 1 0 22 0.00 M M 6.3 15 110 M M 0 M M
================================================================================
SM 2888 2273 0 572 3.65 M 218.4 M 44
================================================================================
AV 93.2 73.3 7.0 FASTST M M 1 MAX(MPH)
MISC ----> 35 290 47 290
================================================================================
NOTES:
# LAST OF SEVERAL OCCURRENCES
COLUMN 17 PEAK WIND IN M.P.H.
PRELIMINARY LOCAL CLIMATOLOGICAL DATA (WS FORM: F-6) , PAGE 2
STATION: PARIS
MONTH: JULY
YEAR: 2023
LATITUDE: 33 37 N
LONGITUDE: 95 27 W
[TEMPERATURE DATA] [PRECIPITATION DATA] SYMBOLS USED IN COLUMN 16
AVERAGE MONTHLY: 83.2 TOTAL FOR MONTH: 3.65 1 = FOG OR MIST
DPTR FM NORMAL: -1.4 DPTR FM NORMAL: -0.03 2 = FOG REDUCING VISIBILITY
HIGHEST: 102 ON 30 GRTST 24HR 1.63 ON 8- 9 TO 1/4 MILE OR LESS
LOWEST: 68 ON 23 3 = THUNDER
SNOW, ICE PELLETS, HAIL 4 = ICE PELLETS
TOTAL MONTH: M 5 = HAIL
GRTST 24HR M ON M 6 = FREEZING RAIN OR DRIZZLE
GRTST DEPTH: M ON M 7 = DUSTSTORM OR SANDSTORM:
VSBY 1/2 MILE OR LESS
8 = SMOKE OR HAZE
[NO. OF DAYS WITH] [WEATHER - DAYS WITH] 9 = BLOWING SNOW
X = TORNADO
MAX 32 OR BELOW: 0 0.01 INCH OR MORE: 9
MAX 90 OR ABOVE: 26 0.10 INCH OR MORE: 7
MIN 32 OR BELOW: 0 0.50 INCH OR MORE: 4
MIN 0 OR BELOW: 0 1.00 INCH OR MORE: 0
[HDD (BASE 65) ]
TOTAL THIS MO. 0 CLEAR (SCALE 0-3) 24
DPTR FM NORMAL 0 PTCLDY (SCALE 4-7) 7
TOTAL FM JUL 1 0 CLOUDY (SCALE 8-10) 0
DPTR FM NORMAL 0
[CDD (BASE 65) ]
TOTAL THIS MO. 572
DPTR FM NORMAL -36 [PRESSURE DATA]
TOTAL FM JAN 1 1337 HIGHEST SLP 30.13 ON 24
DPTR FM NORMAL -88 LOWEST SLP 29.79 ON 14
[REMARKS]
#FINAL-07-23#