000
CXUS56 KPDT 011810
CF6PSC
PRELIMINARY LOCAL CLIMATOLOGICAL DATA (WS FORM: F-6)
STATION: PASCO WA
MONTH: JULY
YEAR: 2021
LATITUDE: 46 16 N
LONGITUDE: 119 7 W
TEMPERATURE IN F: :PCPN: SNOW: WIND :SUNSHINE: SKY :PK WND
================================================================================
1 2 3 4 5 6A 6B 7 8 9 10 11 12 13 14 15 16 17 18
12Z AVG MX 2MIN
DY MAX MIN AVG DEP HDD CDD WTR SNW DPTH SPD SPD DIR MIN PSBL S-S WX SPD DR
================================================================================
1 99 72 86 15 0 21 0.00 M M 11.9 23 250 M M 0 32 240
2 96 67 82 10 0 17 0.00 M M 7.0 15 200 M M 0 19 210
3 102 61 82 10 0 17 0.00 M M 6.3 13 180 M M 0 17 220
4 101 73 87 15 0 22 0.00 M M 9.4 15 200 M M 0 19 190
5 101 69 85 13 0 20 0.00 M M 6.5 15 100 M M 0 19 190
6 102 58 80 7 0 15 0.00 M M 3.8 10 340 M M 0 18 20
7 99 65 82 9 0 17 0.00 M M 11.5 23 200 M M 0 30 310
8 96 57 77 4 0 12 0.00 M M 5.6 17 290 M M 0 22 290
9 96 62 79 5 0 14 0.00 M M 6.0 14 230 M M 0 18 220
10 103 57 80 6 0 15 0.00 M M 5.1 14 140 M M 0 17 130
11 101 59 80 6 0 15 0.00 M M 3.1 12 320 M M 0 14 320
12 102 57 80 6 0 15 0.00 M M 3.0 14 320 M M 0 8 19 330
13 103 64 84 9 0 19 0.00 M M 3.6 12 200 M M 0 8 14 190
14 105 63 84 9 0 19 0.00 M M 4.8 14 330 M M 0 8 22 310
15 98 66 82 7 0 17 0.00 M M 8.7 20 210 M M 0 24 210
16 93 65 79 4 0 14 0.00 M M 10.9 22 200 M M 0 28 220
17 92 58 75 0 0 10 0.00 M M 5.1 13 100 M M 0 19 210
18 97 64 81 5 0 16 0.00 M M 4.8 12 200 M M 0 15 60
19 94 61 78 2 0 13 0.00 M M 6.0 13 190 M M 0 15 200
20 96 69 83 7 0 18 T M M 7.1 14 190 M M 0 17 210
21 89 66 78 2 0 13 T M M 9.7 22 320 M M 0 3 30 310
22 86 53 70 -6 0 5 0.00 M M 4.3 12 150 M M 0 8 16 150
23 93 54 74 -2 0 9 0.00 M M 3.7 10 120 M M 0 8 15 130
24 98 57 78 2 0 13 0.00 M M 3.4 10 20 M M 0 12 20
25 103 60 82 6 0 17 0.00 M M 3.2 13 310 M M 0 20 250
26 94 59 77 1 0 12 0.00 M M 2.4 9 130 M M 0 12 170
27 83 63 73 -3 0 8 T M M 5.2 18 200 M M 2 23 210
28 96 61 79 3 0 14 0.00 M M 3.7 12 210 M M 0 8 17 220
29 103 60 82 6 0 17 0.00 M M 3.4 8 140 M M 0 8 12 10
30 101 64 83 7 0 18 0.00 M M 8.1 16 340 M M 0 8 21 340
31 105 70 88 12 0 23 T M M 7.8 29 230 M M 1 8 37 240
================================================================================
SM 3027 1934 0 475 T M 185.1 M 3
================================================================================
AV 97.6 62.4 6.0 FASTST M M 0 MAX(MPH)
MISC ----> 29 230 37 240
================================================================================
NOTES:
# LAST OF SEVERAL OCCURRENCES
COLUMN 17 PEAK WIND IN M.P.H.
PRELIMINARY LOCAL CLIMATOLOGICAL DATA (WS FORM: F-6) , PAGE 2
STATION: PASCO WA
MONTH: JULY
YEAR: 2021
LATITUDE: 46 16 N
LONGITUDE: 119 7 W
[TEMPERATURE DATA] [PRECIPITATION DATA] SYMBOLS USED IN COLUMN 16
AVERAGE MONTHLY: 80.0 TOTAL FOR MONTH: T 1 = FOG OR MIST
DPTR FM NORMAL: 5.3 DPTR FM NORMAL: -0.15 2 = FOG REDUCING VISIBILITY
HIGHEST: 105 ON 31,14 GRTST 24HR T ON 20-20 TO 1/4 MILE OR LESS
LOWEST: 53 ON 22 3 = THUNDER
SNOW, ICE PELLETS, HAIL 4 = ICE PELLETS
TOTAL MONTH: M 5 = HAIL
GRTST 24HR M ON M 6 = FREEZING RAIN OR DRIZZLE
GRTST DEPTH: M ON M 7 = DUSTSTORM OR SANDSTORM:
VSBY 1/2 MILE OR LESS
8 = SMOKE OR HAZE
[NO. OF DAYS WITH] [WEATHER - DAYS WITH] 9 = BLOWING SNOW
X = TORNADO
MAX 32 OR BELOW: 0 0.01 INCH OR MORE: 0
MAX 90 OR ABOVE: 28 0.10 INCH OR MORE: 0
MIN 32 OR BELOW: 0 0.50 INCH OR MORE: 0
MIN 0 OR BELOW: 0 1.00 INCH OR MORE: 0
[HDD (BASE 65) ]
TOTAL THIS MO. 0 CLEAR (SCALE 0-3) 31
DPTR FM NORMAL -3 PTCLDY (SCALE 4-7) 0
TOTAL FM JUL 1 0 CLOUDY (SCALE 8-10) 0
DPTR FM NORMAL 0
[CDD (BASE 65) ]
TOTAL THIS MO. 475
DPTR FM NORMAL 171 [PRESSURE DATA]
TOTAL FM JAN 1 867 HIGHEST SLP 30.15 ON 23
DPTR FM NORMAL 404 LOWEST SLP 29.63 ON 1
[REMARKS]
#FINAL-07-21#