000
CXUS55 KALY 010710
CF6PSF
PRELIMINARY LOCAL CLIMATOLOGICAL DATA (WS FORM: F-6)
STATION: PITTSFIELD MA
MONTH: MARCH
YEAR: 2022
LATITUDE: 42 25 N
LONGITUDE: 73 18 W
TEMPERATURE IN F: :PCPN: SNOW: WIND :SUNSHINE: SKY :PK WND
================================================================================
1 2 3 4 5 6A 6B 7 8 9 10 11 12 13 14 15 16 17 18
12Z AVG MX 2MIN
DY MAX MIN AVG DEP HDD CDD WTR SNW DPTH SPD SPD DIR MIN PSBL S-S WX SPD DR
================================================================================
1 37 7 22 -6 43 0 0.06 M M 6.0 20 180 M M 9 1 29 170
2 37 21 29 1 36 0 T M M 8.5 24 280 M M 7 31 290
3 30 13 22 -6 43 0 0.05 M M 15.2 30 280 M M 5 18 38 290
4 27 5 16 -12 49 0 0.00 M M 6.9 18 290 M M 0 25 260
5 39 4 22 -7 43 0 0.00 M M 2.7 13 160 M M 1 19 200
6 62 35 49 20 16 0 0.02 M M 10.7 21 220 M M 6 1 30 310
7 58 35 47 18 18 0 0.61 M M 7.2 45 290 M M 9 12 64 310
8 36 24 30 0 35 0 0.00 M M 17.1 36 290 M M 4 49 290
9 33 23 28 -2 37 0 0.26 M M 1.7 9 190 M M 6 12 14 140
10 41 25 33 3 32 0 0.00 M M 4.0 13 300 M M 3 1 16 330
11 49 21 35 4 30 0 T M M 3.8 14 190 M M 2 18 20 200
12 38 15 27 -4 38 0 0.12 M M 12.9 31 290 M M 9 128 42 290
13 30 15 23 -8 42 0 T M M 14.0 32 290 M M 6 89 44 290
14 45 23 34 2 31 0 0.00 M M 8.4 21 290 M M 4 28 300
15 55 32 44 12 21 0 0.04 M M 3.7 13 240 M M 3 1 19 230
16 58 35 47 15 18 0 0.01 M M 4.6 13 300 M M 4 1 16 300
17 52 30 41 8 24 0 0.02 M M 0.6 6 340 M M 7 12 7 140
18 69 43 56 23 9 0 0.00 M M 2.7 13 260 M M 4 1 17 290
19 57 45 51 18 14 0 0.69 M M 4.8 17 250 M M 8 13 22 320
20 51 35 43 9 22 0 0.03 M M 10.4 22 300 M M 9 1 29 320
21 52 32 42 8 23 0 0.00 M M 15.4 36 270 M M 1 53 270
22 47 27 37 3 28 0 0.00 M M 13.5 29 290 M M 0 40 280
23 47 24 36 1 29 0 0.09 M M 5.6 20 130 M M 4 1 24 130
24 39 32 36 1 29 0 0.45 M M 8.4 16 90 M M 10 16 24 60
25 53 37 45 9 20 0 0.18 M M 7.0 18 270 M M 9 1 21 270
26 46 35 41 5 24 0 0.13 M M 6.1 15 210 M M 10 1 19 200
27 37 19 28 -8 37 0 0.01 M M 14.7 26 300 M M 10 18 37 320
28 24 13 19 -18 46 0 T M M 17.3 32 280 M M 8 8 43 270
29 32 13 23 -14 42 0 0.00 M M 13.7 25 290 M M 1 36 320
30 41 19 30 -7 35 0 0.00 M M 5.7 13 180 M M 3 19 210
31 61 37 49 11 16 0 1.12 M M 9.2 21 200 M M 9 18 32 170
================================================================================
SM 1383 774 930 0 3.89 M 262.5 M 171
================================================================================
AV 44.6 25.0 8.5 FASTST M M 6 MAX(MPH)
MISC ----> 45 290 64 310
================================================================================
NOTES:
# LAST OF SEVERAL OCCURRENCES
COLUMN 17 PEAK WIND IN M.P.H.
PRELIMINARY LOCAL CLIMATOLOGICAL DATA (WS FORM: F-6) , PAGE 2
STATION: PITTSFIELD MA
MONTH: MARCH
YEAR: 2022
LATITUDE: 42 25 N
LONGITUDE: 73 18 W
[TEMPERATURE DATA] [PRECIPITATION DATA] SYMBOLS USED IN COLUMN 16
AVERAGE MONTHLY: 34.8 TOTAL FOR MONTH: 3.89 1 = FOG OR MIST
DPTR FM NORMAL: 2.4 DPTR FM NORMAL: 0.81 2 = FOG REDUCING VISIBILITY
HIGHEST: 69 ON 18 GRTST 24HR 1.12 ON 31-31 TO 1/4 MILE OR LESS
LOWEST: 4 ON 5 3 = THUNDER
SNOW, ICE PELLETS, HAIL 4 = ICE PELLETS
TOTAL MONTH: M 5 = HAIL
GRTST 24HR M ON M 6 = FREEZING RAIN OR DRIZZLE
GRTST DEPTH: M ON M 7 = DUSTSTORM OR SANDSTORM:
VSBY 1/2 MILE OR LESS
8 = SMOKE OR HAZE
[NO. OF DAYS WITH] [WEATHER - DAYS WITH] 9 = BLOWING SNOW
X = TORNADO
MAX 32 OR BELOW: 5 0.01 INCH OR MORE: 17
MAX 90 OR ABOVE: 0 0.10 INCH OR MORE: 8
MIN 32 OR BELOW: 22 0.50 INCH OR MORE: 3
MIN 0 OR BELOW: 0 1.00 INCH OR MORE: 1
[HDD (BASE 65) ]
TOTAL THIS MO. 930 CLEAR (SCALE 0-3) 9
DPTR FM NORMAL -80 PTCLDY (SCALE 4-7) 11
TOTAL FM JUL 1 5792 CLOUDY (SCALE 8-10) 11
DPTR FM NORMAL -419
[CDD (BASE 65) ]
TOTAL THIS MO. 0
DPTR FM NORMAL 0 [PRESSURE DATA]
TOTAL FM JAN 1 0 HIGHEST SLP M ON M
DPTR FM NORMAL 0 LOWEST SLP 29.23 ON 12
[REMARKS]
#FINAL-03-22#