000
CXUS55 KALY 010710
CF6PSF
PRELIMINARY LOCAL CLIMATOLOGICAL DATA (WS FORM: F-6)
STATION: PITTSFIELD MA
MONTH: MAY
YEAR: 2021
LATITUDE: 42 25 N
LONGITUDE: 73 18 W
TEMPERATURE IN F: :PCPN: SNOW: WIND :SUNSHINE: SKY :PK WND
================================================================================
1 2 3 4 5 6A 6B 7 8 9 10 11 12 13 14 15 16 17 18
12Z AVG MX 2MIN
DY MAX MIN AVG DEP HDD CDD WTR SNW DPTH SPD SPD DIR MIN PSBL S-S WX SPD DR
================================================================================
1 52 34 43 -8 22 0 T M M 9.7 24 290 M M 6 1 33 280
2 71 41 56 5 9 0 0.35 M M 6.0 20 250 M M 7 1 26 240
3 65 43 54 2 11 0 0.19 M M 4.0 14 150 M M 8 12 17 190
4 56 50 53 1 12 0 0.65 M M 5.5 12 60 M M 10 1 16 210
5 56 46 51 -1 14 0 0.80 M M 7.2 20 290 M M 10 1 29 290
6 58 42 50 -3 15 0 T M M 12.0 22 300 M M 5 29 310
7 60 36 48 -5 17 0 0.00 M M 5.2 15 140 M M 5 21 140
8 53 41 47 -6 18 0 0.08 M M 4.3 14 260 M M 9 1 16 320
9 58 41 50 -4 15 0 0.07 M M 8.2 17 290 M M 8 1 24 310
10 57 44 51 -3 14 0 0.36 M M 5.3 16 290 M M 9 1 20 280
11 57 41 49 -5 16 0 0.00 M M 13.4 24 290 M M 3 34 270
12 60 40 50 -5 15 0 0.01 M M 9.3 21 280 M M 7 28 270
13 66 34 50 -5 15 0 0.00 M M 4.3 17 320 M M 3 24 290
14 72 35 54 -1 11 0 0.00 M M 4.8 17 300 M M 1 21 280
15 72 39 56 0 9 0 0.00 M M 4.7 20 270 M M 2 24 270
16 74 46 60 4 5 0 T M M 4.9 17 170 M M 4 28 280
17 74 40 57 1 8 0 0.04 M M 3.6 15 260 M M 3 12 21 130
18 77 45 61 5 4 0 0.00 M M 7.1 21 290 M M 1 26 290
19 81 49 65 8 0 0 0.00 M M 4.6 17 360 M M 0 26 320
20 83 50 67 10 0 2 0.00 M M 3.6 13 220 M M 0 1 18 180
21 85 55 70 13 0 5 0.00 M M 2.9 14 290 M M 2 18 330
22 82 60 71 13 0 6 0.00 M M 8.2 21 310 M M 1 29 300
23 79 47 63 5 2 0 0.08 M M 9.6 21 320 M M 7 1 29 290
24 68 41 55 -3 10 0 0.00 M M 5.3 14 220 M M 3 12 20 210
25 76 43 60 2 5 0 0.00 M M 5.9 17 240 M M 1 23 250
26 87 60 74 15 0 9 0.09 M M 5.1 30 290 M M 4 13 41 250
27 69 48 59 0 6 0 0.02 M M 11.1 21 290 M M 3 1 24 300
28 56 40 48 -11 17 0 0.87 M M 5.8 16 60 M M 6 1 20 60
29 46 40 43 -16 22 0 0.23 M M 10.5 20 60 M M 10 1 29 50
30 47 44 46 -14 19 0 0.85 M M 7.8 16 50 M M 10 1 23 40
31 61 44 53 -7 12 0 0.05 M M 5.8 15 290 M M 7 12 21 350
================================================================================
SM 2058 1359 323 22 4.74 M 205.7 M 155
================================================================================
AV 66.4 43.8 6.6 FASTST M M 5 MAX(MPH)
MISC ----> 30 290 41 250
================================================================================
NOTES:
# LAST OF SEVERAL OCCURRENCES
COLUMN 17 PEAK WIND IN M.P.H.
PRELIMINARY LOCAL CLIMATOLOGICAL DATA (WS FORM: F-6) , PAGE 2
STATION: PITTSFIELD MA
MONTH: MAY
YEAR: 2021
LATITUDE: 42 25 N
LONGITUDE: 73 18 W
[TEMPERATURE DATA] [PRECIPITATION DATA] SYMBOLS USED IN COLUMN 16
AVERAGE MONTHLY: 55.1 TOTAL FOR MONTH: 4.74 1 = FOG OR MIST
DPTR FM NORMAL: -0.6 DPTR FM NORMAL: 0.95 2 = FOG REDUCING VISIBILITY
HIGHEST: 87 ON 26 GRTST 24HR 1.19 ON 4- 5 TO 1/4 MILE OR LESS
LOWEST: 34 ON 13, 1 3 = THUNDER
SNOW, ICE PELLETS, HAIL 4 = ICE PELLETS
TOTAL MONTH: M 5 = HAIL
GRTST 24HR M ON M 6 = FREEZING RAIN OR DRIZZLE
GRTST DEPTH: M ON M 7 = DUSTSTORM OR SANDSTORM:
VSBY 1/2 MILE OR LESS
8 = SMOKE OR HAZE
[NO. OF DAYS WITH] [WEATHER - DAYS WITH] 9 = BLOWING SNOW
X = TORNADO
MAX 32 OR BELOW: 0 0.01 INCH OR MORE: 16
MAX 90 OR ABOVE: 0 0.10 INCH OR MORE: 8
MIN 32 OR BELOW: 0 0.50 INCH OR MORE: 4
MIN 0 OR BELOW: 0 1.00 INCH OR MORE: 0
[HDD (BASE 65) ]
TOTAL THIS MO. 323 CLEAR (SCALE 0-3) 11
DPTR FM NORMAL 21 PTCLDY (SCALE 4-7) 14
TOTAL FM JUL 1 6577 CLOUDY (SCALE 8-10) 6
DPTR FM NORMAL -552
[CDD (BASE 65) ]
TOTAL THIS MO. 22
DPTR FM NORMAL 8 [PRESSURE DATA]
TOTAL FM JAN 1 22 HIGHEST SLP M ON M
DPTR FM NORMAL 6 LOWEST SLP 29.59 ON 1
[REMARKS]
#FINAL-05-21#